{"version":"1.0","provider_name":"Colectivo Ecologista Turcon","provider_url":"https:\/\/turcon.es\/wp","author_name":"Laura Fernandez","author_url":"https:\/\/turcon.es\/wp\/author\/admturcon\/","title":"- Colectivo Ecologista Turcon","type":"rich","width":600,"height":338,"html":"<blockquote class=\"wp-embedded-content\" data-secret=\"VVrIITbtG7\"><a href=\"https:\/\/turcon.es\/wp\/8180-2\/\"><\/a><\/blockquote><iframe sandbox=\"allow-scripts\" security=\"restricted\" src=\"https:\/\/turcon.es\/wp\/8180-2\/embed\/#?secret=VVrIITbtG7\" width=\"600\" height=\"338\" title=\"\u00ab\u00bb \u2014 Colectivo Ecologista Turcon\" data-secret=\"VVrIITbtG7\" frameborder=\"0\" marginwidth=\"0\" marginheight=\"0\" scrolling=\"no\" class=\"wp-embedded-content\"><\/iframe><script>\n\/*! This file is auto-generated *\/\n!function(d,l){\"use strict\";l.querySelector&&d.addEventListener&&\"undefined\"!=typeof URL&&(d.wp=d.wp||{},d.wp.receiveEmbedMessage||(d.wp.receiveEmbedMessage=function(e){var t=e.data;if((t||t.secret||t.message||t.value)&&!\/[^a-zA-Z0-9]\/.test(t.secret)){for(var s,r,n,a=l.querySelectorAll('iframe[data-secret=\"'+t.secret+'\"]'),o=l.querySelectorAll('blockquote[data-secret=\"'+t.secret+'\"]'),c=new RegExp(\"^https?:$\",\"i\"),i=0;i<o.length;i++)o[i].style.display=\"none\";for(i=0;i<a.length;i++)s=a[i],e.source===s.contentWindow&&(s.removeAttribute(\"style\"),\"height\"===t.message?(1e3<(r=parseInt(t.value,10))?r=1e3:~~r<200&&(r=200),s.height=r):\"link\"===t.message&&(r=new URL(s.getAttribute(\"src\")),n=new URL(t.value),c.test(n.protocol))&&n.host===r.host&&l.activeElement===s&&(d.top.location.href=t.value))}},d.addEventListener(\"message\",d.wp.receiveEmbedMessage,!1),l.addEventListener(\"DOMContentLoaded\",function(){for(var e,t,s=l.querySelectorAll(\"iframe.wp-embedded-content\"),r=0;r<s.length;r++)(t=(e=s[r]).getAttribute(\"data-secret\"))||(t=Math.random().toString(36).substring(2,12),e.src+=\"#?secret=\"+t,e.setAttribute(\"data-secret\",t)),e.contentWindow.postMessage({message:\"ready\",secret:t},\"*\")},!1)))}(window,document);\n\/\/# sourceURL=https:\/\/turcon.es\/wp\/wp-includes\/js\/wp-embed.min.js\n<\/script>\n","description":"Los pr\u00f3ximos d\u00edas 14 y 15 de abril se celebrar\u00e1n\u00a0 en el municipio de Artenara las Jornadas de Participaci\u00f3n Ciudadana, en el marco del proyecto Gran Canaria, Somos Biosfera. El d\u00eda 20 en Mog\u00e1n tambi\u00e9n habr\u00e1 unas jornadas de Turismo Sostenible. El objetivo de \u00e9stas es divulgar a todos los habitantes y usuarios de la [&hellip;]","thumbnail_url":"https:\/\/turcon.es\/wp\/wp-content\/uploads\/2012\/04\/386658_250275848359917_224457457608423_655489_372900575_n-1.jpg","thumbnail_width":960,"thumbnail_height":654}

Los próximos días 14 y 15 de abril se celebrarán  en el municipio de Artenara las Jornadas de Participación Ciudadana, en el marco del proyecto Gran Canaria, Somos Biosfera. El día 20 en Mogán también habrá unas jornadas de Turismo Sostenible. El objetivo de éstas es divulgar a todos los habitantes y usuarios de la [&hellip;]
