{"version":"1.0","provider_name":"Colectivo Ecologista Turcon","provider_url":"https:\/\/turcon.es\/wp","author_name":"Laura Fernandez","author_url":"https:\/\/turcon.es\/wp\/author\/admturcon\/","title":"TURC\u00d3N-ECOLOGISTAS EN ACCI\u00d3N LLEVAR\u00c1 A LA FISCAL\u00cdA A LA EMPRESA UNELCO-ENDESA-ENEL SI TALA LAS PALMERAS CANARIAS UBICADAS EN LAS MEDIAN\u00cdAS DE TELDE. - Colectivo Ecologista Turcon","type":"rich","width":600,"height":338,"html":"<blockquote class=\"wp-embedded-content\" data-secret=\"CjTnNXHhIE\"><a href=\"https:\/\/turcon.es\/wp\/9104-2\/\">TURC\u00d3N-ECOLOGISTAS EN ACCI\u00d3N LLEVAR\u00c1 A LA FISCAL\u00cdA A LA EMPRESA UNELCO-ENDESA-ENEL SI TALA LAS PALMERAS CANARIAS UBICADAS EN LAS MEDIAN\u00cdAS DE TELDE.<\/a><\/blockquote><iframe sandbox=\"allow-scripts\" security=\"restricted\" src=\"https:\/\/turcon.es\/wp\/9104-2\/embed\/#?secret=CjTnNXHhIE\" width=\"600\" height=\"338\" title=\"\u00abTURC\u00d3N-ECOLOGISTAS EN ACCI\u00d3N LLEVAR\u00c1 A LA FISCAL\u00cdA A LA EMPRESA UNELCO-ENDESA-ENEL SI TALA LAS PALMERAS CANARIAS UBICADAS EN LAS MEDIAN\u00cdAS DE TELDE.\u00bb \u2014 Colectivo Ecologista Turcon\" data-secret=\"CjTnNXHhIE\" frameborder=\"0\" marginwidth=\"0\" marginheight=\"0\" scrolling=\"no\" class=\"wp-embedded-content\"><\/iframe><script>\n\/*! This file is auto-generated *\/\n!function(d,l){\"use strict\";l.querySelector&&d.addEventListener&&\"undefined\"!=typeof URL&&(d.wp=d.wp||{},d.wp.receiveEmbedMessage||(d.wp.receiveEmbedMessage=function(e){var t=e.data;if((t||t.secret||t.message||t.value)&&!\/[^a-zA-Z0-9]\/.test(t.secret)){for(var s,r,n,a=l.querySelectorAll('iframe[data-secret=\"'+t.secret+'\"]'),o=l.querySelectorAll('blockquote[data-secret=\"'+t.secret+'\"]'),c=new RegExp(\"^https?:$\",\"i\"),i=0;i<o.length;i++)o[i].style.display=\"none\";for(i=0;i<a.length;i++)s=a[i],e.source===s.contentWindow&&(s.removeAttribute(\"style\"),\"height\"===t.message?(1e3<(r=parseInt(t.value,10))?r=1e3:~~r<200&&(r=200),s.height=r):\"link\"===t.message&&(r=new URL(s.getAttribute(\"src\")),n=new URL(t.value),c.test(n.protocol))&&n.host===r.host&&l.activeElement===s&&(d.top.location.href=t.value))}},d.addEventListener(\"message\",d.wp.receiveEmbedMessage,!1),l.addEventListener(\"DOMContentLoaded\",function(){for(var e,t,s=l.querySelectorAll(\"iframe.wp-embedded-content\"),r=0;r<s.length;r++)(t=(e=s[r]).getAttribute(\"data-secret\"))||(t=Math.random().toString(36).substring(2,12),e.src+=\"#?secret=\"+t,e.setAttribute(\"data-secret\",t)),e.contentWindow.postMessage({message:\"ready\",secret:t},\"*\")},!1)))}(window,document);\n\/\/# sourceURL=https:\/\/turcon.es\/wp\/wp-includes\/js\/wp-embed.min.js\n<\/script>\n","description":"Turc\u00f3n considera que la empresa el\u00e9ctrica filial de la italiana ENEL est\u00e1 empleando su posici\u00f3n de dominio para expoliar el patrimonio natural de Gran Canaria. Primero fueron los eucaliptos de La Grama, despu\u00e9s los pinares de Las Hoyas-Tamadaba y La Abejerilla-Pozos de la nieve; a continuaci\u00f3n, los retamares y pinares de Los Marteles, y ahora [&hellip;]"}

TURCÓN-ECOLOGISTAS EN ACCIÓN LLEVARÁ A LA FISCALÍA A LA EMPRESA UNELCO-ENDESA-ENEL SI TALA LAS PALMERAS CANARIAS UBICADAS EN LAS MEDIANÍAS DE TELDE. - Colectivo Ecologista Turcon

<blockquote class="wp-embedded-content" data-secret="CjTnNXHhIE"><a href="https://turcon.es/wp/9104-2/">TURCÓN-ECOLOGISTAS EN ACCIÓN LLEVARÁ A LA FISCALÍA A LA EMPRESA UNELCO-ENDESA-ENEL SI TALA LAS PALMERAS CANARIAS UBICADAS EN LAS MEDIANÍAS DE TELDE.</a></blockquote><iframe sandbox="allow-scripts" security="restricted" src="https://turcon.es/wp/9104-2/embed/#?secret=CjTnNXHhIE" width="600" height="338" title="«TURCÓN-ECOLOGISTAS EN ACCIÓN LLEVARÁ A LA FISCALÍA A LA EMPRESA UNELCO-ENDESA-ENEL SI TALA LAS PALMERAS CANARIAS UBICADAS EN LAS MEDIANÍAS DE TELDE.» — Colectivo Ecologista Turcon" data-secret="CjTnNXHhIE" frameborder="0" marginwidth="0" marginheight="0" scrolling="no" class="wp-embedded-content"></iframe><script>
/*! This file is auto-generated */
!function(d,l){"use strict";l.querySelector&&d.addEventListener&&"undefined"!=typeof URL&&(d.wp=d.wp||{},d.wp.receiveEmbedMessage||(d.wp.receiveEmbedMessage=function(e){var t=e.data;if((t||t.secret||t.message||t.value)&&!/[^a-zA-Z0-9]/.test(t.secret)){for(var s,r,n,a=l.querySelectorAll('iframe[data-secret="'+t.secret+'"]'),o=l.querySelectorAll('blockquote[data-secret="'+t.secret+'"]'),c=new RegExp("^https?:$","i"),i=0;i<o.length;i++)o[i].style.display="none";for(i=0;i<a.length;i++)s=a[i],e.source===s.contentWindow&&(s.removeAttribute("style"),"height"===t.message?(1e3<(r=parseInt(t.value,10))?r=1e3:~~r<200&&(r=200),s.height=r):"link"===t.message&&(r=new URL(s.getAttribute("src")),n=new URL(t.value),c.test(n.protocol))&&n.host===r.host&&l.activeElement===s&&(d.top.location.href=t.value))}},d.addEventListener("message",d.wp.receiveEmbedMessage,!1),l.addEventListener("DOMContentLoaded",function(){for(var e,t,s=l.querySelectorAll("iframe.wp-embedded-content"),r=0;r<s.length;r++)(t=(e=s[r]).getAttribute("data-secret"))||(t=Math.random().toString(36).substring(2,12),e.src+="#?secret="+t,e.setAttribute("data-secret",t)),e.contentWindow.postMessage({message:"ready",secret:t},"*")},!1)))}(window,document);
//# sourceURL=https://turcon.es/wp/wp-includes/js/wp-embed.min.js
</script>

Turcón considera que la empresa eléctrica filial de la italiana ENEL está empleando su posición de dominio para expoliar el patrimonio natural de Gran Canaria. Primero fueron los eucaliptos de La Grama, después los pinares de Las Hoyas-Tamadaba y La Abejerilla-Pozos de la nieve; a continuación, los retamares y pinares de Los Marteles, y ahora [&hellip;]
