{"version":"1.0","provider_name":"Colectivo Ecologista Turcon","provider_url":"https:\/\/turcon.es\/wp","author_name":"Laura Fernandez","author_url":"https:\/\/turcon.es\/wp\/author\/admturcon\/","title":"A la sombra de gigantes forestales - Colectivo Ecologista Turcon","type":"rich","width":600,"height":338,"html":"<blockquote class=\"wp-embedded-content\" data-secret=\"mjAFR1dZr8\"><a href=\"https:\/\/turcon.es\/wp\/a-la-sombra-de-gigantes-forestales-2\/\">A la sombra de gigantes forestales<\/a><\/blockquote><iframe sandbox=\"allow-scripts\" security=\"restricted\" src=\"https:\/\/turcon.es\/wp\/a-la-sombra-de-gigantes-forestales-2\/embed\/#?secret=mjAFR1dZr8\" width=\"600\" height=\"338\" title=\"\u00abA la sombra de gigantes forestales\u00bb \u2014 Colectivo Ecologista Turcon\" data-secret=\"mjAFR1dZr8\" frameborder=\"0\" marginwidth=\"0\" marginheight=\"0\" scrolling=\"no\" class=\"wp-embedded-content\"><\/iframe><script>\n\/*! This file is auto-generated *\/\n!function(d,l){\"use strict\";l.querySelector&&d.addEventListener&&\"undefined\"!=typeof URL&&(d.wp=d.wp||{},d.wp.receiveEmbedMessage||(d.wp.receiveEmbedMessage=function(e){var t=e.data;if((t||t.secret||t.message||t.value)&&!\/[^a-zA-Z0-9]\/.test(t.secret)){for(var s,r,n,a=l.querySelectorAll('iframe[data-secret=\"'+t.secret+'\"]'),o=l.querySelectorAll('blockquote[data-secret=\"'+t.secret+'\"]'),c=new RegExp(\"^https?:$\",\"i\"),i=0;i<o.length;i++)o[i].style.display=\"none\";for(i=0;i<a.length;i++)s=a[i],e.source===s.contentWindow&&(s.removeAttribute(\"style\"),\"height\"===t.message?(1e3<(r=parseInt(t.value,10))?r=1e3:~~r<200&&(r=200),s.height=r):\"link\"===t.message&&(r=new URL(s.getAttribute(\"src\")),n=new URL(t.value),c.test(n.protocol))&&n.host===r.host&&l.activeElement===s&&(d.top.location.href=t.value))}},d.addEventListener(\"message\",d.wp.receiveEmbedMessage,!1),l.addEventListener(\"DOMContentLoaded\",function(){for(var e,t,s=l.querySelectorAll(\"iframe.wp-embedded-content\"),r=0;r<s.length;r++)(t=(e=s[r]).getAttribute(\"data-secret\"))||(t=Math.random().toString(36).substring(2,12),e.src+=\"#?secret=\"+t,e.setAttribute(\"data-secret\",t)),e.contentWindow.postMessage({message:\"ready\",secret:t},\"*\")},!1)))}(window,document);\n\/\/# sourceURL=https:\/\/turcon.es\/wp\/wp-includes\/js\/wp-embed.min.js\n<\/script>\n","description":"La ruta se presentaba con buen tiempo. Una zona de mucha umbr\u00eda, donde las nubes cargadas de humedad penetran dejando los caminos muy resbaladizos. Sin embargo, el viento se tom\u00f3 un descanso y el sol ilumin\u00f3 los umbr\u00f3filos pinos canarios. La ruta de Turc\u00f3n se desarroll\u00f3 con normalidad, aderezada con la presencia de numerosos ni\u00f1os [&hellip;]"}

La ruta se presentaba con buen tiempo. Una zona de mucha umbría, donde las nubes cargadas de humedad penetran dejando los caminos muy resbaladizos. Sin embargo, el viento se tomó un descanso y el sol iluminó los umbrófilos pinos canarios. La ruta de Turcón se desarrolló con normalidad, aderezada con la presencia de numerosos niños [&hellip;]
