{"version":"1.0","provider_name":"Colectivo Ecologista Turcon","provider_url":"https:\/\/turcon.es\/wp","author_name":"Laura Fernandez","author_url":"https:\/\/turcon.es\/wp\/author\/admturcon\/","title":"Agricultura anticrisis - Colectivo Ecologista Turcon","type":"rich","width":600,"height":338,"html":"<blockquote class=\"wp-embedded-content\" data-secret=\"vcGIOCCH3P\"><a href=\"https:\/\/turcon.es\/wp\/agricultura-anticrisis\/\">Agricultura anticrisis<\/a><\/blockquote><iframe sandbox=\"allow-scripts\" security=\"restricted\" src=\"https:\/\/turcon.es\/wp\/agricultura-anticrisis\/embed\/#?secret=vcGIOCCH3P\" width=\"600\" height=\"338\" title=\"\u00abAgricultura anticrisis\u00bb \u2014 Colectivo Ecologista Turcon\" data-secret=\"vcGIOCCH3P\" frameborder=\"0\" marginwidth=\"0\" marginheight=\"0\" scrolling=\"no\" class=\"wp-embedded-content\"><\/iframe><script>\n\/*! This file is auto-generated *\/\n!function(d,l){\"use strict\";l.querySelector&&d.addEventListener&&\"undefined\"!=typeof URL&&(d.wp=d.wp||{},d.wp.receiveEmbedMessage||(d.wp.receiveEmbedMessage=function(e){var t=e.data;if((t||t.secret||t.message||t.value)&&!\/[^a-zA-Z0-9]\/.test(t.secret)){for(var s,r,n,a=l.querySelectorAll('iframe[data-secret=\"'+t.secret+'\"]'),o=l.querySelectorAll('blockquote[data-secret=\"'+t.secret+'\"]'),c=new RegExp(\"^https?:$\",\"i\"),i=0;i<o.length;i++)o[i].style.display=\"none\";for(i=0;i<a.length;i++)s=a[i],e.source===s.contentWindow&&(s.removeAttribute(\"style\"),\"height\"===t.message?(1e3<(r=parseInt(t.value,10))?r=1e3:~~r<200&&(r=200),s.height=r):\"link\"===t.message&&(r=new URL(s.getAttribute(\"src\")),n=new URL(t.value),c.test(n.protocol))&&n.host===r.host&&l.activeElement===s&&(d.top.location.href=t.value))}},d.addEventListener(\"message\",d.wp.receiveEmbedMessage,!1),l.addEventListener(\"DOMContentLoaded\",function(){for(var e,t,s=l.querySelectorAll(\"iframe.wp-embedded-content\"),r=0;r<s.length;r++)(t=(e=s[r]).getAttribute(\"data-secret\"))||(t=Math.random().toString(36).substring(2,12),e.src+=\"#?secret=\"+t,e.setAttribute(\"data-secret\",t)),e.contentWindow.postMessage({message:\"ready\",secret:t},\"*\")},!1)))}(window,document);\n\/\/# sourceURL=https:\/\/turcon.es\/wp\/wp-includes\/js\/wp-embed.min.js\n<\/script>\n","description":"GUSTAVO DUCH Texto e ilustraci\u00f3n: Diario P\u00fablico.es El hambre, la peor y la m\u00e1s extendida de las pobrezas, cruel y parad\u00f3jicamente nunca tuvo nada que ver con la falta de alimentos. En los \u00faltimos a\u00f1os, esta afirmaci\u00f3n se presenta con su peor cara. Las crisis alimentarias \u2013las subidas de precio de los alimentos b\u00e1sicos\u2013 han [&hellip;]","thumbnail_url":"http:\/\/blogs.publico.es\/dominiopublico\/files\/2011\/04\/04-22.jpg"}

GUSTAVO DUCH Texto e ilustración: Diario Público.es El hambre, la peor y la más extendida de las pobrezas, cruel y paradójicamente nunca tuvo nada que ver con la falta de alimentos. En los últimos años, esta afirmación se presenta con su peor cara. Las crisis alimentarias –las subidas de precio de los alimentos básicos– han [&hellip;]
