{"version":"1.0","provider_name":"Colectivo Ecologista Turcon","provider_url":"https:\/\/turcon.es\/wp","author_name":"Laura Fernandez","author_url":"https:\/\/turcon.es\/wp\/author\/admturcon\/","title":"Ahora, m\u00e1s que nunca - Colectivo Ecologista Turcon","type":"rich","width":600,"height":338,"html":"<blockquote class=\"wp-embedded-content\" data-secret=\"RXBimS3T2d\"><a href=\"https:\/\/turcon.es\/wp\/ahora-mas-que-nunca\/\">Ahora, m\u00e1s que nunca<\/a><\/blockquote><iframe sandbox=\"allow-scripts\" security=\"restricted\" src=\"https:\/\/turcon.es\/wp\/ahora-mas-que-nunca\/embed\/#?secret=RXBimS3T2d\" width=\"600\" height=\"338\" title=\"\u00abAhora, m\u00e1s que nunca\u00bb \u2014 Colectivo Ecologista Turcon\" data-secret=\"RXBimS3T2d\" frameborder=\"0\" marginwidth=\"0\" marginheight=\"0\" scrolling=\"no\" class=\"wp-embedded-content\"><\/iframe><script>\n\/*! This file is auto-generated *\/\n!function(d,l){\"use strict\";l.querySelector&&d.addEventListener&&\"undefined\"!=typeof URL&&(d.wp=d.wp||{},d.wp.receiveEmbedMessage||(d.wp.receiveEmbedMessage=function(e){var t=e.data;if((t||t.secret||t.message||t.value)&&!\/[^a-zA-Z0-9]\/.test(t.secret)){for(var s,r,n,a=l.querySelectorAll('iframe[data-secret=\"'+t.secret+'\"]'),o=l.querySelectorAll('blockquote[data-secret=\"'+t.secret+'\"]'),c=new RegExp(\"^https?:$\",\"i\"),i=0;i<o.length;i++)o[i].style.display=\"none\";for(i=0;i<a.length;i++)s=a[i],e.source===s.contentWindow&&(s.removeAttribute(\"style\"),\"height\"===t.message?(1e3<(r=parseInt(t.value,10))?r=1e3:~~r<200&&(r=200),s.height=r):\"link\"===t.message&&(r=new URL(s.getAttribute(\"src\")),n=new URL(t.value),c.test(n.protocol))&&n.host===r.host&&l.activeElement===s&&(d.top.location.href=t.value))}},d.addEventListener(\"message\",d.wp.receiveEmbedMessage,!1),l.addEventListener(\"DOMContentLoaded\",function(){for(var e,t,s=l.querySelectorAll(\"iframe.wp-embedded-content\"),r=0;r<s.length;r++)(t=(e=s[r]).getAttribute(\"data-secret\"))||(t=Math.random().toString(36).substring(2,12),e.src+=\"#?secret=\"+t,e.setAttribute(\"data-secret\",t)),e.contentWindow.postMessage({message:\"ready\",secret:t},\"*\")},!1)))}(window,document);\n\/\/# sourceURL=https:\/\/turcon.es\/wp\/wp-includes\/js\/wp-embed.min.js\n<\/script>\n","description":"Ahora, m\u00e1s que nunca, se necesita actuar y dar un fuerte giro de tim\u00f3n hacia un mundo m\u00e1s sostenible. La crisis econ\u00f3mica y financiera ha mostrado la urgencia de remodelar los modelos de producci\u00f3n y consumo actuales: Hay que aprovechar esta coyuntura para introducir los cambios que desde hace a\u00f1os venimos reclamando desde el sector ambiental, para conseguir reducir la huella ecol\u00f3gica de nuestro desarrollo. La crisis nos ha dado la raz\u00f3n. No dejemos escapar esta oportunidad hist\u00f3rica para tomar un nuevo rumbo.","thumbnail_url":"http:\/\/www.conama10.es\/download\/bancorecursos\/adhierete.jpg"}

Ahora, más que nunca - Colectivo Ecologista Turcon

<blockquote class="wp-embedded-content" data-secret="RXBimS3T2d"><a href="https://turcon.es/wp/ahora-mas-que-nunca/">Ahora, más que nunca</a></blockquote><iframe sandbox="allow-scripts" security="restricted" src="https://turcon.es/wp/ahora-mas-que-nunca/embed/#?secret=RXBimS3T2d" width="600" height="338" title="«Ahora, más que nunca» — Colectivo Ecologista Turcon" data-secret="RXBimS3T2d" frameborder="0" marginwidth="0" marginheight="0" scrolling="no" class="wp-embedded-content"></iframe><script>
/*! This file is auto-generated */
!function(d,l){"use strict";l.querySelector&&d.addEventListener&&"undefined"!=typeof URL&&(d.wp=d.wp||{},d.wp.receiveEmbedMessage||(d.wp.receiveEmbedMessage=function(e){var t=e.data;if((t||t.secret||t.message||t.value)&&!/[^a-zA-Z0-9]/.test(t.secret)){for(var s,r,n,a=l.querySelectorAll('iframe[data-secret="'+t.secret+'"]'),o=l.querySelectorAll('blockquote[data-secret="'+t.secret+'"]'),c=new RegExp("^https?:$","i"),i=0;i<o.length;i++)o[i].style.display="none";for(i=0;i<a.length;i++)s=a[i],e.source===s.contentWindow&&(s.removeAttribute("style"),"height"===t.message?(1e3<(r=parseInt(t.value,10))?r=1e3:~~r<200&&(r=200),s.height=r):"link"===t.message&&(r=new URL(s.getAttribute("src")),n=new URL(t.value),c.test(n.protocol))&&n.host===r.host&&l.activeElement===s&&(d.top.location.href=t.value))}},d.addEventListener("message",d.wp.receiveEmbedMessage,!1),l.addEventListener("DOMContentLoaded",function(){for(var e,t,s=l.querySelectorAll("iframe.wp-embedded-content"),r=0;r<s.length;r++)(t=(e=s[r]).getAttribute("data-secret"))||(t=Math.random().toString(36).substring(2,12),e.src+="#?secret="+t,e.setAttribute("data-secret",t)),e.contentWindow.postMessage({message:"ready",secret:t},"*")},!1)))}(window,document);
//# sourceURL=https://turcon.es/wp/wp-includes/js/wp-embed.min.js
</script>

Ahora, más que nunca, se necesita actuar y dar un fuerte giro de timón hacia un mundo más sostenible. La crisis económica y financiera ha mostrado la urgencia de remodelar los modelos de producción y consumo actuales: Hay que aprovechar esta coyuntura para introducir los cambios que desde hace años venimos reclamando desde el sector ambiental, para conseguir reducir la huella ecológica de nuestro desarrollo. La crisis nos ha dado la razón. No dejemos escapar esta oportunidad histórica para tomar un nuevo rumbo.
