{"version":"1.0","provider_name":"Colectivo Ecologista Turcon","provider_url":"https:\/\/turcon.es\/wp","author_name":"Laura Fernandez","author_url":"https:\/\/turcon.es\/wp\/author\/admturcon\/","title":"\u00bfAlimentos para comer o tirar? - Colectivo Ecologista Turcon","type":"rich","width":600,"height":338,"html":"<blockquote class=\"wp-embedded-content\" data-secret=\"aM9iYhPCMv\"><a href=\"https:\/\/turcon.es\/wp\/alimentos-para-comer-o-tirar\/\">\u00bfAlimentos para comer o tirar?<\/a><\/blockquote><iframe sandbox=\"allow-scripts\" security=\"restricted\" src=\"https:\/\/turcon.es\/wp\/alimentos-para-comer-o-tirar\/embed\/#?secret=aM9iYhPCMv\" width=\"600\" height=\"338\" title=\"\u00ab\u00bfAlimentos para comer o tirar?\u00bb \u2014 Colectivo Ecologista Turcon\" data-secret=\"aM9iYhPCMv\" frameborder=\"0\" marginwidth=\"0\" marginheight=\"0\" scrolling=\"no\" class=\"wp-embedded-content\"><\/iframe><script>\n\/*! This file is auto-generated *\/\n!function(d,l){\"use strict\";l.querySelector&&d.addEventListener&&\"undefined\"!=typeof URL&&(d.wp=d.wp||{},d.wp.receiveEmbedMessage||(d.wp.receiveEmbedMessage=function(e){var t=e.data;if((t||t.secret||t.message||t.value)&&!\/[^a-zA-Z0-9]\/.test(t.secret)){for(var s,r,n,a=l.querySelectorAll('iframe[data-secret=\"'+t.secret+'\"]'),o=l.querySelectorAll('blockquote[data-secret=\"'+t.secret+'\"]'),c=new RegExp(\"^https?:$\",\"i\"),i=0;i<o.length;i++)o[i].style.display=\"none\";for(i=0;i<a.length;i++)s=a[i],e.source===s.contentWindow&&(s.removeAttribute(\"style\"),\"height\"===t.message?(1e3<(r=parseInt(t.value,10))?r=1e3:~~r<200&&(r=200),s.height=r):\"link\"===t.message&&(r=new URL(s.getAttribute(\"src\")),n=new URL(t.value),c.test(n.protocol))&&n.host===r.host&&l.activeElement===s&&(d.top.location.href=t.value))}},d.addEventListener(\"message\",d.wp.receiveEmbedMessage,!1),l.addEventListener(\"DOMContentLoaded\",function(){for(var e,t,s=l.querySelectorAll(\"iframe.wp-embedded-content\"),r=0;r<s.length;r++)(t=(e=s[r]).getAttribute(\"data-secret\"))||(t=Math.random().toString(36).substring(2,12),e.src+=\"#?secret=\"+t,e.setAttribute(\"data-secret\",t)),e.contentWindow.postMessage({message:\"ready\",secret:t},\"*\")},!1)))}(window,document);\n\/\/# sourceURL=https:\/\/turcon.es\/wp\/wp-includes\/js\/wp-embed.min.js\n<\/script>\n","description":"Esther Vivas &#8211; www.publico.es Vivimos en el mundo de la abundancia. Hoy se produce m\u00e1s comida que en ning\u00fan otro per\u00edodo en la historia. La producci\u00f3n alimentaria se ha multiplicado por tres desde los a\u00f1os 60, mientras que la poblaci\u00f3n mundial, desde entonces, tan s\u00f3lo se ha duplicado. Hay comida de sobras. Pero 870 millones [&hellip;]","thumbnail_url":"https:\/\/turcon.es\/wp\/wp-content\/uploads\/2013\/01\/esther-vivas.png","thumbnail_width":100,"thumbnail_height":70}

Esther Vivas &#8211; www.publico.es Vivimos en el mundo de la abundancia. Hoy se produce más comida que en ningún otro período en la historia. La producción alimentaria se ha multiplicado por tres desde los años 60, mientras que la población mundial, desde entonces, tan sólo se ha duplicado. Hay comida de sobras. Pero 870 millones [&hellip;]
