{"version":"1.0","provider_name":"Colectivo Ecologista Turcon","provider_url":"https:\/\/turcon.es\/wp","author_name":"Laura Fernandez","author_url":"https:\/\/turcon.es\/wp\/author\/admturcon\/","title":"Animada ruta a la Monta\u00f1a de la Bodeguilla. - Colectivo Ecologista Turcon","type":"rich","width":600,"height":338,"html":"<blockquote class=\"wp-embedded-content\" data-secret=\"aIHGf0mA9K\"><a href=\"https:\/\/turcon.es\/wp\/animada-ruta-a-la-montana-de-la-bodeguilla\/\">Animada ruta a la Monta\u00f1a de la Bodeguilla.<\/a><\/blockquote><iframe sandbox=\"allow-scripts\" security=\"restricted\" src=\"https:\/\/turcon.es\/wp\/animada-ruta-a-la-montana-de-la-bodeguilla\/embed\/#?secret=aIHGf0mA9K\" width=\"600\" height=\"338\" title=\"\u00abAnimada ruta a la Monta\u00f1a de la Bodeguilla.\u00bb \u2014 Colectivo Ecologista Turcon\" data-secret=\"aIHGf0mA9K\" frameborder=\"0\" marginwidth=\"0\" marginheight=\"0\" scrolling=\"no\" class=\"wp-embedded-content\"><\/iframe><script>\n\/*! This file is auto-generated *\/\n!function(d,l){\"use strict\";l.querySelector&&d.addEventListener&&\"undefined\"!=typeof URL&&(d.wp=d.wp||{},d.wp.receiveEmbedMessage||(d.wp.receiveEmbedMessage=function(e){var t=e.data;if((t||t.secret||t.message||t.value)&&!\/[^a-zA-Z0-9]\/.test(t.secret)){for(var s,r,n,a=l.querySelectorAll('iframe[data-secret=\"'+t.secret+'\"]'),o=l.querySelectorAll('blockquote[data-secret=\"'+t.secret+'\"]'),c=new RegExp(\"^https?:$\",\"i\"),i=0;i<o.length;i++)o[i].style.display=\"none\";for(i=0;i<a.length;i++)s=a[i],e.source===s.contentWindow&&(s.removeAttribute(\"style\"),\"height\"===t.message?(1e3<(r=parseInt(t.value,10))?r=1e3:~~r<200&&(r=200),s.height=r):\"link\"===t.message&&(r=new URL(s.getAttribute(\"src\")),n=new URL(t.value),c.test(n.protocol))&&n.host===r.host&&l.activeElement===s&&(d.top.location.href=t.value))}},d.addEventListener(\"message\",d.wp.receiveEmbedMessage,!1),l.addEventListener(\"DOMContentLoaded\",function(){for(var e,t,s=l.querySelectorAll(\"iframe.wp-embedded-content\"),r=0;r<s.length;r++)(t=(e=s[r]).getAttribute(\"data-secret\"))||(t=Math.random().toString(36).substring(2,12),e.src+=\"#?secret=\"+t,e.setAttribute(\"data-secret\",t)),e.contentWindow.postMessage({message:\"ready\",secret:t},\"*\")},!1)))}(window,document);\n\/\/# sourceURL=https:\/\/turcon.es\/wp\/wp-includes\/js\/wp-embed.min.js\n<\/script>\n","description":"Los ni\u00f1os, en total una docena, animaron el itinerario preparado por los gu\u00edas de Turc\u00f3n. La ruta familiar comenz\u00f3 sobre las 10,30 horas en el centro urbano de la Vega de San Mateo, y tras cruzar el barranco de La Higuera, se encaminaron hacia el pueblo de La Bodeguilla y su Monta\u00f1a. El itinerario realizado [&hellip;]","thumbnail_url":"https:\/\/turcon.es\/wp\/wp-content\/uploads\/2013\/11\/sdc16101-scaled.jpg","thumbnail_width":2560,"thumbnail_height":1920}

Animada ruta a la Montaña de la Bodeguilla. - Colectivo Ecologista Turcon

<blockquote class="wp-embedded-content" data-secret="aIHGf0mA9K"><a href="https://turcon.es/wp/animada-ruta-a-la-montana-de-la-bodeguilla/">Animada ruta a la Montaña de la Bodeguilla.</a></blockquote><iframe sandbox="allow-scripts" security="restricted" src="https://turcon.es/wp/animada-ruta-a-la-montana-de-la-bodeguilla/embed/#?secret=aIHGf0mA9K" width="600" height="338" title="«Animada ruta a la Montaña de la Bodeguilla.» — Colectivo Ecologista Turcon" data-secret="aIHGf0mA9K" frameborder="0" marginwidth="0" marginheight="0" scrolling="no" class="wp-embedded-content"></iframe><script>
/*! This file is auto-generated */
!function(d,l){"use strict";l.querySelector&&d.addEventListener&&"undefined"!=typeof URL&&(d.wp=d.wp||{},d.wp.receiveEmbedMessage||(d.wp.receiveEmbedMessage=function(e){var t=e.data;if((t||t.secret||t.message||t.value)&&!/[^a-zA-Z0-9]/.test(t.secret)){for(var s,r,n,a=l.querySelectorAll('iframe[data-secret="'+t.secret+'"]'),o=l.querySelectorAll('blockquote[data-secret="'+t.secret+'"]'),c=new RegExp("^https?:$","i"),i=0;i<o.length;i++)o[i].style.display="none";for(i=0;i<a.length;i++)s=a[i],e.source===s.contentWindow&&(s.removeAttribute("style"),"height"===t.message?(1e3<(r=parseInt(t.value,10))?r=1e3:~~r<200&&(r=200),s.height=r):"link"===t.message&&(r=new URL(s.getAttribute("src")),n=new URL(t.value),c.test(n.protocol))&&n.host===r.host&&l.activeElement===s&&(d.top.location.href=t.value))}},d.addEventListener("message",d.wp.receiveEmbedMessage,!1),l.addEventListener("DOMContentLoaded",function(){for(var e,t,s=l.querySelectorAll("iframe.wp-embedded-content"),r=0;r<s.length;r++)(t=(e=s[r]).getAttribute("data-secret"))||(t=Math.random().toString(36).substring(2,12),e.src+="#?secret="+t,e.setAttribute("data-secret",t)),e.contentWindow.postMessage({message:"ready",secret:t},"*")},!1)))}(window,document);
//# sourceURL=https://turcon.es/wp/wp-includes/js/wp-embed.min.js
</script>

Los niños, en total una docena, animaron el itinerario preparado por los guías de Turcón. La ruta familiar comenzó sobre las 10,30 horas en el centro urbano de la Vega de San Mateo, y tras cruzar el barranco de La Higuera, se encaminaron hacia el pueblo de La Bodeguilla y su Montaña. El itinerario realizado [&hellip;]
