{"version":"1.0","provider_name":"Colectivo Ecologista Turcon","provider_url":"https:\/\/turcon.es\/wp","author_name":"Laura Fernandez","author_url":"https:\/\/turcon.es\/wp\/author\/admturcon\/","title":"Animada ruta la realizada hoy en Arucas. - Colectivo Ecologista Turcon","type":"rich","width":600,"height":338,"html":"<blockquote class=\"wp-embedded-content\" data-secret=\"DrfHMA6sow\"><a href=\"https:\/\/turcon.es\/wp\/animada-ruta-la-realizada-hoy-en-arucas\/\">Animada ruta la realizada hoy en Arucas.<\/a><\/blockquote><iframe sandbox=\"allow-scripts\" security=\"restricted\" src=\"https:\/\/turcon.es\/wp\/animada-ruta-la-realizada-hoy-en-arucas\/embed\/#?secret=DrfHMA6sow\" width=\"600\" height=\"338\" title=\"\u00abAnimada ruta la realizada hoy en Arucas.\u00bb \u2014 Colectivo Ecologista Turcon\" data-secret=\"DrfHMA6sow\" frameborder=\"0\" marginwidth=\"0\" marginheight=\"0\" scrolling=\"no\" class=\"wp-embedded-content\"><\/iframe><script>\n\/*! This file is auto-generated *\/\n!function(d,l){\"use strict\";l.querySelector&&d.addEventListener&&\"undefined\"!=typeof URL&&(d.wp=d.wp||{},d.wp.receiveEmbedMessage||(d.wp.receiveEmbedMessage=function(e){var t=e.data;if((t||t.secret||t.message||t.value)&&!\/[^a-zA-Z0-9]\/.test(t.secret)){for(var s,r,n,a=l.querySelectorAll('iframe[data-secret=\"'+t.secret+'\"]'),o=l.querySelectorAll('blockquote[data-secret=\"'+t.secret+'\"]'),c=new RegExp(\"^https?:$\",\"i\"),i=0;i<o.length;i++)o[i].style.display=\"none\";for(i=0;i<a.length;i++)s=a[i],e.source===s.contentWindow&&(s.removeAttribute(\"style\"),\"height\"===t.message?(1e3<(r=parseInt(t.value,10))?r=1e3:~~r<200&&(r=200),s.height=r):\"link\"===t.message&&(r=new URL(s.getAttribute(\"src\")),n=new URL(t.value),c.test(n.protocol))&&n.host===r.host&&l.activeElement===s&&(d.top.location.href=t.value))}},d.addEventListener(\"message\",d.wp.receiveEmbedMessage,!1),l.addEventListener(\"DOMContentLoaded\",function(){for(var e,t,s=l.querySelectorAll(\"iframe.wp-embedded-content\"),r=0;r<s.length;r++)(t=(e=s[r]).getAttribute(\"data-secret\"))||(t=Math.random().toString(36).substring(2,12),e.src+=\"#?secret=\"+t,e.setAttribute(\"data-secret\",t)),e.contentWindow.postMessage({message:\"ready\",secret:t},\"*\")},!1)))}(window,document);\n\/\/# sourceURL=https:\/\/turcon.es\/wp\/wp-includes\/js\/wp-embed.min.js\n<\/script>\n","description":"El Colectivo Turc\u00f3n llevo a cabo su ruta programa por el Lomo de Riqui\u00e1nez (Arucas). Comenzaron a caminar sobre las 10,30 horas en la entrada de Los Picachos, ascendiendo por su calles hasta enfilar el Lomo de Riqui\u00e1nez que recorrieron en direcci\u00f3n al Barranco de Los Bocarones. All\u00ed buscaron el Horno de Riqui\u00e1nez, es el [&hellip;]","thumbnail_url":"https:\/\/turcon.es\/wp\/wp-content\/uploads\/2014\/03\/p1030656-scaled.jpg","thumbnail_width":2560,"thumbnail_height":1920}

El Colectivo Turcón llevo a cabo su ruta programa por el Lomo de Riquiánez (Arucas). Comenzaron a caminar sobre las 10,30 horas en la entrada de Los Picachos, ascendiendo por su calles hasta enfilar el Lomo de Riquiánez que recorrieron en dirección al Barranco de Los Bocarones. Allí buscaron el Horno de Riquiánez, es el [&hellip;]
