{"version":"1.0","provider_name":"Colectivo Ecologista Turcon","provider_url":"https:\/\/turcon.es\/wp","author_name":"Laura Fernandez","author_url":"https:\/\/turcon.es\/wp\/author\/admturcon\/","title":"A\u00f1o Internacional de la Energ\u00eda Sostenible para Todos - Colectivo Ecologista Turcon","type":"rich","width":600,"height":338,"html":"<blockquote class=\"wp-embedded-content\" data-secret=\"M63tRpwZIP\"><a href=\"https:\/\/turcon.es\/wp\/ano-internacional-de-la-energia-sostenible-para-todos\/\">A\u00f1o Internacional de la Energ\u00eda Sostenible para Todos<\/a><\/blockquote><iframe sandbox=\"allow-scripts\" security=\"restricted\" src=\"https:\/\/turcon.es\/wp\/ano-internacional-de-la-energia-sostenible-para-todos\/embed\/#?secret=M63tRpwZIP\" width=\"600\" height=\"338\" title=\"\u00abA\u00f1o Internacional de la Energ\u00eda Sostenible para Todos\u00bb \u2014 Colectivo Ecologista Turcon\" data-secret=\"M63tRpwZIP\" frameborder=\"0\" marginwidth=\"0\" marginheight=\"0\" scrolling=\"no\" class=\"wp-embedded-content\"><\/iframe><script>\n\/*! This file is auto-generated *\/\n!function(d,l){\"use strict\";l.querySelector&&d.addEventListener&&\"undefined\"!=typeof URL&&(d.wp=d.wp||{},d.wp.receiveEmbedMessage||(d.wp.receiveEmbedMessage=function(e){var t=e.data;if((t||t.secret||t.message||t.value)&&!\/[^a-zA-Z0-9]\/.test(t.secret)){for(var s,r,n,a=l.querySelectorAll('iframe[data-secret=\"'+t.secret+'\"]'),o=l.querySelectorAll('blockquote[data-secret=\"'+t.secret+'\"]'),c=new RegExp(\"^https?:$\",\"i\"),i=0;i<o.length;i++)o[i].style.display=\"none\";for(i=0;i<a.length;i++)s=a[i],e.source===s.contentWindow&&(s.removeAttribute(\"style\"),\"height\"===t.message?(1e3<(r=parseInt(t.value,10))?r=1e3:~~r<200&&(r=200),s.height=r):\"link\"===t.message&&(r=new URL(s.getAttribute(\"src\")),n=new URL(t.value),c.test(n.protocol))&&n.host===r.host&&l.activeElement===s&&(d.top.location.href=t.value))}},d.addEventListener(\"message\",d.wp.receiveEmbedMessage,!1),l.addEventListener(\"DOMContentLoaded\",function(){for(var e,t,s=l.querySelectorAll(\"iframe.wp-embedded-content\"),r=0;r<s.length;r++)(t=(e=s[r]).getAttribute(\"data-secret\"))||(t=Math.random().toString(36).substring(2,12),e.src+=\"#?secret=\"+t,e.setAttribute(\"data-secret\",t)),e.contentWindow.postMessage({message:\"ready\",secret:t},\"*\")},!1)))}(window,document);\n\/\/# sourceURL=https:\/\/turcon.es\/wp\/wp-includes\/js\/wp-embed.min.js\n<\/script>\n","description":"La Asamblea de las Naciones Unidas ha proclamado el a\u00f1o 2012, \u00abA\u00f1o Internacional de la Energ\u00eda Sostenible para Todos\u00bb. La Asamblea, una vez proclamado el A\u00f1o Internacional de la Energ\u00eda Sostenible, alienta a todos los Estados, al Sistema de Naciones Unidas y a todos los dem\u00e1s agentes a adoptar medidas en este sentido. En particular, [&hellip;]","thumbnail_url":"https:\/\/turcon.es\/wp\/wp-content\/uploads\/2012\/02\/dsc03059-1.jpg","thumbnail_width":640,"thumbnail_height":480}

Año Internacional de la Energía Sostenible para Todos - Colectivo Ecologista Turcon

<blockquote class="wp-embedded-content" data-secret="M63tRpwZIP"><a href="https://turcon.es/wp/ano-internacional-de-la-energia-sostenible-para-todos/">Año Internacional de la Energía Sostenible para Todos</a></blockquote><iframe sandbox="allow-scripts" security="restricted" src="https://turcon.es/wp/ano-internacional-de-la-energia-sostenible-para-todos/embed/#?secret=M63tRpwZIP" width="600" height="338" title="«Año Internacional de la Energía Sostenible para Todos» — Colectivo Ecologista Turcon" data-secret="M63tRpwZIP" frameborder="0" marginwidth="0" marginheight="0" scrolling="no" class="wp-embedded-content"></iframe><script>
/*! This file is auto-generated */
!function(d,l){"use strict";l.querySelector&&d.addEventListener&&"undefined"!=typeof URL&&(d.wp=d.wp||{},d.wp.receiveEmbedMessage||(d.wp.receiveEmbedMessage=function(e){var t=e.data;if((t||t.secret||t.message||t.value)&&!/[^a-zA-Z0-9]/.test(t.secret)){for(var s,r,n,a=l.querySelectorAll('iframe[data-secret="'+t.secret+'"]'),o=l.querySelectorAll('blockquote[data-secret="'+t.secret+'"]'),c=new RegExp("^https?:$","i"),i=0;i<o.length;i++)o[i].style.display="none";for(i=0;i<a.length;i++)s=a[i],e.source===s.contentWindow&&(s.removeAttribute("style"),"height"===t.message?(1e3<(r=parseInt(t.value,10))?r=1e3:~~r<200&&(r=200),s.height=r):"link"===t.message&&(r=new URL(s.getAttribute("src")),n=new URL(t.value),c.test(n.protocol))&&n.host===r.host&&l.activeElement===s&&(d.top.location.href=t.value))}},d.addEventListener("message",d.wp.receiveEmbedMessage,!1),l.addEventListener("DOMContentLoaded",function(){for(var e,t,s=l.querySelectorAll("iframe.wp-embedded-content"),r=0;r<s.length;r++)(t=(e=s[r]).getAttribute("data-secret"))||(t=Math.random().toString(36).substring(2,12),e.src+="#?secret="+t,e.setAttribute("data-secret",t)),e.contentWindow.postMessage({message:"ready",secret:t},"*")},!1)))}(window,document);
//# sourceURL=https://turcon.es/wp/wp-includes/js/wp-embed.min.js
</script>

La Asamblea de las Naciones Unidas ha proclamado el año 2012, «Año Internacional de la Energía Sostenible para Todos». La Asamblea, una vez proclamado el Año Internacional de la Energía Sostenible, alienta a todos los Estados, al Sistema de Naciones Unidas y a todos los demás agentes a adoptar medidas en este sentido. En particular, [&hellip;]
