{"version":"1.0","provider_name":"Colectivo Ecologista Turcon","provider_url":"https:\/\/turcon.es\/wp","author_name":"Laura Fernandez","author_url":"https:\/\/turcon.es\/wp\/author\/admturcon\/","title":"\u00c1RBOLES PARA EDUCAR GOBERNANTES - Colectivo Ecologista Turcon","type":"rich","width":600,"height":338,"html":"<blockquote class=\"wp-embedded-content\" data-secret=\"yYnsiqJJw2\"><a href=\"https:\/\/turcon.es\/wp\/arboles-para-educar-gobernantes\/\">\u00c1RBOLES PARA EDUCAR GOBERNANTES<\/a><\/blockquote><iframe sandbox=\"allow-scripts\" security=\"restricted\" src=\"https:\/\/turcon.es\/wp\/arboles-para-educar-gobernantes\/embed\/#?secret=yYnsiqJJw2\" width=\"600\" height=\"338\" title=\"\u00ab\u00c1RBOLES PARA EDUCAR GOBERNANTES\u00bb \u2014 Colectivo Ecologista Turcon\" data-secret=\"yYnsiqJJw2\" frameborder=\"0\" marginwidth=\"0\" marginheight=\"0\" scrolling=\"no\" class=\"wp-embedded-content\"><\/iframe><script>\n\/*! This file is auto-generated *\/\n!function(d,l){\"use strict\";l.querySelector&&d.addEventListener&&\"undefined\"!=typeof URL&&(d.wp=d.wp||{},d.wp.receiveEmbedMessage||(d.wp.receiveEmbedMessage=function(e){var t=e.data;if((t||t.secret||t.message||t.value)&&!\/[^a-zA-Z0-9]\/.test(t.secret)){for(var s,r,n,a=l.querySelectorAll('iframe[data-secret=\"'+t.secret+'\"]'),o=l.querySelectorAll('blockquote[data-secret=\"'+t.secret+'\"]'),c=new RegExp(\"^https?:$\",\"i\"),i=0;i<o.length;i++)o[i].style.display=\"none\";for(i=0;i<a.length;i++)s=a[i],e.source===s.contentWindow&&(s.removeAttribute(\"style\"),\"height\"===t.message?(1e3<(r=parseInt(t.value,10))?r=1e3:~~r<200&&(r=200),s.height=r):\"link\"===t.message&&(r=new URL(s.getAttribute(\"src\")),n=new URL(t.value),c.test(n.protocol))&&n.host===r.host&&l.activeElement===s&&(d.top.location.href=t.value))}},d.addEventListener(\"message\",d.wp.receiveEmbedMessage,!1),l.addEventListener(\"DOMContentLoaded\",function(){for(var e,t,s=l.querySelectorAll(\"iframe.wp-embedded-content\"),r=0;r<s.length;r++)(t=(e=s[r]).getAttribute(\"data-secret\"))||(t=Math.random().toString(36).substring(2,12),e.src+=\"#?secret=\"+t,e.setAttribute(\"data-secret\",t)),e.contentWindow.postMessage({message:\"ready\",secret:t},\"*\")},!1)))}(window,document);\n\/\/# sourceURL=https:\/\/turcon.es\/wp\/wp-includes\/js\/wp-embed.min.js\n<\/script>\n","description":"La Mesa del \u00c1rbol de La Orotava se constituy\u00f3 el pasado 11 de abril y nos remite una carta (art\u00edculo de opini\u00f3n) Ignacio Abella que reproducimos \u00edntegramente. Les hacemos llegar la carta (adjunta) que nos ha enviado el conocido naturalista Ignacio Abella solidariz\u00e1ndose con la reci\u00e9n\u00a0creada Mesa del \u00c1rbol de La Orotava.\u00a0 Constituci\u00f3n de la [&hellip;]","thumbnail_url":"https:\/\/turcon.es\/wp\/wp-content\/uploads\/2013\/10\/noticias_ambientales20wince.png","thumbnail_width":240,"thumbnail_height":200}

ÁRBOLES PARA EDUCAR GOBERNANTES - Colectivo Ecologista Turcon

<blockquote class="wp-embedded-content" data-secret="yYnsiqJJw2"><a href="https://turcon.es/wp/arboles-para-educar-gobernantes/">ÁRBOLES PARA EDUCAR GOBERNANTES</a></blockquote><iframe sandbox="allow-scripts" security="restricted" src="https://turcon.es/wp/arboles-para-educar-gobernantes/embed/#?secret=yYnsiqJJw2" width="600" height="338" title="«ÁRBOLES PARA EDUCAR GOBERNANTES» — Colectivo Ecologista Turcon" data-secret="yYnsiqJJw2" frameborder="0" marginwidth="0" marginheight="0" scrolling="no" class="wp-embedded-content"></iframe><script>
/*! This file is auto-generated */
!function(d,l){"use strict";l.querySelector&&d.addEventListener&&"undefined"!=typeof URL&&(d.wp=d.wp||{},d.wp.receiveEmbedMessage||(d.wp.receiveEmbedMessage=function(e){var t=e.data;if((t||t.secret||t.message||t.value)&&!/[^a-zA-Z0-9]/.test(t.secret)){for(var s,r,n,a=l.querySelectorAll('iframe[data-secret="'+t.secret+'"]'),o=l.querySelectorAll('blockquote[data-secret="'+t.secret+'"]'),c=new RegExp("^https?:$","i"),i=0;i<o.length;i++)o[i].style.display="none";for(i=0;i<a.length;i++)s=a[i],e.source===s.contentWindow&&(s.removeAttribute("style"),"height"===t.message?(1e3<(r=parseInt(t.value,10))?r=1e3:~~r<200&&(r=200),s.height=r):"link"===t.message&&(r=new URL(s.getAttribute("src")),n=new URL(t.value),c.test(n.protocol))&&n.host===r.host&&l.activeElement===s&&(d.top.location.href=t.value))}},d.addEventListener("message",d.wp.receiveEmbedMessage,!1),l.addEventListener("DOMContentLoaded",function(){for(var e,t,s=l.querySelectorAll("iframe.wp-embedded-content"),r=0;r<s.length;r++)(t=(e=s[r]).getAttribute("data-secret"))||(t=Math.random().toString(36).substring(2,12),e.src+="#?secret="+t,e.setAttribute("data-secret",t)),e.contentWindow.postMessage({message:"ready",secret:t},"*")},!1)))}(window,document);
//# sourceURL=https://turcon.es/wp/wp-includes/js/wp-embed.min.js
</script>

La Mesa del Árbol de La Orotava se constituyó el pasado 11 de abril y nos remite una carta (artículo de opinión) Ignacio Abella que reproducimos íntegramente. Les hacemos llegar la carta (adjunta) que nos ha enviado el conocido naturalista Ignacio Abella solidarizándose con la recién creada Mesa del Árbol de La Orotava.  Constitución de la [&hellip;]
