{"version":"1.0","provider_name":"Colectivo Ecologista Turcon","provider_url":"https:\/\/turcon.es\/wp","author_name":"Laura Fernandez","author_url":"https:\/\/turcon.es\/wp\/author\/admturcon\/","title":"Balance de actividades del a\u00f1o 2010. Ben Magec - Colectivo Ecologista Turcon","type":"rich","width":600,"height":338,"html":"<blockquote class=\"wp-embedded-content\" data-secret=\"lcCUl3sHeb\"><a href=\"https:\/\/turcon.es\/wp\/balance-de-actividades-del-ano-2010-ben-magec\/\">Balance de actividades del a\u00f1o 2010. Ben Magec<\/a><\/blockquote><iframe sandbox=\"allow-scripts\" security=\"restricted\" src=\"https:\/\/turcon.es\/wp\/balance-de-actividades-del-ano-2010-ben-magec\/embed\/#?secret=lcCUl3sHeb\" width=\"600\" height=\"338\" title=\"\u00abBalance de actividades del a\u00f1o 2010. Ben Magec\u00bb \u2014 Colectivo Ecologista Turcon\" data-secret=\"lcCUl3sHeb\" frameborder=\"0\" marginwidth=\"0\" marginheight=\"0\" scrolling=\"no\" class=\"wp-embedded-content\"><\/iframe><script>\n\/*! This file is auto-generated *\/\n!function(d,l){\"use strict\";l.querySelector&&d.addEventListener&&\"undefined\"!=typeof URL&&(d.wp=d.wp||{},d.wp.receiveEmbedMessage||(d.wp.receiveEmbedMessage=function(e){var t=e.data;if((t||t.secret||t.message||t.value)&&!\/[^a-zA-Z0-9]\/.test(t.secret)){for(var s,r,n,a=l.querySelectorAll('iframe[data-secret=\"'+t.secret+'\"]'),o=l.querySelectorAll('blockquote[data-secret=\"'+t.secret+'\"]'),c=new RegExp(\"^https?:$\",\"i\"),i=0;i<o.length;i++)o[i].style.display=\"none\";for(i=0;i<a.length;i++)s=a[i],e.source===s.contentWindow&&(s.removeAttribute(\"style\"),\"height\"===t.message?(1e3<(r=parseInt(t.value,10))?r=1e3:~~r<200&&(r=200),s.height=r):\"link\"===t.message&&(r=new URL(s.getAttribute(\"src\")),n=new URL(t.value),c.test(n.protocol))&&n.host===r.host&&l.activeElement===s&&(d.top.location.href=t.value))}},d.addEventListener(\"message\",d.wp.receiveEmbedMessage,!1),l.addEventListener(\"DOMContentLoaded\",function(){for(var e,t,s=l.querySelectorAll(\"iframe.wp-embedded-content\"),r=0;r<s.length;r++)(t=(e=s[r]).getAttribute(\"data-secret\"))||(t=Math.random().toString(36).substring(2,12),e.src+=\"#?secret=\"+t,e.setAttribute(\"data-secret\",t)),e.contentWindow.postMessage({message:\"ready\",secret:t},\"*\")},!1)))}(window,document);\n\/\/# sourceURL=https:\/\/turcon.es\/wp\/wp-includes\/js\/wp-embed.min.js\n<\/script>\n","description":"Durante todo el a\u00f1o 2010, Ben Magec-Ecologistas en Acci\u00f3n desarroll\u00f3 una intensa actividad a favor de la naturaleza, y especialmente en defensa de la biodiversidad canaria. Balance de actividades 2010 Adjunto, te hacemos llegar un documento con el balance de todas las actividades desarrolladas por la Federaci\u00f3n en el 2010. En \u00e9l se resumen las [&hellip;]","thumbnail_url":"http:\/\/www.ecologistasenaccion.org\/local\/cache-vignettes\/L52xH52\/pdf-eb697.png"}

Balance de actividades del año 2010. Ben Magec - Colectivo Ecologista Turcon

<blockquote class="wp-embedded-content" data-secret="lcCUl3sHeb"><a href="https://turcon.es/wp/balance-de-actividades-del-ano-2010-ben-magec/">Balance de actividades del año 2010. Ben Magec</a></blockquote><iframe sandbox="allow-scripts" security="restricted" src="https://turcon.es/wp/balance-de-actividades-del-ano-2010-ben-magec/embed/#?secret=lcCUl3sHeb" width="600" height="338" title="«Balance de actividades del año 2010. Ben Magec» — Colectivo Ecologista Turcon" data-secret="lcCUl3sHeb" frameborder="0" marginwidth="0" marginheight="0" scrolling="no" class="wp-embedded-content"></iframe><script>
/*! This file is auto-generated */
!function(d,l){"use strict";l.querySelector&&d.addEventListener&&"undefined"!=typeof URL&&(d.wp=d.wp||{},d.wp.receiveEmbedMessage||(d.wp.receiveEmbedMessage=function(e){var t=e.data;if((t||t.secret||t.message||t.value)&&!/[^a-zA-Z0-9]/.test(t.secret)){for(var s,r,n,a=l.querySelectorAll('iframe[data-secret="'+t.secret+'"]'),o=l.querySelectorAll('blockquote[data-secret="'+t.secret+'"]'),c=new RegExp("^https?:$","i"),i=0;i<o.length;i++)o[i].style.display="none";for(i=0;i<a.length;i++)s=a[i],e.source===s.contentWindow&&(s.removeAttribute("style"),"height"===t.message?(1e3<(r=parseInt(t.value,10))?r=1e3:~~r<200&&(r=200),s.height=r):"link"===t.message&&(r=new URL(s.getAttribute("src")),n=new URL(t.value),c.test(n.protocol))&&n.host===r.host&&l.activeElement===s&&(d.top.location.href=t.value))}},d.addEventListener("message",d.wp.receiveEmbedMessage,!1),l.addEventListener("DOMContentLoaded",function(){for(var e,t,s=l.querySelectorAll("iframe.wp-embedded-content"),r=0;r<s.length;r++)(t=(e=s[r]).getAttribute("data-secret"))||(t=Math.random().toString(36).substring(2,12),e.src+="#?secret="+t,e.setAttribute("data-secret",t)),e.contentWindow.postMessage({message:"ready",secret:t},"*")},!1)))}(window,document);
//# sourceURL=https://turcon.es/wp/wp-includes/js/wp-embed.min.js
</script>

Durante todo el año 2010, Ben Magec-Ecologistas en Acción desarrolló una intensa actividad a favor de la naturaleza, y especialmente en defensa de la biodiversidad canaria. Balance de actividades 2010 Adjunto, te hacemos llegar un documento con el balance de todas las actividades desarrolladas por la Federación en el 2010. En él se resumen las [&hellip;]
