{"version":"1.0","provider_name":"Colectivo Ecologista Turcon","provider_url":"https:\/\/turcon.es\/wp","author_name":"Laura Fernandez","author_url":"https:\/\/turcon.es\/wp\/author\/admturcon\/","title":"Banderas Negras 2018 - Colectivo Ecologista Turcon","type":"rich","width":600,"height":338,"html":"<blockquote class=\"wp-embedded-content\" data-secret=\"3r1nNQHyXD\"><a href=\"https:\/\/turcon.es\/wp\/banderas-negras-2018\/\">Banderas Negras 2018<\/a><\/blockquote><iframe sandbox=\"allow-scripts\" security=\"restricted\" src=\"https:\/\/turcon.es\/wp\/banderas-negras-2018\/embed\/#?secret=3r1nNQHyXD\" width=\"600\" height=\"338\" title=\"\u00abBanderas Negras 2018\u00bb \u2014 Colectivo Ecologista Turcon\" data-secret=\"3r1nNQHyXD\" frameborder=\"0\" marginwidth=\"0\" marginheight=\"0\" scrolling=\"no\" class=\"wp-embedded-content\"><\/iframe><script>\n\/*! This file is auto-generated *\/\n!function(d,l){\"use strict\";l.querySelector&&d.addEventListener&&\"undefined\"!=typeof URL&&(d.wp=d.wp||{},d.wp.receiveEmbedMessage||(d.wp.receiveEmbedMessage=function(e){var t=e.data;if((t||t.secret||t.message||t.value)&&!\/[^a-zA-Z0-9]\/.test(t.secret)){for(var s,r,n,a=l.querySelectorAll('iframe[data-secret=\"'+t.secret+'\"]'),o=l.querySelectorAll('blockquote[data-secret=\"'+t.secret+'\"]'),c=new RegExp(\"^https?:$\",\"i\"),i=0;i<o.length;i++)o[i].style.display=\"none\";for(i=0;i<a.length;i++)s=a[i],e.source===s.contentWindow&&(s.removeAttribute(\"style\"),\"height\"===t.message?(1e3<(r=parseInt(t.value,10))?r=1e3:~~r<200&&(r=200),s.height=r):\"link\"===t.message&&(r=new URL(s.getAttribute(\"src\")),n=new URL(t.value),c.test(n.protocol))&&n.host===r.host&&l.activeElement===s&&(d.top.location.href=t.value))}},d.addEventListener(\"message\",d.wp.receiveEmbedMessage,!1),l.addEventListener(\"DOMContentLoaded\",function(){for(var e,t,s=l.querySelectorAll(\"iframe.wp-embedded-content\"),r=0;r<s.length;r++)(t=(e=s[r]).getAttribute(\"data-secret\"))||(t=Math.random().toString(36).substring(2,12),e.src+=\"#?secret=\"+t,e.setAttribute(\"data-secret\",t)),e.contentWindow.postMessage({message:\"ready\",secret:t},\"*\")},!1)))}(window,document);\n\/\/# sourceURL=https:\/\/turcon.es\/wp\/wp-includes\/js\/wp-embed.min.js\n<\/script>\n","description":"Ecologistas en Acci\u00f3n presenta \u00abEl informe Banderas Negras 2018\u00bb que analiza la situaci\u00f3n ambiental del entorno litoral espa\u00f1ol. Continuando con el formato usado desde 2016, el informe \u2018Banderas Negras 2018\u2019 selecciona dos banderas por cada provincia litoral, m\u00e1s Ceuta y Melilla. Las dos banderas se corresponden a casos de contaminaci\u00f3n y de mala gesti\u00f3n ambiental. [&hellip;]","thumbnail_url":"https:\/\/turcon.es\/wp\/wp-content\/uploads\/2014\/04\/ecologistas-en-accion.jpg","thumbnail_width":451,"thumbnail_height":112}

Ecologistas en Acción presenta «El informe Banderas Negras 2018» que analiza la situación ambiental del entorno litoral español. Continuando con el formato usado desde 2016, el informe ‘Banderas Negras 2018’ selecciona dos banderas por cada provincia litoral, más Ceuta y Melilla. Las dos banderas se corresponden a casos de contaminación y de mala gestión ambiental. [&hellip;]
