{"version":"1.0","provider_name":"Colectivo Ecologista Turcon","provider_url":"https:\/\/turcon.es\/wp","author_name":"Laura Fernandez","author_url":"https:\/\/turcon.es\/wp\/author\/admturcon\/","title":"\"Barrancos al Golpito\" llega a Valsequillo - Colectivo Ecologista Turcon","type":"rich","width":600,"height":338,"html":"<blockquote class=\"wp-embedded-content\" data-secret=\"9uVSe0p3ql\"><a href=\"https:\/\/turcon.es\/wp\/barrancos-al-golpito-llega-a-valsequillo\/\">\u00abBarrancos al Golpito\u00bb llega a Valsequillo<\/a><\/blockquote><iframe sandbox=\"allow-scripts\" security=\"restricted\" src=\"https:\/\/turcon.es\/wp\/barrancos-al-golpito-llega-a-valsequillo\/embed\/#?secret=9uVSe0p3ql\" width=\"600\" height=\"338\" title=\"\u00ab\u00abBarrancos al Golpito\u00bb llega a Valsequillo\u00bb \u2014 Colectivo Ecologista Turcon\" data-secret=\"9uVSe0p3ql\" frameborder=\"0\" marginwidth=\"0\" marginheight=\"0\" scrolling=\"no\" class=\"wp-embedded-content\"><\/iframe><script>\n\/*! This file is auto-generated *\/\n!function(d,l){\"use strict\";l.querySelector&&d.addEventListener&&\"undefined\"!=typeof URL&&(d.wp=d.wp||{},d.wp.receiveEmbedMessage||(d.wp.receiveEmbedMessage=function(e){var t=e.data;if((t||t.secret||t.message||t.value)&&!\/[^a-zA-Z0-9]\/.test(t.secret)){for(var s,r,n,a=l.querySelectorAll('iframe[data-secret=\"'+t.secret+'\"]'),o=l.querySelectorAll('blockquote[data-secret=\"'+t.secret+'\"]'),c=new RegExp(\"^https?:$\",\"i\"),i=0;i<o.length;i++)o[i].style.display=\"none\";for(i=0;i<a.length;i++)s=a[i],e.source===s.contentWindow&&(s.removeAttribute(\"style\"),\"height\"===t.message?(1e3<(r=parseInt(t.value,10))?r=1e3:~~r<200&&(r=200),s.height=r):\"link\"===t.message&&(r=new URL(s.getAttribute(\"src\")),n=new URL(t.value),c.test(n.protocol))&&n.host===r.host&&l.activeElement===s&&(d.top.location.href=t.value))}},d.addEventListener(\"message\",d.wp.receiveEmbedMessage,!1),l.addEventListener(\"DOMContentLoaded\",function(){for(var e,t,s=l.querySelectorAll(\"iframe.wp-embedded-content\"),r=0;r<s.length;r++)(t=(e=s[r]).getAttribute(\"data-secret\"))||(t=Math.random().toString(36).substring(2,12),e.src+=\"#?secret=\"+t,e.setAttribute(\"data-secret\",t)),e.contentWindow.postMessage({message:\"ready\",secret:t},\"*\")},!1)))}(window,document);\n\/\/# sourceURL=https:\/\/turcon.es\/wp\/wp-includes\/js\/wp-embed.min.js\n<\/script>\n","description":"Comenzaron por el Barranco de Garc\u00eda Ruiz, ascendiendo, llegaron a la Media Fanega y terminaron en Valsequillo. Los participantes en la ruta organizada por el Colectivo Turc\u00f3n, culminaron hoy la ruta del mes de octubre. El proyecto de \u201cBarrancos al Golpito\u201d culmin\u00f3 hoy su ruta por Garc\u00eda Ru\u00edz, acerc\u00e1ndose a los m\u00faltiples afluentes que definen [&hellip;]","thumbnail_url":"http:\/\/turcon.es\/components\/com_wordpress\/wp\/wp-content\/uploads\/2019\/10\/20191019_091547-624x468.jpg"}

Comenzaron por el Barranco de García Ruiz, ascendiendo, llegaron a la Media Fanega y terminaron en Valsequillo. Los participantes en la ruta organizada por el Colectivo Turcón, culminaron hoy la ruta del mes de octubre. El proyecto de “Barrancos al Golpito” culminó hoy su ruta por García Ruíz, acercándose a los múltiples afluentes que definen [&hellip;]
