{"version":"1.0","provider_name":"Colectivo Ecologista Turcon","provider_url":"https:\/\/turcon.es\/wp","author_name":"Laura Fernandez","author_url":"https:\/\/turcon.es\/wp\/author\/admturcon\/","title":"Canarias da un paso rumbo al autoconsumo - Colectivo Ecologista Turcon","type":"rich","width":600,"height":338,"html":"<blockquote class=\"wp-embedded-content\" data-secret=\"v8Ls0tW1xD\"><a href=\"https:\/\/turcon.es\/wp\/canarias-da-un-paso-rumbo-al-autoconsumo\/\">Canarias da un paso rumbo al autoconsumo<\/a><\/blockquote><iframe sandbox=\"allow-scripts\" security=\"restricted\" src=\"https:\/\/turcon.es\/wp\/canarias-da-un-paso-rumbo-al-autoconsumo\/embed\/#?secret=v8Ls0tW1xD\" width=\"600\" height=\"338\" title=\"\u00abCanarias da un paso rumbo al autoconsumo\u00bb \u2014 Colectivo Ecologista Turcon\" data-secret=\"v8Ls0tW1xD\" frameborder=\"0\" marginwidth=\"0\" marginheight=\"0\" scrolling=\"no\" class=\"wp-embedded-content\"><\/iframe><script>\n\/*! This file is auto-generated *\/\n!function(d,l){\"use strict\";l.querySelector&&d.addEventListener&&\"undefined\"!=typeof URL&&(d.wp=d.wp||{},d.wp.receiveEmbedMessage||(d.wp.receiveEmbedMessage=function(e){var t=e.data;if((t||t.secret||t.message||t.value)&&!\/[^a-zA-Z0-9]\/.test(t.secret)){for(var s,r,n,a=l.querySelectorAll('iframe[data-secret=\"'+t.secret+'\"]'),o=l.querySelectorAll('blockquote[data-secret=\"'+t.secret+'\"]'),c=new RegExp(\"^https?:$\",\"i\"),i=0;i<o.length;i++)o[i].style.display=\"none\";for(i=0;i<a.length;i++)s=a[i],e.source===s.contentWindow&&(s.removeAttribute(\"style\"),\"height\"===t.message?(1e3<(r=parseInt(t.value,10))?r=1e3:~~r<200&&(r=200),s.height=r):\"link\"===t.message&&(r=new URL(s.getAttribute(\"src\")),n=new URL(t.value),c.test(n.protocol))&&n.host===r.host&&l.activeElement===s&&(d.top.location.href=t.value))}},d.addEventListener(\"message\",d.wp.receiveEmbedMessage,!1),l.addEventListener(\"DOMContentLoaded\",function(){for(var e,t,s=l.querySelectorAll(\"iframe.wp-embedded-content\"),r=0;r<s.length;r++)(t=(e=s[r]).getAttribute(\"data-secret\"))||(t=Math.random().toString(36).substring(2,12),e.src+=\"#?secret=\"+t,e.setAttribute(\"data-secret\",t)),e.contentWindow.postMessage({message:\"ready\",secret:t},\"*\")},!1)))}(window,document);\n\/\/# sourceURL=https:\/\/turcon.es\/wp\/wp-includes\/js\/wp-embed.min.js\n<\/script>\n","description":"Texto y foto: www.energias-renovables.com Antonio Barrero F. La viceconsejera de Industria y Energ\u00eda del gobierno de Canarias, Francisca Luengo (PSOE), ha incluido en la propuesta de modificaci\u00f3n del R\u00e9gimen Econ\u00f3mico y Fiscal (REF) canario, aprobada por unanimidad en el parlamento regional, \u00abla apuesta por el autoconsumo el\u00e9ctrico en las empresas y los hogares canarios a [&hellip;]","thumbnail_url":"http:\/\/www.energias-renovables.com\/ficheroenergias\/fotos\/ahorro\/ampliada\/a\/autoconsumo.jpg"}

Texto y foto: www.energias-renovables.com Antonio Barrero F. La viceconsejera de Industria y Energía del gobierno de Canarias, Francisca Luengo (PSOE), ha incluido en la propuesta de modificación del Régimen Económico y Fiscal (REF) canario, aprobada por unanimidad en el parlamento regional, «la apuesta por el autoconsumo eléctrico en las empresas y los hogares canarios a [&hellip;]
