{"version":"1.0","provider_name":"Colectivo Ecologista Turcon","provider_url":"https:\/\/turcon.es\/wp","author_name":"Laura Fernandez","author_url":"https:\/\/turcon.es\/wp\/author\/admturcon\/","title":"Canarias, una sola voz contra las prospecciones - Colectivo Ecologista Turcon","type":"rich","width":600,"height":338,"html":"<blockquote class=\"wp-embedded-content\" data-secret=\"ct6uZRHvyq\"><a href=\"https:\/\/turcon.es\/wp\/canarias-una-sola-voz-contra-las-prospecciones\/\">Canarias, una sola voz contra las prospecciones<\/a><\/blockquote><iframe sandbox=\"allow-scripts\" security=\"restricted\" src=\"https:\/\/turcon.es\/wp\/canarias-una-sola-voz-contra-las-prospecciones\/embed\/#?secret=ct6uZRHvyq\" width=\"600\" height=\"338\" title=\"\u00abCanarias, una sola voz contra las prospecciones\u00bb \u2014 Colectivo Ecologista Turcon\" data-secret=\"ct6uZRHvyq\" frameborder=\"0\" marginwidth=\"0\" marginheight=\"0\" scrolling=\"no\" class=\"wp-embedded-content\"><\/iframe><script>\n\/*! This file is auto-generated *\/\n!function(d,l){\"use strict\";l.querySelector&&d.addEventListener&&\"undefined\"!=typeof URL&&(d.wp=d.wp||{},d.wp.receiveEmbedMessage||(d.wp.receiveEmbedMessage=function(e){var t=e.data;if((t||t.secret||t.message||t.value)&&!\/[^a-zA-Z0-9]\/.test(t.secret)){for(var s,r,n,a=l.querySelectorAll('iframe[data-secret=\"'+t.secret+'\"]'),o=l.querySelectorAll('blockquote[data-secret=\"'+t.secret+'\"]'),c=new RegExp(\"^https?:$\",\"i\"),i=0;i<o.length;i++)o[i].style.display=\"none\";for(i=0;i<a.length;i++)s=a[i],e.source===s.contentWindow&&(s.removeAttribute(\"style\"),\"height\"===t.message?(1e3<(r=parseInt(t.value,10))?r=1e3:~~r<200&&(r=200),s.height=r):\"link\"===t.message&&(r=new URL(s.getAttribute(\"src\")),n=new URL(t.value),c.test(n.protocol))&&n.host===r.host&&l.activeElement===s&&(d.top.location.href=t.value))}},d.addEventListener(\"message\",d.wp.receiveEmbedMessage,!1),l.addEventListener(\"DOMContentLoaded\",function(){for(var e,t,s=l.querySelectorAll(\"iframe.wp-embedded-content\"),r=0;r<s.length;r++)(t=(e=s[r]).getAttribute(\"data-secret\"))||(t=Math.random().toString(36).substring(2,12),e.src+=\"#?secret=\"+t,e.setAttribute(\"data-secret\",t)),e.contentWindow.postMessage({message:\"ready\",secret:t},\"*\")},!1)))}(window,document);\n\/\/# sourceURL=https:\/\/turcon.es\/wp\/wp-includes\/js\/wp-embed.min.js\n<\/script>\n","description":"Una gran manifestaci\u00f3n simult\u00e1nea y ciudadana unir\u00e1 Canarias y muchas ciudades espa\u00f1olas contra las prospecciones petrol\u00edferas de Repsol. El d\u00eda 7 de junio tendr\u00e1 lugar una gran manifestaci\u00f3n ciudadana contra las prospecciones petrol\u00edferas. Todas las islas canarias, con una sola voz, se manifestar\u00e1n a las seis de la tarde en actos de protesta masivos, ciudadanos, [&hellip;]","thumbnail_url":"https:\/\/turcon.es\/wp\/wp-content\/uploads\/2014\/06\/cartel-7-junio.jpg","thumbnail_width":300,"thumbnail_height":425}

Una gran manifestación simultánea y ciudadana unirá Canarias y muchas ciudades españolas contra las prospecciones petrolíferas de Repsol. El día 7 de junio tendrá lugar una gran manifestación ciudadana contra las prospecciones petrolíferas. Todas las islas canarias, con una sola voz, se manifestarán a las seis de la tarde en actos de protesta masivos, ciudadanos, [&hellip;]
