{"version":"1.0","provider_name":"Colectivo Ecologista Turcon","provider_url":"https:\/\/turcon.es\/wp","author_name":"Laura Fernandez","author_url":"https:\/\/turcon.es\/wp\/author\/admturcon\/","title":"Charla informativa sobre Banca Etica - Colectivo Ecologista Turcon","type":"rich","width":600,"height":338,"html":"<blockquote class=\"wp-embedded-content\" data-secret=\"9sHogAZTrG\"><a href=\"https:\/\/turcon.es\/wp\/charla-informativa-sobre-banca-etica\/\">Charla informativa sobre Banca Etica<\/a><\/blockquote><iframe sandbox=\"allow-scripts\" security=\"restricted\" src=\"https:\/\/turcon.es\/wp\/charla-informativa-sobre-banca-etica\/embed\/#?secret=9sHogAZTrG\" width=\"600\" height=\"338\" title=\"\u00abCharla informativa sobre Banca Etica\u00bb \u2014 Colectivo Ecologista Turcon\" data-secret=\"9sHogAZTrG\" frameborder=\"0\" marginwidth=\"0\" marginheight=\"0\" scrolling=\"no\" class=\"wp-embedded-content\"><\/iframe><script>\n\/*! This file is auto-generated *\/\n!function(d,l){\"use strict\";l.querySelector&&d.addEventListener&&\"undefined\"!=typeof URL&&(d.wp=d.wp||{},d.wp.receiveEmbedMessage||(d.wp.receiveEmbedMessage=function(e){var t=e.data;if((t||t.secret||t.message||t.value)&&!\/[^a-zA-Z0-9]\/.test(t.secret)){for(var s,r,n,a=l.querySelectorAll('iframe[data-secret=\"'+t.secret+'\"]'),o=l.querySelectorAll('blockquote[data-secret=\"'+t.secret+'\"]'),c=new RegExp(\"^https?:$\",\"i\"),i=0;i<o.length;i++)o[i].style.display=\"none\";for(i=0;i<a.length;i++)s=a[i],e.source===s.contentWindow&&(s.removeAttribute(\"style\"),\"height\"===t.message?(1e3<(r=parseInt(t.value,10))?r=1e3:~~r<200&&(r=200),s.height=r):\"link\"===t.message&&(r=new URL(s.getAttribute(\"src\")),n=new URL(t.value),c.test(n.protocol))&&n.host===r.host&&l.activeElement===s&&(d.top.location.href=t.value))}},d.addEventListener(\"message\",d.wp.receiveEmbedMessage,!1),l.addEventListener(\"DOMContentLoaded\",function(){for(var e,t,s=l.querySelectorAll(\"iframe.wp-embedded-content\"),r=0;r<s.length;r++)(t=(e=s[r]).getAttribute(\"data-secret\"))||(t=Math.random().toString(36).substring(2,12),e.src+=\"#?secret=\"+t,e.setAttribute(\"data-secret\",t)),e.contentWindow.postMessage({message:\"ready\",secret:t},\"*\")},!1)))}(window,document);\n\/\/# sourceURL=https:\/\/turcon.es\/wp\/wp-includes\/js\/wp-embed.min.js\n<\/script>\n","description":"Charla informativa en Gran\u00a0Canaria EL pr\u00f3ximo viernes d\u00eda 8 de abril a las 20hs, tendremos nuevamente una charla informativa en el Caf\u00e9 d\u2019Espacio (Calle Cebri\u00e1n n\u00ba 54), en Las Palmas de Gran Canaria. El objetivo de este encuentro es seguir promocionando esta iniciativa, y ofrecer informaci\u00f3n sobre como sumarse a la misma. \u00a1\u00a1Te esperamos!! Ay\u00fadanos [&hellip;]","thumbnail_url":"https:\/\/turcon.es\/wp\/wp-content\/uploads\/2011\/04\/fiare_cartel-1.jpg","thumbnail_width":1240,"thumbnail_height":1753}

Charla informativa en Gran Canaria EL próximo viernes día 8 de abril a las 20hs, tendremos nuevamente una charla informativa en el Café d’Espacio (Calle Cebrián nº 54), en Las Palmas de Gran Canaria. El objetivo de este encuentro es seguir promocionando esta iniciativa, y ofrecer información sobre como sumarse a la misma. ¡¡Te esperamos!! Ayúdanos [&hellip;]
