{"version":"1.0","provider_name":"Colectivo Ecologista Turcon","provider_url":"https:\/\/turcon.es\/wp","author_name":"Laura Fernandez","author_url":"https:\/\/turcon.es\/wp\/author\/admturcon\/","title":"Ciberacci\u00f3n: Libertad para detenidos en Copenhague - Colectivo Ecologista Turcon","type":"rich","width":600,"height":338,"html":"<blockquote class=\"wp-embedded-content\" data-secret=\"PhmP7bKAWq\"><a href=\"https:\/\/turcon.es\/wp\/ciberaccion-libertad-para-detenidos-en-copenhague-3\/\">Ciberacci\u00f3n: Libertad para detenidos en Copenhague<\/a><\/blockquote><iframe sandbox=\"allow-scripts\" security=\"restricted\" src=\"https:\/\/turcon.es\/wp\/ciberaccion-libertad-para-detenidos-en-copenhague-3\/embed\/#?secret=PhmP7bKAWq\" width=\"600\" height=\"338\" title=\"\u00abCiberacci\u00f3n: Libertad para detenidos en Copenhague\u00bb \u2014 Colectivo Ecologista Turcon\" data-secret=\"PhmP7bKAWq\" frameborder=\"0\" marginwidth=\"0\" marginheight=\"0\" scrolling=\"no\" class=\"wp-embedded-content\"><\/iframe><script>\n\/*! This file is auto-generated *\/\n!function(d,l){\"use strict\";l.querySelector&&d.addEventListener&&\"undefined\"!=typeof URL&&(d.wp=d.wp||{},d.wp.receiveEmbedMessage||(d.wp.receiveEmbedMessage=function(e){var t=e.data;if((t||t.secret||t.message||t.value)&&!\/[^a-zA-Z0-9]\/.test(t.secret)){for(var s,r,n,a=l.querySelectorAll('iframe[data-secret=\"'+t.secret+'\"]'),o=l.querySelectorAll('blockquote[data-secret=\"'+t.secret+'\"]'),c=new RegExp(\"^https?:$\",\"i\"),i=0;i<o.length;i++)o[i].style.display=\"none\";for(i=0;i<a.length;i++)s=a[i],e.source===s.contentWindow&&(s.removeAttribute(\"style\"),\"height\"===t.message?(1e3<(r=parseInt(t.value,10))?r=1e3:~~r<200&&(r=200),s.height=r):\"link\"===t.message&&(r=new URL(s.getAttribute(\"src\")),n=new URL(t.value),c.test(n.protocol))&&n.host===r.host&&l.activeElement===s&&(d.top.location.href=t.value))}},d.addEventListener(\"message\",d.wp.receiveEmbedMessage,!1),l.addEventListener(\"DOMContentLoaded\",function(){for(var e,t,s=l.querySelectorAll(\"iframe.wp-embedded-content\"),r=0;r<s.length;r++)(t=(e=s[r]).getAttribute(\"data-secret\"))||(t=Math.random().toString(36).substring(2,12),e.src+=\"#?secret=\"+t,e.setAttribute(\"data-secret\",t)),e.contentWindow.postMessage({message:\"ready\",secret:t},\"*\")},!1)))}(window,document);\n\/\/# sourceURL=https:\/\/turcon.es\/wp\/wp-includes\/js\/wp-embed.min.js\n<\/script>\n","description":"Durante la fracasada Cumbre de Copenhague, la polic\u00eda danesa con una incomprensible y agresiva actuaci\u00f3n, ha detenido a m\u00faltiples activistas contra el cambio clim\u00e1tico, permaneciendo algunos de ellos todav\u00eda encarcelados. Especialmente grave es el caso de Juan L\u00f3pez de Uralde, director de Greanpeace Espa\u00f1a, quien por entrar en la recepci\u00f3n oficial de los 120 jefes [&hellip;]","thumbnail_url":"https:\/\/turcon.es\/wp\/wp-content\/uploads\/2009\/12\/libertad-detenidos-copenhague-1.png","thumbnail_width":124,"thumbnail_height":156}

Ciberacción: Libertad para detenidos en Copenhague - Colectivo Ecologista Turcon

<blockquote class="wp-embedded-content" data-secret="PhmP7bKAWq"><a href="https://turcon.es/wp/ciberaccion-libertad-para-detenidos-en-copenhague-3/">Ciberacción: Libertad para detenidos en Copenhague</a></blockquote><iframe sandbox="allow-scripts" security="restricted" src="https://turcon.es/wp/ciberaccion-libertad-para-detenidos-en-copenhague-3/embed/#?secret=PhmP7bKAWq" width="600" height="338" title="«Ciberacción: Libertad para detenidos en Copenhague» — Colectivo Ecologista Turcon" data-secret="PhmP7bKAWq" frameborder="0" marginwidth="0" marginheight="0" scrolling="no" class="wp-embedded-content"></iframe><script>
/*! This file is auto-generated */
!function(d,l){"use strict";l.querySelector&&d.addEventListener&&"undefined"!=typeof URL&&(d.wp=d.wp||{},d.wp.receiveEmbedMessage||(d.wp.receiveEmbedMessage=function(e){var t=e.data;if((t||t.secret||t.message||t.value)&&!/[^a-zA-Z0-9]/.test(t.secret)){for(var s,r,n,a=l.querySelectorAll('iframe[data-secret="'+t.secret+'"]'),o=l.querySelectorAll('blockquote[data-secret="'+t.secret+'"]'),c=new RegExp("^https?:$","i"),i=0;i<o.length;i++)o[i].style.display="none";for(i=0;i<a.length;i++)s=a[i],e.source===s.contentWindow&&(s.removeAttribute("style"),"height"===t.message?(1e3<(r=parseInt(t.value,10))?r=1e3:~~r<200&&(r=200),s.height=r):"link"===t.message&&(r=new URL(s.getAttribute("src")),n=new URL(t.value),c.test(n.protocol))&&n.host===r.host&&l.activeElement===s&&(d.top.location.href=t.value))}},d.addEventListener("message",d.wp.receiveEmbedMessage,!1),l.addEventListener("DOMContentLoaded",function(){for(var e,t,s=l.querySelectorAll("iframe.wp-embedded-content"),r=0;r<s.length;r++)(t=(e=s[r]).getAttribute("data-secret"))||(t=Math.random().toString(36).substring(2,12),e.src+="#?secret="+t,e.setAttribute("data-secret",t)),e.contentWindow.postMessage({message:"ready",secret:t},"*")},!1)))}(window,document);
//# sourceURL=https://turcon.es/wp/wp-includes/js/wp-embed.min.js
</script>

Durante la fracasada Cumbre de Copenhague, la policía danesa con una incomprensible y agresiva actuación, ha detenido a múltiples activistas contra el cambio climático, permaneciendo algunos de ellos todavía encarcelados. Especialmente grave es el caso de Juan López de Uralde, director de Greanpeace España, quien por entrar en la recepción oficial de los 120 jefes [&hellip;]
