{"version":"1.0","provider_name":"Colectivo Ecologista Turcon","provider_url":"https:\/\/turcon.es\/wp","author_name":"Laura Fernandez","author_url":"https:\/\/turcon.es\/wp\/author\/admturcon\/","title":"Comenzamos el a\u00f1o con un reportaje fotogr\u00e1fico - Colectivo Ecologista Turcon","type":"rich","width":600,"height":338,"html":"<blockquote class=\"wp-embedded-content\" data-secret=\"HszFLyJTgt\"><a href=\"https:\/\/turcon.es\/wp\/comenzamos-el-ano-con-un-reportaje-fotografico\/\">Comenzamos el a\u00f1o con un reportaje fotogr\u00e1fico<\/a><\/blockquote><iframe sandbox=\"allow-scripts\" security=\"restricted\" src=\"https:\/\/turcon.es\/wp\/comenzamos-el-ano-con-un-reportaje-fotografico\/embed\/#?secret=HszFLyJTgt\" width=\"600\" height=\"338\" title=\"\u00abComenzamos el a\u00f1o con un reportaje fotogr\u00e1fico\u00bb \u2014 Colectivo Ecologista Turcon\" data-secret=\"HszFLyJTgt\" frameborder=\"0\" marginwidth=\"0\" marginheight=\"0\" scrolling=\"no\" class=\"wp-embedded-content\"><\/iframe><script>\n\/*! This file is auto-generated *\/\n!function(d,l){\"use strict\";l.querySelector&&d.addEventListener&&\"undefined\"!=typeof URL&&(d.wp=d.wp||{},d.wp.receiveEmbedMessage||(d.wp.receiveEmbedMessage=function(e){var t=e.data;if((t||t.secret||t.message||t.value)&&!\/[^a-zA-Z0-9]\/.test(t.secret)){for(var s,r,n,a=l.querySelectorAll('iframe[data-secret=\"'+t.secret+'\"]'),o=l.querySelectorAll('blockquote[data-secret=\"'+t.secret+'\"]'),c=new RegExp(\"^https?:$\",\"i\"),i=0;i<o.length;i++)o[i].style.display=\"none\";for(i=0;i<a.length;i++)s=a[i],e.source===s.contentWindow&&(s.removeAttribute(\"style\"),\"height\"===t.message?(1e3<(r=parseInt(t.value,10))?r=1e3:~~r<200&&(r=200),s.height=r):\"link\"===t.message&&(r=new URL(s.getAttribute(\"src\")),n=new URL(t.value),c.test(n.protocol))&&n.host===r.host&&l.activeElement===s&&(d.top.location.href=t.value))}},d.addEventListener(\"message\",d.wp.receiveEmbedMessage,!1),l.addEventListener(\"DOMContentLoaded\",function(){for(var e,t,s=l.querySelectorAll(\"iframe.wp-embedded-content\"),r=0;r<s.length;r++)(t=(e=s[r]).getAttribute(\"data-secret\"))||(t=Math.random().toString(36).substring(2,12),e.src+=\"#?secret=\"+t,e.setAttribute(\"data-secret\",t)),e.contentWindow.postMessage({message:\"ready\",secret:t},\"*\")},!1)))}(window,document);\n\/\/# sourceURL=https:\/\/turcon.es\/wp\/wp-includes\/js\/wp-embed.min.js\n<\/script>\n","description":"Feliz a\u00f1o 2014 para todos los \u00a0amigos y amigas seguidores de Turc\u00f3n-Ecologistas en Acci\u00f3n Queremos felicitarles a todos ustedes y desearle lo mejor en el nuevo a\u00f1o. Pero antes, ser\u00eda bueno que vieras lo que el Facebook nos ha regalado. Se trata de las mejores fotograf\u00edas (bueno, las m\u00e1s populares dentro de FB) seleccionadas por [&hellip;]","thumbnail_url":"https:\/\/turcon.es\/wp\/wp-content\/uploads\/2014\/01\/1.jpg","thumbnail_width":845,"thumbnail_height":453}

Comenzamos el año con un reportaje fotográfico - Colectivo Ecologista Turcon

<blockquote class="wp-embedded-content" data-secret="HszFLyJTgt"><a href="https://turcon.es/wp/comenzamos-el-ano-con-un-reportaje-fotografico/">Comenzamos el año con un reportaje fotográfico</a></blockquote><iframe sandbox="allow-scripts" security="restricted" src="https://turcon.es/wp/comenzamos-el-ano-con-un-reportaje-fotografico/embed/#?secret=HszFLyJTgt" width="600" height="338" title="«Comenzamos el año con un reportaje fotográfico» — Colectivo Ecologista Turcon" data-secret="HszFLyJTgt" frameborder="0" marginwidth="0" marginheight="0" scrolling="no" class="wp-embedded-content"></iframe><script>
/*! This file is auto-generated */
!function(d,l){"use strict";l.querySelector&&d.addEventListener&&"undefined"!=typeof URL&&(d.wp=d.wp||{},d.wp.receiveEmbedMessage||(d.wp.receiveEmbedMessage=function(e){var t=e.data;if((t||t.secret||t.message||t.value)&&!/[^a-zA-Z0-9]/.test(t.secret)){for(var s,r,n,a=l.querySelectorAll('iframe[data-secret="'+t.secret+'"]'),o=l.querySelectorAll('blockquote[data-secret="'+t.secret+'"]'),c=new RegExp("^https?:$","i"),i=0;i<o.length;i++)o[i].style.display="none";for(i=0;i<a.length;i++)s=a[i],e.source===s.contentWindow&&(s.removeAttribute("style"),"height"===t.message?(1e3<(r=parseInt(t.value,10))?r=1e3:~~r<200&&(r=200),s.height=r):"link"===t.message&&(r=new URL(s.getAttribute("src")),n=new URL(t.value),c.test(n.protocol))&&n.host===r.host&&l.activeElement===s&&(d.top.location.href=t.value))}},d.addEventListener("message",d.wp.receiveEmbedMessage,!1),l.addEventListener("DOMContentLoaded",function(){for(var e,t,s=l.querySelectorAll("iframe.wp-embedded-content"),r=0;r<s.length;r++)(t=(e=s[r]).getAttribute("data-secret"))||(t=Math.random().toString(36).substring(2,12),e.src+="#?secret="+t,e.setAttribute("data-secret",t)),e.contentWindow.postMessage({message:"ready",secret:t},"*")},!1)))}(window,document);
//# sourceURL=https://turcon.es/wp/wp-includes/js/wp-embed.min.js
</script>

Feliz año 2014 para todos los  amigos y amigas seguidores de Turcón-Ecologistas en Acción Queremos felicitarles a todos ustedes y desearle lo mejor en el nuevo año. Pero antes, sería bueno que vieras lo que el Facebook nos ha regalado. Se trata de las mejores fotografías (bueno, las más populares dentro de FB) seleccionadas por [&hellip;]
