{"version":"1.0","provider_name":"Colectivo Ecologista Turcon","provider_url":"https:\/\/turcon.es\/wp","author_name":"Laura Fernandez","author_url":"https:\/\/turcon.es\/wp\/author\/admturcon\/","title":"Concentraci\u00f3n simb\u00f3lica contra el Cat\u00e1logo - Colectivo Ecologista Turcon","type":"rich","width":600,"height":338,"html":"<blockquote class=\"wp-embedded-content\" data-secret=\"vXe9lgG0oa\"><a href=\"https:\/\/turcon.es\/wp\/concentracion-simbolica-contra-el-catalogo\/\">Concentraci\u00f3n simb\u00f3lica contra el Cat\u00e1logo<\/a><\/blockquote><iframe sandbox=\"allow-scripts\" security=\"restricted\" src=\"https:\/\/turcon.es\/wp\/concentracion-simbolica-contra-el-catalogo\/embed\/#?secret=vXe9lgG0oa\" width=\"600\" height=\"338\" title=\"\u00abConcentraci\u00f3n simb\u00f3lica contra el Cat\u00e1logo\u00bb \u2014 Colectivo Ecologista Turcon\" data-secret=\"vXe9lgG0oa\" frameborder=\"0\" marginwidth=\"0\" marginheight=\"0\" scrolling=\"no\" class=\"wp-embedded-content\"><\/iframe><script>\n\/*! This file is auto-generated *\/\n!function(d,l){\"use strict\";l.querySelector&&d.addEventListener&&\"undefined\"!=typeof URL&&(d.wp=d.wp||{},d.wp.receiveEmbedMessage||(d.wp.receiveEmbedMessage=function(e){var t=e.data;if((t||t.secret||t.message||t.value)&&!\/[^a-zA-Z0-9]\/.test(t.secret)){for(var s,r,n,a=l.querySelectorAll('iframe[data-secret=\"'+t.secret+'\"]'),o=l.querySelectorAll('blockquote[data-secret=\"'+t.secret+'\"]'),c=new RegExp(\"^https?:$\",\"i\"),i=0;i<o.length;i++)o[i].style.display=\"none\";for(i=0;i<a.length;i++)s=a[i],e.source===s.contentWindow&&(s.removeAttribute(\"style\"),\"height\"===t.message?(1e3<(r=parseInt(t.value,10))?r=1e3:~~r<200&&(r=200),s.height=r):\"link\"===t.message&&(r=new URL(s.getAttribute(\"src\")),n=new URL(t.value),c.test(n.protocol))&&n.host===r.host&&l.activeElement===s&&(d.top.location.href=t.value))}},d.addEventListener(\"message\",d.wp.receiveEmbedMessage,!1),l.addEventListener(\"DOMContentLoaded\",function(){for(var e,t,s=l.querySelectorAll(\"iframe.wp-embedded-content\"),r=0;r<s.length;r++)(t=(e=s[r]).getAttribute(\"data-secret\"))||(t=Math.random().toString(36).substring(2,12),e.src+=\"#?secret=\"+t,e.setAttribute(\"data-secret\",t)),e.contentWindow.postMessage({message:\"ready\",secret:t},\"*\")},!1)))}(window,document);\n\/\/# sourceURL=https:\/\/turcon.es\/wp\/wp-includes\/js\/wp-embed.min.js\n<\/script>\n","description":"Ben Magec \u2013 Ecologistas en Acci\u00f3n convoc\u00f3 una concentraci\u00f3n simb\u00f3lica en la que se represent\u00f3 el resultado de la campa\u00f1a de difusi\u00f3n \u2018S\u00e1lvame\u2019 en protesta por el Cat\u00e1logo de Especies Protegidas de Canarias.","thumbnail_url":"http:\/\/www.ecologistasenaccion.org\/local\/cache-vignettes\/L300xH225\/jpg_Mapa_completo_pequena-2-64d74.jpg"}

Concentración simbólica contra el Catálogo - Colectivo Ecologista Turcon

<blockquote class="wp-embedded-content" data-secret="vXe9lgG0oa"><a href="https://turcon.es/wp/concentracion-simbolica-contra-el-catalogo/">Concentración simbólica contra el Catálogo</a></blockquote><iframe sandbox="allow-scripts" security="restricted" src="https://turcon.es/wp/concentracion-simbolica-contra-el-catalogo/embed/#?secret=vXe9lgG0oa" width="600" height="338" title="«Concentración simbólica contra el Catálogo» — Colectivo Ecologista Turcon" data-secret="vXe9lgG0oa" frameborder="0" marginwidth="0" marginheight="0" scrolling="no" class="wp-embedded-content"></iframe><script>
/*! This file is auto-generated */
!function(d,l){"use strict";l.querySelector&&d.addEventListener&&"undefined"!=typeof URL&&(d.wp=d.wp||{},d.wp.receiveEmbedMessage||(d.wp.receiveEmbedMessage=function(e){var t=e.data;if((t||t.secret||t.message||t.value)&&!/[^a-zA-Z0-9]/.test(t.secret)){for(var s,r,n,a=l.querySelectorAll('iframe[data-secret="'+t.secret+'"]'),o=l.querySelectorAll('blockquote[data-secret="'+t.secret+'"]'),c=new RegExp("^https?:$","i"),i=0;i<o.length;i++)o[i].style.display="none";for(i=0;i<a.length;i++)s=a[i],e.source===s.contentWindow&&(s.removeAttribute("style"),"height"===t.message?(1e3<(r=parseInt(t.value,10))?r=1e3:~~r<200&&(r=200),s.height=r):"link"===t.message&&(r=new URL(s.getAttribute("src")),n=new URL(t.value),c.test(n.protocol))&&n.host===r.host&&l.activeElement===s&&(d.top.location.href=t.value))}},d.addEventListener("message",d.wp.receiveEmbedMessage,!1),l.addEventListener("DOMContentLoaded",function(){for(var e,t,s=l.querySelectorAll("iframe.wp-embedded-content"),r=0;r<s.length;r++)(t=(e=s[r]).getAttribute("data-secret"))||(t=Math.random().toString(36).substring(2,12),e.src+="#?secret="+t,e.setAttribute("data-secret",t)),e.contentWindow.postMessage({message:"ready",secret:t},"*")},!1)))}(window,document);
//# sourceURL=https://turcon.es/wp/wp-includes/js/wp-embed.min.js
</script>

Ben Magec – Ecologistas en Acción convocó una concentración simbólica en la que se representó el resultado de la campaña de difusión ‘Sálvame’ en protesta por el Catálogo de Especies Protegidas de Canarias.
