{"version":"1.0","provider_name":"Colectivo Ecologista Turcon","provider_url":"https:\/\/turcon.es\/wp","author_name":"Laura Fernandez","author_url":"https:\/\/turcon.es\/wp\/author\/admturcon\/","title":"Contaminaci\u00f3n ac\u00fastica: nueva directiva europea del ruido - Colectivo Ecologista Turcon","type":"rich","width":600,"height":338,"html":"<blockquote class=\"wp-embedded-content\" data-secret=\"KhdjYsiIeY\"><a href=\"https:\/\/turcon.es\/wp\/contaminacion-acustica-nueva-directiva-europea-del-ruido\/\">Contaminaci\u00f3n ac\u00fastica: nueva directiva europea del ruido<\/a><\/blockquote><iframe sandbox=\"allow-scripts\" security=\"restricted\" src=\"https:\/\/turcon.es\/wp\/contaminacion-acustica-nueva-directiva-europea-del-ruido\/embed\/#?secret=KhdjYsiIeY\" width=\"600\" height=\"338\" title=\"\u00abContaminaci\u00f3n ac\u00fastica: nueva directiva europea del ruido\u00bb \u2014 Colectivo Ecologista Turcon\" data-secret=\"KhdjYsiIeY\" frameborder=\"0\" marginwidth=\"0\" marginheight=\"0\" scrolling=\"no\" class=\"wp-embedded-content\"><\/iframe><script>\n\/*! This file is auto-generated *\/\n!function(d,l){\"use strict\";l.querySelector&&d.addEventListener&&\"undefined\"!=typeof URL&&(d.wp=d.wp||{},d.wp.receiveEmbedMessage||(d.wp.receiveEmbedMessage=function(e){var t=e.data;if((t||t.secret||t.message||t.value)&&!\/[^a-zA-Z0-9]\/.test(t.secret)){for(var s,r,n,a=l.querySelectorAll('iframe[data-secret=\"'+t.secret+'\"]'),o=l.querySelectorAll('blockquote[data-secret=\"'+t.secret+'\"]'),c=new RegExp(\"^https?:$\",\"i\"),i=0;i<o.length;i++)o[i].style.display=\"none\";for(i=0;i<a.length;i++)s=a[i],e.source===s.contentWindow&&(s.removeAttribute(\"style\"),\"height\"===t.message?(1e3<(r=parseInt(t.value,10))?r=1e3:~~r<200&&(r=200),s.height=r):\"link\"===t.message&&(r=new URL(s.getAttribute(\"src\")),n=new URL(t.value),c.test(n.protocol))&&n.host===r.host&&l.activeElement===s&&(d.top.location.href=t.value))}},d.addEventListener(\"message\",d.wp.receiveEmbedMessage,!1),l.addEventListener(\"DOMContentLoaded\",function(){for(var e,t,s=l.querySelectorAll(\"iframe.wp-embedded-content\"),r=0;r<s.length;r++)(t=(e=s[r]).getAttribute(\"data-secret\"))||(t=Math.random().toString(36).substring(2,12),e.src+=\"#?secret=\"+t,e.setAttribute(\"data-secret\",t)),e.contentWindow.postMessage({message:\"ready\",secret:t},\"*\")},!1)))}(window,document);\n\/\/# sourceURL=https:\/\/turcon.es\/wp\/wp-includes\/js\/wp-embed.min.js\n<\/script>\n","description":"La Directiva sobre el Ruido: El camino a seguir El paso 18 de marzo de 2012 se publicar\u00eda el Dictamen del Comit\u00e9 de las Regiones en relaci\u00f3n con la Directiva sobre el ruido ambiental con referencia en el Informe de la Comisi\u00f3n al Parlamento Europeo y al Consejo relativo a la aplicaci\u00f3n de la Directiva [&hellip;]","thumbnail_url":"https:\/\/turcon.es\/wp\/wp-content\/uploads\/2012\/05\/noticias_ambientales20wince-1.png","thumbnail_width":240,"thumbnail_height":200}

Contaminación acústica: nueva directiva europea del ruido - Colectivo Ecologista Turcon

<blockquote class="wp-embedded-content" data-secret="KhdjYsiIeY"><a href="https://turcon.es/wp/contaminacion-acustica-nueva-directiva-europea-del-ruido/">Contaminación acústica: nueva directiva europea del ruido</a></blockquote><iframe sandbox="allow-scripts" security="restricted" src="https://turcon.es/wp/contaminacion-acustica-nueva-directiva-europea-del-ruido/embed/#?secret=KhdjYsiIeY" width="600" height="338" title="«Contaminación acústica: nueva directiva europea del ruido» — Colectivo Ecologista Turcon" data-secret="KhdjYsiIeY" frameborder="0" marginwidth="0" marginheight="0" scrolling="no" class="wp-embedded-content"></iframe><script>
/*! This file is auto-generated */
!function(d,l){"use strict";l.querySelector&&d.addEventListener&&"undefined"!=typeof URL&&(d.wp=d.wp||{},d.wp.receiveEmbedMessage||(d.wp.receiveEmbedMessage=function(e){var t=e.data;if((t||t.secret||t.message||t.value)&&!/[^a-zA-Z0-9]/.test(t.secret)){for(var s,r,n,a=l.querySelectorAll('iframe[data-secret="'+t.secret+'"]'),o=l.querySelectorAll('blockquote[data-secret="'+t.secret+'"]'),c=new RegExp("^https?:$","i"),i=0;i<o.length;i++)o[i].style.display="none";for(i=0;i<a.length;i++)s=a[i],e.source===s.contentWindow&&(s.removeAttribute("style"),"height"===t.message?(1e3<(r=parseInt(t.value,10))?r=1e3:~~r<200&&(r=200),s.height=r):"link"===t.message&&(r=new URL(s.getAttribute("src")),n=new URL(t.value),c.test(n.protocol))&&n.host===r.host&&l.activeElement===s&&(d.top.location.href=t.value))}},d.addEventListener("message",d.wp.receiveEmbedMessage,!1),l.addEventListener("DOMContentLoaded",function(){for(var e,t,s=l.querySelectorAll("iframe.wp-embedded-content"),r=0;r<s.length;r++)(t=(e=s[r]).getAttribute("data-secret"))||(t=Math.random().toString(36).substring(2,12),e.src+="#?secret="+t,e.setAttribute("data-secret",t)),e.contentWindow.postMessage({message:"ready",secret:t},"*")},!1)))}(window,document);
//# sourceURL=https://turcon.es/wp/wp-includes/js/wp-embed.min.js
</script>

La Directiva sobre el Ruido: El camino a seguir El paso 18 de marzo de 2012 se publicaría el Dictamen del Comité de las Regiones en relación con la Directiva sobre el ruido ambiental con referencia en el Informe de la Comisión al Parlamento Europeo y al Consejo relativo a la aplicación de la Directiva [&hellip;]
