{"version":"1.0","provider_name":"Colectivo Ecologista Turcon","provider_url":"https:\/\/turcon.es\/wp","author_name":"Laura Fernandez","author_url":"https:\/\/turcon.es\/wp\/author\/admturcon\/","title":"Cursos de fotograf\u00eda en Gran Canaria - Colectivo Ecologista Turcon","type":"rich","width":600,"height":338,"html":"<blockquote class=\"wp-embedded-content\" data-secret=\"mkZIQGMKDO\"><a href=\"https:\/\/turcon.es\/wp\/cursos-de-fotografia-en-gran-canaria\/\">Cursos de fotograf\u00eda en Gran Canaria<\/a><\/blockquote><iframe sandbox=\"allow-scripts\" security=\"restricted\" src=\"https:\/\/turcon.es\/wp\/cursos-de-fotografia-en-gran-canaria\/embed\/#?secret=mkZIQGMKDO\" width=\"600\" height=\"338\" title=\"\u00abCursos de fotograf\u00eda en Gran Canaria\u00bb \u2014 Colectivo Ecologista Turcon\" data-secret=\"mkZIQGMKDO\" frameborder=\"0\" marginwidth=\"0\" marginheight=\"0\" scrolling=\"no\" class=\"wp-embedded-content\"><\/iframe><script>\n\/*! This file is auto-generated *\/\n!function(d,l){\"use strict\";l.querySelector&&d.addEventListener&&\"undefined\"!=typeof URL&&(d.wp=d.wp||{},d.wp.receiveEmbedMessage||(d.wp.receiveEmbedMessage=function(e){var t=e.data;if((t||t.secret||t.message||t.value)&&!\/[^a-zA-Z0-9]\/.test(t.secret)){for(var s,r,n,a=l.querySelectorAll('iframe[data-secret=\"'+t.secret+'\"]'),o=l.querySelectorAll('blockquote[data-secret=\"'+t.secret+'\"]'),c=new RegExp(\"^https?:$\",\"i\"),i=0;i<o.length;i++)o[i].style.display=\"none\";for(i=0;i<a.length;i++)s=a[i],e.source===s.contentWindow&&(s.removeAttribute(\"style\"),\"height\"===t.message?(1e3<(r=parseInt(t.value,10))?r=1e3:~~r<200&&(r=200),s.height=r):\"link\"===t.message&&(r=new URL(s.getAttribute(\"src\")),n=new URL(t.value),c.test(n.protocol))&&n.host===r.host&&l.activeElement===s&&(d.top.location.href=t.value))}},d.addEventListener(\"message\",d.wp.receiveEmbedMessage,!1),l.addEventListener(\"DOMContentLoaded\",function(){for(var e,t,s=l.querySelectorAll(\"iframe.wp-embedded-content\"),r=0;r<s.length;r++)(t=(e=s[r]).getAttribute(\"data-secret\"))||(t=Math.random().toString(36).substring(2,12),e.src+=\"#?secret=\"+t,e.setAttribute(\"data-secret\",t)),e.contentWindow.postMessage({message:\"ready\",secret:t},\"*\")},!1)))}(window,document);\n\/\/# sourceURL=https:\/\/turcon.es\/wp\/wp-includes\/js\/wp-embed.min.js\n<\/script>\n","description":"La fotograf\u00eda digital y las tecnolog\u00edas de la informaci\u00f3n se han revelado como una potente herramienta para la divulgaci\u00f3n y concienciaci\u00f3n de las situaciones que vive nuestra Naturaleza. En esta l\u00ednea, el pr\u00f3ximo mes de julio, Miguel Angel Pe\u00f1a (bi\u00f3logo), impartir\u00e1 dos talleres de fotograf\u00eda en la Universidad de Verano de Maspalomas: uno de \u201cIntroducci\u00f3n [&hellip;]","thumbnail_url":"https:\/\/turcon.es\/wp\/wp-content\/uploads\/2013\/04\/julieta.jpg","thumbnail_width":683,"thumbnail_height":1024}

Cursos de fotografía en Gran Canaria - Colectivo Ecologista Turcon

<blockquote class="wp-embedded-content" data-secret="mkZIQGMKDO"><a href="https://turcon.es/wp/cursos-de-fotografia-en-gran-canaria/">Cursos de fotografía en Gran Canaria</a></blockquote><iframe sandbox="allow-scripts" security="restricted" src="https://turcon.es/wp/cursos-de-fotografia-en-gran-canaria/embed/#?secret=mkZIQGMKDO" width="600" height="338" title="«Cursos de fotografía en Gran Canaria» — Colectivo Ecologista Turcon" data-secret="mkZIQGMKDO" frameborder="0" marginwidth="0" marginheight="0" scrolling="no" class="wp-embedded-content"></iframe><script>
/*! This file is auto-generated */
!function(d,l){"use strict";l.querySelector&&d.addEventListener&&"undefined"!=typeof URL&&(d.wp=d.wp||{},d.wp.receiveEmbedMessage||(d.wp.receiveEmbedMessage=function(e){var t=e.data;if((t||t.secret||t.message||t.value)&&!/[^a-zA-Z0-9]/.test(t.secret)){for(var s,r,n,a=l.querySelectorAll('iframe[data-secret="'+t.secret+'"]'),o=l.querySelectorAll('blockquote[data-secret="'+t.secret+'"]'),c=new RegExp("^https?:$","i"),i=0;i<o.length;i++)o[i].style.display="none";for(i=0;i<a.length;i++)s=a[i],e.source===s.contentWindow&&(s.removeAttribute("style"),"height"===t.message?(1e3<(r=parseInt(t.value,10))?r=1e3:~~r<200&&(r=200),s.height=r):"link"===t.message&&(r=new URL(s.getAttribute("src")),n=new URL(t.value),c.test(n.protocol))&&n.host===r.host&&l.activeElement===s&&(d.top.location.href=t.value))}},d.addEventListener("message",d.wp.receiveEmbedMessage,!1),l.addEventListener("DOMContentLoaded",function(){for(var e,t,s=l.querySelectorAll("iframe.wp-embedded-content"),r=0;r<s.length;r++)(t=(e=s[r]).getAttribute("data-secret"))||(t=Math.random().toString(36).substring(2,12),e.src+="#?secret="+t,e.setAttribute("data-secret",t)),e.contentWindow.postMessage({message:"ready",secret:t},"*")},!1)))}(window,document);
//# sourceURL=https://turcon.es/wp/wp-includes/js/wp-embed.min.js
</script>

La fotografía digital y las tecnologías de la información se han revelado como una potente herramienta para la divulgación y concienciación de las situaciones que vive nuestra Naturaleza. En esta línea, el próximo mes de julio, Miguel Angel Peña (biólogo), impartirá dos talleres de fotografía en la Universidad de Verano de Maspalomas: uno de “Introducción [&hellip;]
