{"version":"1.0","provider_name":"Colectivo Ecologista Turcon","provider_url":"https:\/\/turcon.es\/wp","author_name":"Laura Fernandez","author_url":"https:\/\/turcon.es\/wp\/author\/admturcon\/","title":"Detenido un pir\u00f3mano en Gran Canaria - Colectivo Ecologista Turcon","type":"rich","width":600,"height":338,"html":"<blockquote class=\"wp-embedded-content\" data-secret=\"7Z11ncsgtm\"><a href=\"https:\/\/turcon.es\/wp\/detenido-un-piromano-en-gran-canaria\/\">Detenido un pir\u00f3mano en Gran Canaria<\/a><\/blockquote><iframe sandbox=\"allow-scripts\" security=\"restricted\" src=\"https:\/\/turcon.es\/wp\/detenido-un-piromano-en-gran-canaria\/embed\/#?secret=7Z11ncsgtm\" width=\"600\" height=\"338\" title=\"\u00abDetenido un pir\u00f3mano en Gran Canaria\u00bb \u2014 Colectivo Ecologista Turcon\" data-secret=\"7Z11ncsgtm\" frameborder=\"0\" marginwidth=\"0\" marginheight=\"0\" scrolling=\"no\" class=\"wp-embedded-content\"><\/iframe><script>\n\/*! This file is auto-generated *\/\n!function(d,l){\"use strict\";l.querySelector&&d.addEventListener&&\"undefined\"!=typeof URL&&(d.wp=d.wp||{},d.wp.receiveEmbedMessage||(d.wp.receiveEmbedMessage=function(e){var t=e.data;if((t||t.secret||t.message||t.value)&&!\/[^a-zA-Z0-9]\/.test(t.secret)){for(var s,r,n,a=l.querySelectorAll('iframe[data-secret=\"'+t.secret+'\"]'),o=l.querySelectorAll('blockquote[data-secret=\"'+t.secret+'\"]'),c=new RegExp(\"^https?:$\",\"i\"),i=0;i<o.length;i++)o[i].style.display=\"none\";for(i=0;i<a.length;i++)s=a[i],e.source===s.contentWindow&&(s.removeAttribute(\"style\"),\"height\"===t.message?(1e3<(r=parseInt(t.value,10))?r=1e3:~~r<200&&(r=200),s.height=r):\"link\"===t.message&&(r=new URL(s.getAttribute(\"src\")),n=new URL(t.value),c.test(n.protocol))&&n.host===r.host&&l.activeElement===s&&(d.top.location.href=t.value))}},d.addEventListener(\"message\",d.wp.receiveEmbedMessage,!1),l.addEventListener(\"DOMContentLoaded\",function(){for(var e,t,s=l.querySelectorAll(\"iframe.wp-embedded-content\"),r=0;r<s.length;r++)(t=(e=s[r]).getAttribute(\"data-secret\"))||(t=Math.random().toString(36).substring(2,12),e.src+=\"#?secret=\"+t,e.setAttribute(\"data-secret\",t)),e.contentWindow.postMessage({message:\"ready\",secret:t},\"*\")},!1)))}(window,document);\n\/\/# sourceURL=https:\/\/turcon.es\/wp\/wp-includes\/js\/wp-embed.min.js\n<\/script>\n","description":"La Guardia Civil ha detenido a un hombre de unos 43 a\u00f1os como presunto autor de seis incendios que afectaron a varios espacios naturales en Gran Canaria. Los grupos ecologistas previsiblemente se personaran en la causa como acusaci\u00f3n popular. El Servicio de Protecci\u00f3n de La Naturaleza de la Guardia Civil (Seprona) de San Mateo inici\u00f3 [&hellip;]","thumbnail_url":"https:\/\/turcon.es\/wp\/wp-content\/uploads\/2011\/10\/gc-seprona-1.jpg","thumbnail_width":346,"thumbnail_height":348}

Detenido un pirómano en Gran Canaria - Colectivo Ecologista Turcon

<blockquote class="wp-embedded-content" data-secret="7Z11ncsgtm"><a href="https://turcon.es/wp/detenido-un-piromano-en-gran-canaria/">Detenido un pirómano en Gran Canaria</a></blockquote><iframe sandbox="allow-scripts" security="restricted" src="https://turcon.es/wp/detenido-un-piromano-en-gran-canaria/embed/#?secret=7Z11ncsgtm" width="600" height="338" title="«Detenido un pirómano en Gran Canaria» — Colectivo Ecologista Turcon" data-secret="7Z11ncsgtm" frameborder="0" marginwidth="0" marginheight="0" scrolling="no" class="wp-embedded-content"></iframe><script>
/*! This file is auto-generated */
!function(d,l){"use strict";l.querySelector&&d.addEventListener&&"undefined"!=typeof URL&&(d.wp=d.wp||{},d.wp.receiveEmbedMessage||(d.wp.receiveEmbedMessage=function(e){var t=e.data;if((t||t.secret||t.message||t.value)&&!/[^a-zA-Z0-9]/.test(t.secret)){for(var s,r,n,a=l.querySelectorAll('iframe[data-secret="'+t.secret+'"]'),o=l.querySelectorAll('blockquote[data-secret="'+t.secret+'"]'),c=new RegExp("^https?:$","i"),i=0;i<o.length;i++)o[i].style.display="none";for(i=0;i<a.length;i++)s=a[i],e.source===s.contentWindow&&(s.removeAttribute("style"),"height"===t.message?(1e3<(r=parseInt(t.value,10))?r=1e3:~~r<200&&(r=200),s.height=r):"link"===t.message&&(r=new URL(s.getAttribute("src")),n=new URL(t.value),c.test(n.protocol))&&n.host===r.host&&l.activeElement===s&&(d.top.location.href=t.value))}},d.addEventListener("message",d.wp.receiveEmbedMessage,!1),l.addEventListener("DOMContentLoaded",function(){for(var e,t,s=l.querySelectorAll("iframe.wp-embedded-content"),r=0;r<s.length;r++)(t=(e=s[r]).getAttribute("data-secret"))||(t=Math.random().toString(36).substring(2,12),e.src+="#?secret="+t,e.setAttribute("data-secret",t)),e.contentWindow.postMessage({message:"ready",secret:t},"*")},!1)))}(window,document);
//# sourceURL=https://turcon.es/wp/wp-includes/js/wp-embed.min.js
</script>

La Guardia Civil ha detenido a un hombre de unos 43 años como presunto autor de seis incendios que afectaron a varios espacios naturales en Gran Canaria. Los grupos ecologistas previsiblemente se personaran en la causa como acusación popular. El Servicio de Protección de La Naturaleza de la Guardia Civil (Seprona) de San Mateo inició [&hellip;]
