{"version":"1.0","provider_name":"Colectivo Ecologista Turcon","provider_url":"https:\/\/turcon.es\/wp","author_name":"Laura Fernandez","author_url":"https:\/\/turcon.es\/wp\/author\/admturcon\/","title":"Donde nacen las cuevas - Colectivo Ecologista Turcon","type":"rich","width":600,"height":338,"html":"<blockquote class=\"wp-embedded-content\" data-secret=\"wh53inmenq\"><a href=\"https:\/\/turcon.es\/wp\/donde-nacen-las-cuevas\/\">Donde nacen las cuevas<\/a><\/blockquote><iframe sandbox=\"allow-scripts\" security=\"restricted\" src=\"https:\/\/turcon.es\/wp\/donde-nacen-las-cuevas\/embed\/#?secret=wh53inmenq\" width=\"600\" height=\"338\" title=\"\u00abDonde nacen las cuevas\u00bb \u2014 Colectivo Ecologista Turcon\" data-secret=\"wh53inmenq\" frameborder=\"0\" marginwidth=\"0\" marginheight=\"0\" scrolling=\"no\" class=\"wp-embedded-content\"><\/iframe><script>\n\/*! This file is auto-generated *\/\n!function(d,l){\"use strict\";l.querySelector&&d.addEventListener&&\"undefined\"!=typeof URL&&(d.wp=d.wp||{},d.wp.receiveEmbedMessage||(d.wp.receiveEmbedMessage=function(e){var t=e.data;if((t||t.secret||t.message||t.value)&&!\/[^a-zA-Z0-9]\/.test(t.secret)){for(var s,r,n,a=l.querySelectorAll('iframe[data-secret=\"'+t.secret+'\"]'),o=l.querySelectorAll('blockquote[data-secret=\"'+t.secret+'\"]'),c=new RegExp(\"^https?:$\",\"i\"),i=0;i<o.length;i++)o[i].style.display=\"none\";for(i=0;i<a.length;i++)s=a[i],e.source===s.contentWindow&&(s.removeAttribute(\"style\"),\"height\"===t.message?(1e3<(r=parseInt(t.value,10))?r=1e3:~~r<200&&(r=200),s.height=r):\"link\"===t.message&&(r=new URL(s.getAttribute(\"src\")),n=new URL(t.value),c.test(n.protocol))&&n.host===r.host&&l.activeElement===s&&(d.top.location.href=t.value))}},d.addEventListener(\"message\",d.wp.receiveEmbedMessage,!1),l.addEventListener(\"DOMContentLoaded\",function(){for(var e,t,s=l.querySelectorAll(\"iframe.wp-embedded-content\"),r=0;r<s.length;r++)(t=(e=s[r]).getAttribute(\"data-secret\"))||(t=Math.random().toString(36).substring(2,12),e.src+=\"#?secret=\"+t,e.setAttribute(\"data-secret\",t)),e.contentWindow.postMessage({message:\"ready\",secret:t},\"*\")},!1)))}(window,document);\n\/\/# sourceURL=https:\/\/turcon.es\/wp\/wp-includes\/js\/wp-embed.min.js\n<\/script>\n","description":"La ruta del pr\u00f3ximo domingo (VIJETE) nos permitir\u00e1 recorrer espacios salvajes de la naturaleza cumbrera de Gran Canaria. Uno de los primeros objetivos de la ruta ser\u00e1 identificar el nacimiento del popular barranco de Los Cern\u00edcalos. Los senderos de esa Cuenca ser\u00e1n el inicio de una interpretada y aventurera ruta. DATOS DE LA RUTA: Ser\u00e1 [&hellip;]","thumbnail_url":"https:\/\/turcon.es\/wp\/wp-content\/uploads\/2009\/11\/09-26-11-cine-2.gif","thumbnail_width":206,"thumbnail_height":130}

La ruta del próximo domingo (VIJETE) nos permitirá recorrer espacios salvajes de la naturaleza cumbrera de Gran Canaria. Uno de los primeros objetivos de la ruta será identificar el nacimiento del popular barranco de Los Cernícalos. Los senderos de esa Cuenca serán el inicio de una interpretada y aventurera ruta. DATOS DE LA RUTA: Será [&hellip;]
