{"version":"1.0","provider_name":"Colectivo Ecologista Turcon","provider_url":"https:\/\/turcon.es\/wp","author_name":"Laura Fernandez","author_url":"https:\/\/turcon.es\/wp\/author\/admturcon\/","title":"Ecotasa, tasa tur\u00edstica y confusi\u00f3n intencionada - Colectivo Ecologista Turcon","type":"rich","width":600,"height":338,"html":"<blockquote class=\"wp-embedded-content\" data-secret=\"PZ70GqZ0eG\"><a href=\"https:\/\/turcon.es\/wp\/ecotasa-tasa-turistica-y-confusion-intencionada\/\">Ecotasa, tasa tur\u00edstica y confusi\u00f3n intencionada<\/a><\/blockquote><iframe sandbox=\"allow-scripts\" security=\"restricted\" src=\"https:\/\/turcon.es\/wp\/ecotasa-tasa-turistica-y-confusion-intencionada\/embed\/#?secret=PZ70GqZ0eG\" width=\"600\" height=\"338\" title=\"\u00abEcotasa, tasa tur\u00edstica y confusi\u00f3n intencionada\u00bb \u2014 Colectivo Ecologista Turcon\" data-secret=\"PZ70GqZ0eG\" frameborder=\"0\" marginwidth=\"0\" marginheight=\"0\" scrolling=\"no\" class=\"wp-embedded-content\"><\/iframe><script>\n\/*! This file is auto-generated *\/\n!function(d,l){\"use strict\";l.querySelector&&d.addEventListener&&\"undefined\"!=typeof URL&&(d.wp=d.wp||{},d.wp.receiveEmbedMessage||(d.wp.receiveEmbedMessage=function(e){var t=e.data;if((t||t.secret||t.message||t.value)&&!\/[^a-zA-Z0-9]\/.test(t.secret)){for(var s,r,n,a=l.querySelectorAll('iframe[data-secret=\"'+t.secret+'\"]'),o=l.querySelectorAll('blockquote[data-secret=\"'+t.secret+'\"]'),c=new RegExp(\"^https?:$\",\"i\"),i=0;i<o.length;i++)o[i].style.display=\"none\";for(i=0;i<a.length;i++)s=a[i],e.source===s.contentWindow&&(s.removeAttribute(\"style\"),\"height\"===t.message?(1e3<(r=parseInt(t.value,10))?r=1e3:~~r<200&&(r=200),s.height=r):\"link\"===t.message&&(r=new URL(s.getAttribute(\"src\")),n=new URL(t.value),c.test(n.protocol))&&n.host===r.host&&l.activeElement===s&&(d.top.location.href=t.value))}},d.addEventListener(\"message\",d.wp.receiveEmbedMessage,!1),l.addEventListener(\"DOMContentLoaded\",function(){for(var e,t,s=l.querySelectorAll(\"iframe.wp-embedded-content\"),r=0;r<s.length;r++)(t=(e=s[r]).getAttribute(\"data-secret\"))||(t=Math.random().toString(36).substring(2,12),e.src+=\"#?secret=\"+t,e.setAttribute(\"data-secret\",t)),e.contentWindow.postMessage({message:\"ready\",secret:t},\"*\")},!1)))}(window,document);\n\/\/# sourceURL=https:\/\/turcon.es\/wp\/wp-includes\/js\/wp-embed.min.js\n<\/script>\n","description":"La necesidad de implantar una ecotasa en Canarias lleva a\u00f1os sobre la mesa. Tras las manifestaciones masivas del pasado 20 de abril, el debate se ha reavivado con m\u00e1s fuerza, si cabe, y la exigencia y urgencia de su aprobaci\u00f3n son ya el grito un\u00e1nime de la ciudadan\u00eda. La ecotasa es un tipo de impuesto [&hellip;]"}

Ecotasa, tasa turística y confusión intencionada - Colectivo Ecologista Turcon

<blockquote class="wp-embedded-content" data-secret="PZ70GqZ0eG"><a href="https://turcon.es/wp/ecotasa-tasa-turistica-y-confusion-intencionada/">Ecotasa, tasa turística y confusión intencionada</a></blockquote><iframe sandbox="allow-scripts" security="restricted" src="https://turcon.es/wp/ecotasa-tasa-turistica-y-confusion-intencionada/embed/#?secret=PZ70GqZ0eG" width="600" height="338" title="«Ecotasa, tasa turística y confusión intencionada» — Colectivo Ecologista Turcon" data-secret="PZ70GqZ0eG" frameborder="0" marginwidth="0" marginheight="0" scrolling="no" class="wp-embedded-content"></iframe><script>
/*! This file is auto-generated */
!function(d,l){"use strict";l.querySelector&&d.addEventListener&&"undefined"!=typeof URL&&(d.wp=d.wp||{},d.wp.receiveEmbedMessage||(d.wp.receiveEmbedMessage=function(e){var t=e.data;if((t||t.secret||t.message||t.value)&&!/[^a-zA-Z0-9]/.test(t.secret)){for(var s,r,n,a=l.querySelectorAll('iframe[data-secret="'+t.secret+'"]'),o=l.querySelectorAll('blockquote[data-secret="'+t.secret+'"]'),c=new RegExp("^https?:$","i"),i=0;i<o.length;i++)o[i].style.display="none";for(i=0;i<a.length;i++)s=a[i],e.source===s.contentWindow&&(s.removeAttribute("style"),"height"===t.message?(1e3<(r=parseInt(t.value,10))?r=1e3:~~r<200&&(r=200),s.height=r):"link"===t.message&&(r=new URL(s.getAttribute("src")),n=new URL(t.value),c.test(n.protocol))&&n.host===r.host&&l.activeElement===s&&(d.top.location.href=t.value))}},d.addEventListener("message",d.wp.receiveEmbedMessage,!1),l.addEventListener("DOMContentLoaded",function(){for(var e,t,s=l.querySelectorAll("iframe.wp-embedded-content"),r=0;r<s.length;r++)(t=(e=s[r]).getAttribute("data-secret"))||(t=Math.random().toString(36).substring(2,12),e.src+="#?secret="+t,e.setAttribute("data-secret",t)),e.contentWindow.postMessage({message:"ready",secret:t},"*")},!1)))}(window,document);
//# sourceURL=https://turcon.es/wp/wp-includes/js/wp-embed.min.js
</script>

La necesidad de implantar una ecotasa en Canarias lleva años sobre la mesa. Tras las manifestaciones masivas del pasado 20 de abril, el debate se ha reavivado con más fuerza, si cabe, y la exigencia y urgencia de su aprobación son ya el grito unánime de la ciudadanía. La ecotasa es un tipo de impuesto [&hellip;]
