{"version":"1.0","provider_name":"Colectivo Ecologista Turcon","provider_url":"https:\/\/turcon.es\/wp","author_name":"Laura Fernandez","author_url":"https:\/\/turcon.es\/wp\/author\/admturcon\/","title":"EL ARCHIPI\u00c9LAGO N\u00d3MADA, nuevo libro. - Colectivo Ecologista Turcon","type":"rich","width":600,"height":338,"html":"<blockquote class=\"wp-embedded-content\" data-secret=\"WgKek8helu\"><a href=\"https:\/\/turcon.es\/wp\/el-archipielago-nomada-nuevo-libro\/\">EL ARCHIPI\u00c9LAGO N\u00d3MADA, nuevo libro.<\/a><\/blockquote><iframe sandbox=\"allow-scripts\" security=\"restricted\" src=\"https:\/\/turcon.es\/wp\/el-archipielago-nomada-nuevo-libro\/embed\/#?secret=WgKek8helu\" width=\"600\" height=\"338\" title=\"\u00abEL ARCHIPI\u00c9LAGO N\u00d3MADA, nuevo libro.\u00bb \u2014 Colectivo Ecologista Turcon\" data-secret=\"WgKek8helu\" frameborder=\"0\" marginwidth=\"0\" marginheight=\"0\" scrolling=\"no\" class=\"wp-embedded-content\"><\/iframe><script>\n\/*! This file is auto-generated *\/\n!function(d,l){\"use strict\";l.querySelector&&d.addEventListener&&\"undefined\"!=typeof URL&&(d.wp=d.wp||{},d.wp.receiveEmbedMessage||(d.wp.receiveEmbedMessage=function(e){var t=e.data;if((t||t.secret||t.message||t.value)&&!\/[^a-zA-Z0-9]\/.test(t.secret)){for(var s,r,n,a=l.querySelectorAll('iframe[data-secret=\"'+t.secret+'\"]'),o=l.querySelectorAll('blockquote[data-secret=\"'+t.secret+'\"]'),c=new RegExp(\"^https?:$\",\"i\"),i=0;i<o.length;i++)o[i].style.display=\"none\";for(i=0;i<a.length;i++)s=a[i],e.source===s.contentWindow&&(s.removeAttribute(\"style\"),\"height\"===t.message?(1e3<(r=parseInt(t.value,10))?r=1e3:~~r<200&&(r=200),s.height=r):\"link\"===t.message&&(r=new URL(s.getAttribute(\"src\")),n=new URL(t.value),c.test(n.protocol))&&n.host===r.host&&l.activeElement===s&&(d.top.location.href=t.value))}},d.addEventListener(\"message\",d.wp.receiveEmbedMessage,!1),l.addEventListener(\"DOMContentLoaded\",function(){for(var e,t,s=l.querySelectorAll(\"iframe.wp-embedded-content\"),r=0;r<s.length;r++)(t=(e=s[r]).getAttribute(\"data-secret\"))||(t=Math.random().toString(36).substring(2,12),e.src+=\"#?secret=\"+t,e.setAttribute(\"data-secret\",t)),e.contentWindow.postMessage({message:\"ready\",secret:t},\"*\")},!1)))}(window,document);\n\/\/# sourceURL=https:\/\/turcon.es\/wp\/wp-includes\/js\/wp-embed.min.js\n<\/script>\n","description":"\u201cEL ARCHIPI\u00c9LAGO N\u00d3MADA\u201d OBRA DEL ANTROP\u00d3LOGO MEDIOAMBIENTAL JOS\u00c9 LUIS GONZ\u00c1LEZ RUANO PRESENTADO EN LAS PALMAS DE GRAN CANARIA por Jes\u00fas Ruiz Mesa El martes 15 de mayo fue presentada en la Galer\u00eda Manuel Ojeda la obra \u201cEl archipi\u00e9lago n\u00f3mada. Un viaje libre y salvaje por las Islas Canarias\u201d, del escritor canario, Jos\u00e9 Luis Gonz\u00e1lez Ruano, [&hellip;]","thumbnail_url":"https:\/\/turcon.es\/wp\/wp-content\/uploads\/2009\/04\/113724-1p-1.jpg","thumbnail_width":249,"thumbnail_height":330}

EL ARCHIPIÉLAGO NÓMADA, nuevo libro. - Colectivo Ecologista Turcon

<blockquote class="wp-embedded-content" data-secret="WgKek8helu"><a href="https://turcon.es/wp/el-archipielago-nomada-nuevo-libro/">EL ARCHIPIÉLAGO NÓMADA, nuevo libro.</a></blockquote><iframe sandbox="allow-scripts" security="restricted" src="https://turcon.es/wp/el-archipielago-nomada-nuevo-libro/embed/#?secret=WgKek8helu" width="600" height="338" title="«EL ARCHIPIÉLAGO NÓMADA, nuevo libro.» — Colectivo Ecologista Turcon" data-secret="WgKek8helu" frameborder="0" marginwidth="0" marginheight="0" scrolling="no" class="wp-embedded-content"></iframe><script>
/*! This file is auto-generated */
!function(d,l){"use strict";l.querySelector&&d.addEventListener&&"undefined"!=typeof URL&&(d.wp=d.wp||{},d.wp.receiveEmbedMessage||(d.wp.receiveEmbedMessage=function(e){var t=e.data;if((t||t.secret||t.message||t.value)&&!/[^a-zA-Z0-9]/.test(t.secret)){for(var s,r,n,a=l.querySelectorAll('iframe[data-secret="'+t.secret+'"]'),o=l.querySelectorAll('blockquote[data-secret="'+t.secret+'"]'),c=new RegExp("^https?:$","i"),i=0;i<o.length;i++)o[i].style.display="none";for(i=0;i<a.length;i++)s=a[i],e.source===s.contentWindow&&(s.removeAttribute("style"),"height"===t.message?(1e3<(r=parseInt(t.value,10))?r=1e3:~~r<200&&(r=200),s.height=r):"link"===t.message&&(r=new URL(s.getAttribute("src")),n=new URL(t.value),c.test(n.protocol))&&n.host===r.host&&l.activeElement===s&&(d.top.location.href=t.value))}},d.addEventListener("message",d.wp.receiveEmbedMessage,!1),l.addEventListener("DOMContentLoaded",function(){for(var e,t,s=l.querySelectorAll("iframe.wp-embedded-content"),r=0;r<s.length;r++)(t=(e=s[r]).getAttribute("data-secret"))||(t=Math.random().toString(36).substring(2,12),e.src+="#?secret="+t,e.setAttribute("data-secret",t)),e.contentWindow.postMessage({message:"ready",secret:t},"*")},!1)))}(window,document);
//# sourceURL=https://turcon.es/wp/wp-includes/js/wp-embed.min.js
</script>

“EL ARCHIPIÉLAGO NÓMADA” OBRA DEL ANTROPÓLOGO MEDIOAMBIENTAL JOSÉ LUIS GONZÁLEZ RUANO PRESENTADO EN LAS PALMAS DE GRAN CANARIA por Jesús Ruiz Mesa El martes 15 de mayo fue presentada en la Galería Manuel Ojeda la obra “El archipiélago nómada. Un viaje libre y salvaje por las Islas Canarias”, del escritor canario, José Luis González Ruano, [&hellip;]
