{"version":"1.0","provider_name":"Colectivo Ecologista Turcon","provider_url":"https:\/\/turcon.es\/wp","author_name":"Laura Fernandez","author_url":"https:\/\/turcon.es\/wp\/author\/admturcon\/","title":"El descanso frente a la contaminaci\u00f3n ac\u00fastica - Colectivo Ecologista Turcon","type":"rich","width":600,"height":338,"html":"<blockquote class=\"wp-embedded-content\" data-secret=\"RBmu5FTbVo\"><a href=\"https:\/\/turcon.es\/wp\/el-descanso-frente-a-la-contaminacion-acustica\/\">El descanso frente a la contaminaci\u00f3n ac\u00fastica<\/a><\/blockquote><iframe sandbox=\"allow-scripts\" security=\"restricted\" src=\"https:\/\/turcon.es\/wp\/el-descanso-frente-a-la-contaminacion-acustica\/embed\/#?secret=RBmu5FTbVo\" width=\"600\" height=\"338\" title=\"\u00abEl descanso frente a la contaminaci\u00f3n ac\u00fastica\u00bb \u2014 Colectivo Ecologista Turcon\" data-secret=\"RBmu5FTbVo\" frameborder=\"0\" marginwidth=\"0\" marginheight=\"0\" scrolling=\"no\" class=\"wp-embedded-content\"><\/iframe><script>\n\/*! This file is auto-generated *\/\n!function(d,l){\"use strict\";l.querySelector&&d.addEventListener&&\"undefined\"!=typeof URL&&(d.wp=d.wp||{},d.wp.receiveEmbedMessage||(d.wp.receiveEmbedMessage=function(e){var t=e.data;if((t||t.secret||t.message||t.value)&&!\/[^a-zA-Z0-9]\/.test(t.secret)){for(var s,r,n,a=l.querySelectorAll('iframe[data-secret=\"'+t.secret+'\"]'),o=l.querySelectorAll('blockquote[data-secret=\"'+t.secret+'\"]'),c=new RegExp(\"^https?:$\",\"i\"),i=0;i<o.length;i++)o[i].style.display=\"none\";for(i=0;i<a.length;i++)s=a[i],e.source===s.contentWindow&&(s.removeAttribute(\"style\"),\"height\"===t.message?(1e3<(r=parseInt(t.value,10))?r=1e3:~~r<200&&(r=200),s.height=r):\"link\"===t.message&&(r=new URL(s.getAttribute(\"src\")),n=new URL(t.value),c.test(n.protocol))&&n.host===r.host&&l.activeElement===s&&(d.top.location.href=t.value))}},d.addEventListener(\"message\",d.wp.receiveEmbedMessage,!1),l.addEventListener(\"DOMContentLoaded\",function(){for(var e,t,s=l.querySelectorAll(\"iframe.wp-embedded-content\"),r=0;r<s.length;r++)(t=(e=s[r]).getAttribute(\"data-secret\"))||(t=Math.random().toString(36).substring(2,12),e.src+=\"#?secret=\"+t,e.setAttribute(\"data-secret\",t)),e.contentWindow.postMessage({message:\"ready\",secret:t},\"*\")},!1)))}(window,document);\n\/\/# sourceURL=https:\/\/turcon.es\/wp\/wp-includes\/js\/wp-embed.min.js\n<\/script>\n","description":"Nueva sentencia, en este caso del Tribunal Superior de Justicia del Pa\u00eds Vasco, que prioriza el descanso de las personas frente al ruido exterior. Una sentencia, que resolv\u00eda un conflicto desatado por el derecho al descanso de los vecinos, en contraposici\u00f3n al derecho al recreo; concluyendo que se estaba ante la pr\u00e1ctica intensiva de una [&hellip;]","thumbnail_url":"https:\/\/turcon.es\/wp\/wp-content\/uploads\/2011\/10\/noise2az51-1.gif","thumbnail_width":403,"thumbnail_height":311}

El descanso frente a la contaminación acústica - Colectivo Ecologista Turcon

<blockquote class="wp-embedded-content" data-secret="RBmu5FTbVo"><a href="https://turcon.es/wp/el-descanso-frente-a-la-contaminacion-acustica/">El descanso frente a la contaminación acústica</a></blockquote><iframe sandbox="allow-scripts" security="restricted" src="https://turcon.es/wp/el-descanso-frente-a-la-contaminacion-acustica/embed/#?secret=RBmu5FTbVo" width="600" height="338" title="«El descanso frente a la contaminación acústica» — Colectivo Ecologista Turcon" data-secret="RBmu5FTbVo" frameborder="0" marginwidth="0" marginheight="0" scrolling="no" class="wp-embedded-content"></iframe><script>
/*! This file is auto-generated */
!function(d,l){"use strict";l.querySelector&&d.addEventListener&&"undefined"!=typeof URL&&(d.wp=d.wp||{},d.wp.receiveEmbedMessage||(d.wp.receiveEmbedMessage=function(e){var t=e.data;if((t||t.secret||t.message||t.value)&&!/[^a-zA-Z0-9]/.test(t.secret)){for(var s,r,n,a=l.querySelectorAll('iframe[data-secret="'+t.secret+'"]'),o=l.querySelectorAll('blockquote[data-secret="'+t.secret+'"]'),c=new RegExp("^https?:$","i"),i=0;i<o.length;i++)o[i].style.display="none";for(i=0;i<a.length;i++)s=a[i],e.source===s.contentWindow&&(s.removeAttribute("style"),"height"===t.message?(1e3<(r=parseInt(t.value,10))?r=1e3:~~r<200&&(r=200),s.height=r):"link"===t.message&&(r=new URL(s.getAttribute("src")),n=new URL(t.value),c.test(n.protocol))&&n.host===r.host&&l.activeElement===s&&(d.top.location.href=t.value))}},d.addEventListener("message",d.wp.receiveEmbedMessage,!1),l.addEventListener("DOMContentLoaded",function(){for(var e,t,s=l.querySelectorAll("iframe.wp-embedded-content"),r=0;r<s.length;r++)(t=(e=s[r]).getAttribute("data-secret"))||(t=Math.random().toString(36).substring(2,12),e.src+="#?secret="+t,e.setAttribute("data-secret",t)),e.contentWindow.postMessage({message:"ready",secret:t},"*")},!1)))}(window,document);
//# sourceURL=https://turcon.es/wp/wp-includes/js/wp-embed.min.js
</script>

Nueva sentencia, en este caso del Tribunal Superior de Justicia del País Vasco, que prioriza el descanso de las personas frente al ruido exterior. Una sentencia, que resolvía un conflicto desatado por el derecho al descanso de los vecinos, en contraposición al derecho al recreo; concluyendo que se estaba ante la práctica intensiva de una [&hellip;]
