{"version":"1.0","provider_name":"Colectivo Ecologista Turcon","provider_url":"https:\/\/turcon.es\/wp","author_name":"Laura Fernandez","author_url":"https:\/\/turcon.es\/wp\/author\/admturcon\/","title":"EL L\u00cdO JUDICIAL DEL C.C. LAS TERRAZAS - Colectivo Ecologista Turcon","type":"rich","width":600,"height":338,"html":"<blockquote class=\"wp-embedded-content\" data-secret=\"mcm7icM3Q6\"><a href=\"https:\/\/turcon.es\/wp\/el-lio-judicial-del-c-c-las-terrazas\/\">EL L\u00cdO JUDICIAL DEL C.C. LAS TERRAZAS<\/a><\/blockquote><iframe sandbox=\"allow-scripts\" security=\"restricted\" src=\"https:\/\/turcon.es\/wp\/el-lio-judicial-del-c-c-las-terrazas\/embed\/#?secret=mcm7icM3Q6\" width=\"600\" height=\"338\" title=\"\u00abEL L\u00cdO JUDICIAL DEL C.C. LAS TERRAZAS\u00bb \u2014 Colectivo Ecologista Turcon\" data-secret=\"mcm7icM3Q6\" frameborder=\"0\" marginwidth=\"0\" marginheight=\"0\" scrolling=\"no\" class=\"wp-embedded-content\"><\/iframe><script>\n\/*! This file is auto-generated *\/\n!function(d,l){\"use strict\";l.querySelector&&d.addEventListener&&\"undefined\"!=typeof URL&&(d.wp=d.wp||{},d.wp.receiveEmbedMessage||(d.wp.receiveEmbedMessage=function(e){var t=e.data;if((t||t.secret||t.message||t.value)&&!\/[^a-zA-Z0-9]\/.test(t.secret)){for(var s,r,n,a=l.querySelectorAll('iframe[data-secret=\"'+t.secret+'\"]'),o=l.querySelectorAll('blockquote[data-secret=\"'+t.secret+'\"]'),c=new RegExp(\"^https?:$\",\"i\"),i=0;i<o.length;i++)o[i].style.display=\"none\";for(i=0;i<a.length;i++)s=a[i],e.source===s.contentWindow&&(s.removeAttribute(\"style\"),\"height\"===t.message?(1e3<(r=parseInt(t.value,10))?r=1e3:~~r<200&&(r=200),s.height=r):\"link\"===t.message&&(r=new URL(s.getAttribute(\"src\")),n=new URL(t.value),c.test(n.protocol))&&n.host===r.host&&l.activeElement===s&&(d.top.location.href=t.value))}},d.addEventListener(\"message\",d.wp.receiveEmbedMessage,!1),l.addEventListener(\"DOMContentLoaded\",function(){for(var e,t,s=l.querySelectorAll(\"iframe.wp-embedded-content\"),r=0;r<s.length;r++)(t=(e=s[r]).getAttribute(\"data-secret\"))||(t=Math.random().toString(36).substring(2,12),e.src+=\"#?secret=\"+t,e.setAttribute(\"data-secret\",t)),e.contentWindow.postMessage({message:\"ready\",secret:t},\"*\")},!1)))}(window,document);\n\/\/# sourceURL=https:\/\/turcon.es\/wp\/wp-includes\/js\/wp-embed.min.js\n<\/script>\n","description":"http:\/\/www.elindependientedecanarias.com Por Jos\u00e9 Fco. Fern\u00e1ndez Belda * \u00ab\u00c9chale vino tinto a ese auto, que no anda\u00bb, parafraseando la letra de una conocida canci\u00f3n popular canaria, es el combustible acelerador con el que har\u00eda falta cargar el tanque de la maquinaria la administraci\u00f3n de eso que se ha dado en llamar justicia y que, a mi [&hellip;]","thumbnail_url":"http:\/\/www.elindependientedecanarias.com\/demo\/public_html\/media\/\/2009\/06\/22\/00019735-constrain-100x247.jpg"}

EL LÍO JUDICIAL DEL C.C. LAS TERRAZAS - Colectivo Ecologista Turcon

<blockquote class="wp-embedded-content" data-secret="mcm7icM3Q6"><a href="https://turcon.es/wp/el-lio-judicial-del-c-c-las-terrazas/">EL LÍO JUDICIAL DEL C.C. LAS TERRAZAS</a></blockquote><iframe sandbox="allow-scripts" security="restricted" src="https://turcon.es/wp/el-lio-judicial-del-c-c-las-terrazas/embed/#?secret=mcm7icM3Q6" width="600" height="338" title="«EL LÍO JUDICIAL DEL C.C. LAS TERRAZAS» — Colectivo Ecologista Turcon" data-secret="mcm7icM3Q6" frameborder="0" marginwidth="0" marginheight="0" scrolling="no" class="wp-embedded-content"></iframe><script>
/*! This file is auto-generated */
!function(d,l){"use strict";l.querySelector&&d.addEventListener&&"undefined"!=typeof URL&&(d.wp=d.wp||{},d.wp.receiveEmbedMessage||(d.wp.receiveEmbedMessage=function(e){var t=e.data;if((t||t.secret||t.message||t.value)&&!/[^a-zA-Z0-9]/.test(t.secret)){for(var s,r,n,a=l.querySelectorAll('iframe[data-secret="'+t.secret+'"]'),o=l.querySelectorAll('blockquote[data-secret="'+t.secret+'"]'),c=new RegExp("^https?:$","i"),i=0;i<o.length;i++)o[i].style.display="none";for(i=0;i<a.length;i++)s=a[i],e.source===s.contentWindow&&(s.removeAttribute("style"),"height"===t.message?(1e3<(r=parseInt(t.value,10))?r=1e3:~~r<200&&(r=200),s.height=r):"link"===t.message&&(r=new URL(s.getAttribute("src")),n=new URL(t.value),c.test(n.protocol))&&n.host===r.host&&l.activeElement===s&&(d.top.location.href=t.value))}},d.addEventListener("message",d.wp.receiveEmbedMessage,!1),l.addEventListener("DOMContentLoaded",function(){for(var e,t,s=l.querySelectorAll("iframe.wp-embedded-content"),r=0;r<s.length;r++)(t=(e=s[r]).getAttribute("data-secret"))||(t=Math.random().toString(36).substring(2,12),e.src+="#?secret="+t,e.setAttribute("data-secret",t)),e.contentWindow.postMessage({message:"ready",secret:t},"*")},!1)))}(window,document);
//# sourceURL=https://turcon.es/wp/wp-includes/js/wp-embed.min.js
</script>

http://www.elindependientedecanarias.com Por José Fco. Fernández Belda * «Échale vino tinto a ese auto, que no anda», parafraseando la letra de una conocida canción popular canaria, es el combustible acelerador con el que haría falta cargar el tanque de la maquinaria la administración de eso que se ha dado en llamar justicia y que, a mi [&hellip;]
