{"version":"1.0","provider_name":"Colectivo Ecologista Turcon","provider_url":"https:\/\/turcon.es\/wp","author_name":"Laura Fernandez","author_url":"https:\/\/turcon.es\/wp\/author\/admturcon\/","title":"El oc\u00e9ano ya no digiere tanto carbono - Colectivo Ecologista Turcon","type":"rich","width":600,"height":338,"html":"<blockquote class=\"wp-embedded-content\" data-secret=\"qKsbiFMTVY\"><a href=\"https:\/\/turcon.es\/wp\/el-oceano-ya-no-digiere-tanto-carbono\/\">El oc\u00e9ano ya no digiere tanto carbono<\/a><\/blockquote><iframe sandbox=\"allow-scripts\" security=\"restricted\" src=\"https:\/\/turcon.es\/wp\/el-oceano-ya-no-digiere-tanto-carbono\/embed\/#?secret=qKsbiFMTVY\" width=\"600\" height=\"338\" title=\"\u00abEl oc\u00e9ano ya no digiere tanto carbono\u00bb \u2014 Colectivo Ecologista Turcon\" data-secret=\"qKsbiFMTVY\" frameborder=\"0\" marginwidth=\"0\" marginheight=\"0\" scrolling=\"no\" class=\"wp-embedded-content\"><\/iframe><script>\n\/*! This file is auto-generated *\/\n!function(d,l){\"use strict\";l.querySelector&&d.addEventListener&&\"undefined\"!=typeof URL&&(d.wp=d.wp||{},d.wp.receiveEmbedMessage||(d.wp.receiveEmbedMessage=function(e){var t=e.data;if((t||t.secret||t.message||t.value)&&!\/[^a-zA-Z0-9]\/.test(t.secret)){for(var s,r,n,a=l.querySelectorAll('iframe[data-secret=\"'+t.secret+'\"]'),o=l.querySelectorAll('blockquote[data-secret=\"'+t.secret+'\"]'),c=new RegExp(\"^https?:$\",\"i\"),i=0;i<o.length;i++)o[i].style.display=\"none\";for(i=0;i<a.length;i++)s=a[i],e.source===s.contentWindow&&(s.removeAttribute(\"style\"),\"height\"===t.message?(1e3<(r=parseInt(t.value,10))?r=1e3:~~r<200&&(r=200),s.height=r):\"link\"===t.message&&(r=new URL(s.getAttribute(\"src\")),n=new URL(t.value),c.test(n.protocol))&&n.host===r.host&&l.activeElement===s&&(d.top.location.href=t.value))}},d.addEventListener(\"message\",d.wp.receiveEmbedMessage,!1),l.addEventListener(\"DOMContentLoaded\",function(){for(var e,t,s=l.querySelectorAll(\"iframe.wp-embedded-content\"),r=0;r<s.length;r++)(t=(e=s[r]).getAttribute(\"data-secret\"))||(t=Math.random().toString(36).substring(2,12),e.src+=\"#?secret=\"+t,e.setAttribute(\"data-secret\",t)),e.contentWindow.postMessage({message:\"ready\",secret:t},\"*\")},!1)))}(window,document);\n\/\/# sourceURL=https:\/\/turcon.es\/wp\/wp-includes\/js\/wp-embed.min.js\n<\/script>\n","description":"El cambio clim\u00e1tico frena el papel del mar como sumidero de CO2 seg\u00fan investigadores del grupo Quima, que participar\u00e1 en un nuevo estudio internacional sobre las claves de este cambio. Los niveles de di\u00f3xido de carbono (CO2) absorbido en el Atl\u00e1ntico Norte en la \u00faltima d\u00e9cada son menores que los absorbidos en la d\u00e9cada de [&hellip;]","thumbnail_url":"https:\/\/turcon.es\/wp\/wp-content\/uploads\/2010\/01\/1119367864_0-1.jpg","thumbnail_width":194,"thumbnail_height":220}

El océano ya no digiere tanto carbono - Colectivo Ecologista Turcon

<blockquote class="wp-embedded-content" data-secret="qKsbiFMTVY"><a href="https://turcon.es/wp/el-oceano-ya-no-digiere-tanto-carbono/">El océano ya no digiere tanto carbono</a></blockquote><iframe sandbox="allow-scripts" security="restricted" src="https://turcon.es/wp/el-oceano-ya-no-digiere-tanto-carbono/embed/#?secret=qKsbiFMTVY" width="600" height="338" title="«El océano ya no digiere tanto carbono» — Colectivo Ecologista Turcon" data-secret="qKsbiFMTVY" frameborder="0" marginwidth="0" marginheight="0" scrolling="no" class="wp-embedded-content"></iframe><script>
/*! This file is auto-generated */
!function(d,l){"use strict";l.querySelector&&d.addEventListener&&"undefined"!=typeof URL&&(d.wp=d.wp||{},d.wp.receiveEmbedMessage||(d.wp.receiveEmbedMessage=function(e){var t=e.data;if((t||t.secret||t.message||t.value)&&!/[^a-zA-Z0-9]/.test(t.secret)){for(var s,r,n,a=l.querySelectorAll('iframe[data-secret="'+t.secret+'"]'),o=l.querySelectorAll('blockquote[data-secret="'+t.secret+'"]'),c=new RegExp("^https?:$","i"),i=0;i<o.length;i++)o[i].style.display="none";for(i=0;i<a.length;i++)s=a[i],e.source===s.contentWindow&&(s.removeAttribute("style"),"height"===t.message?(1e3<(r=parseInt(t.value,10))?r=1e3:~~r<200&&(r=200),s.height=r):"link"===t.message&&(r=new URL(s.getAttribute("src")),n=new URL(t.value),c.test(n.protocol))&&n.host===r.host&&l.activeElement===s&&(d.top.location.href=t.value))}},d.addEventListener("message",d.wp.receiveEmbedMessage,!1),l.addEventListener("DOMContentLoaded",function(){for(var e,t,s=l.querySelectorAll("iframe.wp-embedded-content"),r=0;r<s.length;r++)(t=(e=s[r]).getAttribute("data-secret"))||(t=Math.random().toString(36).substring(2,12),e.src+="#?secret="+t,e.setAttribute("data-secret",t)),e.contentWindow.postMessage({message:"ready",secret:t},"*")},!1)))}(window,document);
//# sourceURL=https://turcon.es/wp/wp-includes/js/wp-embed.min.js
</script>

El cambio climático frena el papel del mar como sumidero de CO2 según investigadores del grupo Quima, que participará en un nuevo estudio internacional sobre las claves de este cambio. Los niveles de dióxido de carbono (CO2) absorbido en el Atlántico Norte en la última década son menores que los absorbidos en la década de [&hellip;]
