{"version":"1.0","provider_name":"Colectivo Ecologista Turcon","provider_url":"https:\/\/turcon.es\/wp","author_name":"Laura Fernandez","author_url":"https:\/\/turcon.es\/wp\/author\/admturcon\/","title":"El rinoceronte de Java se extingue en Vietnam - Colectivo Ecologista Turcon","type":"rich","width":600,"height":338,"html":"<blockquote class=\"wp-embedded-content\" data-secret=\"XQPEWJoaKu\"><a href=\"https:\/\/turcon.es\/wp\/el-rinoceronte-de-java-se-extingue-en-vietnam\/\">El rinoceronte de Java se extingue en Vietnam<\/a><\/blockquote><iframe sandbox=\"allow-scripts\" security=\"restricted\" src=\"https:\/\/turcon.es\/wp\/el-rinoceronte-de-java-se-extingue-en-vietnam\/embed\/#?secret=XQPEWJoaKu\" width=\"600\" height=\"338\" title=\"\u00abEl rinoceronte de Java se extingue en Vietnam\u00bb \u2014 Colectivo Ecologista Turcon\" data-secret=\"XQPEWJoaKu\" frameborder=\"0\" marginwidth=\"0\" marginheight=\"0\" scrolling=\"no\" class=\"wp-embedded-content\"><\/iframe><script>\n\/*! This file is auto-generated *\/\n!function(d,l){\"use strict\";l.querySelector&&d.addEventListener&&\"undefined\"!=typeof URL&&(d.wp=d.wp||{},d.wp.receiveEmbedMessage||(d.wp.receiveEmbedMessage=function(e){var t=e.data;if((t||t.secret||t.message||t.value)&&!\/[^a-zA-Z0-9]\/.test(t.secret)){for(var s,r,n,a=l.querySelectorAll('iframe[data-secret=\"'+t.secret+'\"]'),o=l.querySelectorAll('blockquote[data-secret=\"'+t.secret+'\"]'),c=new RegExp(\"^https?:$\",\"i\"),i=0;i<o.length;i++)o[i].style.display=\"none\";for(i=0;i<a.length;i++)s=a[i],e.source===s.contentWindow&&(s.removeAttribute(\"style\"),\"height\"===t.message?(1e3<(r=parseInt(t.value,10))?r=1e3:~~r<200&&(r=200),s.height=r):\"link\"===t.message&&(r=new URL(s.getAttribute(\"src\")),n=new URL(t.value),c.test(n.protocol))&&n.host===r.host&&l.activeElement===s&&(d.top.location.href=t.value))}},d.addEventListener(\"message\",d.wp.receiveEmbedMessage,!1),l.addEventListener(\"DOMContentLoaded\",function(){for(var e,t,s=l.querySelectorAll(\"iframe.wp-embedded-content\"),r=0;r<s.length;r++)(t=(e=s[r]).getAttribute(\"data-secret\"))||(t=Math.random().toString(36).substring(2,12),e.src+=\"#?secret=\"+t,e.setAttribute(\"data-secret\",t)),e.contentWindow.postMessage({message:\"ready\",secret:t},\"*\")},!1)))}(window,document);\n\/\/# sourceURL=https:\/\/turcon.es\/wp\/wp-includes\/js\/wp-embed.min.js\n<\/script>\n","description":"Las muestras gen\u00e9ticas recogidas en 2010 en el Parque Nacional de Cat Tien, en Vietnam, han confirmado la muerte del \u00faltimo ejemplar de una de las subespecies del rinoceronte de Java en el Sudeste Asi\u00e1tico a manos de la caza furtiva, seg\u00fan el Fondo Mundial de la Naturaleza (WWF). El animal muri\u00f3 despu\u00e9s de que [&hellip;]","thumbnail_url":"https:\/\/turcon.es\/wp\/wp-content\/uploads\/2011\/10\/1319543550_1-1.jpg","thumbnail_width":470,"thumbnail_height":313}

Las muestras genéticas recogidas en 2010 en el Parque Nacional de Cat Tien, en Vietnam, han confirmado la muerte del último ejemplar de una de las subespecies del rinoceronte de Java en el Sudeste Asiático a manos de la caza furtiva, según el Fondo Mundial de la Naturaleza (WWF). El animal murió después de que [&hellip;]
