{"version":"1.0","provider_name":"Colectivo Ecologista Turcon","provider_url":"https:\/\/turcon.es\/wp","author_name":"Laura Fernandez","author_url":"https:\/\/turcon.es\/wp\/author\/admturcon\/","title":"El Ventayga pas\u00f3 por Lugo - Colectivo Ecologista Turcon","type":"rich","width":600,"height":338,"html":"<blockquote class=\"wp-embedded-content\" data-secret=\"dJcOR0GJGw\"><a href=\"https:\/\/turcon.es\/wp\/el-ventayga-paso-por-lugo\/\">El Ventayga pas\u00f3 por Lugo<\/a><\/blockquote><iframe sandbox=\"allow-scripts\" security=\"restricted\" src=\"https:\/\/turcon.es\/wp\/el-ventayga-paso-por-lugo\/embed\/#?secret=dJcOR0GJGw\" width=\"600\" height=\"338\" title=\"\u00abEl Ventayga pas\u00f3 por Lugo\u00bb \u2014 Colectivo Ecologista Turcon\" data-secret=\"dJcOR0GJGw\" frameborder=\"0\" marginwidth=\"0\" marginheight=\"0\" scrolling=\"no\" class=\"wp-embedded-content\"><\/iframe><script>\n\/*! This file is auto-generated *\/\n!function(d,l){\"use strict\";l.querySelector&&d.addEventListener&&\"undefined\"!=typeof URL&&(d.wp=d.wp||{},d.wp.receiveEmbedMessage||(d.wp.receiveEmbedMessage=function(e){var t=e.data;if((t||t.secret||t.message||t.value)&&!\/[^a-zA-Z0-9]\/.test(t.secret)){for(var s,r,n,a=l.querySelectorAll('iframe[data-secret=\"'+t.secret+'\"]'),o=l.querySelectorAll('blockquote[data-secret=\"'+t.secret+'\"]'),c=new RegExp(\"^https?:$\",\"i\"),i=0;i<o.length;i++)o[i].style.display=\"none\";for(i=0;i<a.length;i++)s=a[i],e.source===s.contentWindow&&(s.removeAttribute(\"style\"),\"height\"===t.message?(1e3<(r=parseInt(t.value,10))?r=1e3:~~r<200&&(r=200),s.height=r):\"link\"===t.message&&(r=new URL(s.getAttribute(\"src\")),n=new URL(t.value),c.test(n.protocol))&&n.host===r.host&&l.activeElement===s&&(d.top.location.href=t.value))}},d.addEventListener(\"message\",d.wp.receiveEmbedMessage,!1),l.addEventListener(\"DOMContentLoaded\",function(){for(var e,t,s=l.querySelectorAll(\"iframe.wp-embedded-content\"),r=0;r<s.length;r++)(t=(e=s[r]).getAttribute(\"data-secret\"))||(t=Math.random().toString(36).substring(2,12),e.src+=\"#?secret=\"+t,e.setAttribute(\"data-secret\",t)),e.contentWindow.postMessage({message:\"ready\",secret:t},\"*\")},!1)))}(window,document);\n\/\/# sourceURL=https:\/\/turcon.es\/wp\/wp-includes\/js\/wp-embed.min.js\n<\/script>\n","description":"Damos cuenta del \u00e9xito de nuestro compa\u00f1ero Jos\u00e9 Manuel Espi\u00f1o Meil\u00e1n en su ciudad natal, Lugo. Hasta all\u00ed llev\u00f3 su \u00faltimo libro, centrado en la ruta jacobea, \u201cVentayga, el enigma del nemeth\u201d. M\u00e1s de 30 personas le acompa\u00f1aron en esta presentaci\u00f3n el pasado 22 de diciembre de 2017. En el transcurso de la acci\u00f3n novelada, [&hellip;]","thumbnail_url":"https:\/\/turcon.es\/wp\/wp-content\/uploads\/2009\/02\/2-trapiche_big2-3-150x150.jpg"}

El Ventayga pasó por Lugo - Colectivo Ecologista Turcon

<blockquote class="wp-embedded-content" data-secret="dJcOR0GJGw"><a href="https://turcon.es/wp/el-ventayga-paso-por-lugo/">El Ventayga pasó por Lugo</a></blockquote><iframe sandbox="allow-scripts" security="restricted" src="https://turcon.es/wp/el-ventayga-paso-por-lugo/embed/#?secret=dJcOR0GJGw" width="600" height="338" title="«El Ventayga pasó por Lugo» — Colectivo Ecologista Turcon" data-secret="dJcOR0GJGw" frameborder="0" marginwidth="0" marginheight="0" scrolling="no" class="wp-embedded-content"></iframe><script>
/*! This file is auto-generated */
!function(d,l){"use strict";l.querySelector&&d.addEventListener&&"undefined"!=typeof URL&&(d.wp=d.wp||{},d.wp.receiveEmbedMessage||(d.wp.receiveEmbedMessage=function(e){var t=e.data;if((t||t.secret||t.message||t.value)&&!/[^a-zA-Z0-9]/.test(t.secret)){for(var s,r,n,a=l.querySelectorAll('iframe[data-secret="'+t.secret+'"]'),o=l.querySelectorAll('blockquote[data-secret="'+t.secret+'"]'),c=new RegExp("^https?:$","i"),i=0;i<o.length;i++)o[i].style.display="none";for(i=0;i<a.length;i++)s=a[i],e.source===s.contentWindow&&(s.removeAttribute("style"),"height"===t.message?(1e3<(r=parseInt(t.value,10))?r=1e3:~~r<200&&(r=200),s.height=r):"link"===t.message&&(r=new URL(s.getAttribute("src")),n=new URL(t.value),c.test(n.protocol))&&n.host===r.host&&l.activeElement===s&&(d.top.location.href=t.value))}},d.addEventListener("message",d.wp.receiveEmbedMessage,!1),l.addEventListener("DOMContentLoaded",function(){for(var e,t,s=l.querySelectorAll("iframe.wp-embedded-content"),r=0;r<s.length;r++)(t=(e=s[r]).getAttribute("data-secret"))||(t=Math.random().toString(36).substring(2,12),e.src+="#?secret="+t,e.setAttribute("data-secret",t)),e.contentWindow.postMessage({message:"ready",secret:t},"*")},!1)))}(window,document);
//# sourceURL=https://turcon.es/wp/wp-includes/js/wp-embed.min.js
</script>

Damos cuenta del éxito de nuestro compañero José Manuel Espiño Meilán en su ciudad natal, Lugo. Hasta allí llevó su último libro, centrado en la ruta jacobea, “Ventayga, el enigma del nemeth”. Más de 30 personas le acompañaron en esta presentación el pasado 22 de diciembre de 2017. En el transcurso de la acción novelada, [&hellip;]
