{"version":"1.0","provider_name":"Colectivo Ecologista Turcon","provider_url":"https:\/\/turcon.es\/wp","author_name":"Laura Fernandez","author_url":"https:\/\/turcon.es\/wp\/author\/admturcon\/","title":"En Arucas el \"Ventayga\" de Espi\u00f1o - Colectivo Ecologista Turcon","type":"rich","width":600,"height":338,"html":"<blockquote class=\"wp-embedded-content\" data-secret=\"BJdEVEshXb\"><a href=\"https:\/\/turcon.es\/wp\/en-arucas-el-ventayga-de-espino\/\">En Arucas el \u00abVentayga\u00bb de Espi\u00f1o<\/a><\/blockquote><iframe sandbox=\"allow-scripts\" security=\"restricted\" src=\"https:\/\/turcon.es\/wp\/en-arucas-el-ventayga-de-espino\/embed\/#?secret=BJdEVEshXb\" width=\"600\" height=\"338\" title=\"\u00abEn Arucas el \u00abVentayga\u00bb de Espi\u00f1o\u00bb \u2014 Colectivo Ecologista Turcon\" data-secret=\"BJdEVEshXb\" frameborder=\"0\" marginwidth=\"0\" marginheight=\"0\" scrolling=\"no\" class=\"wp-embedded-content\"><\/iframe><script>\n\/*! This file is auto-generated *\/\n!function(d,l){\"use strict\";l.querySelector&&d.addEventListener&&\"undefined\"!=typeof URL&&(d.wp=d.wp||{},d.wp.receiveEmbedMessage||(d.wp.receiveEmbedMessage=function(e){var t=e.data;if((t||t.secret||t.message||t.value)&&!\/[^a-zA-Z0-9]\/.test(t.secret)){for(var s,r,n,a=l.querySelectorAll('iframe[data-secret=\"'+t.secret+'\"]'),o=l.querySelectorAll('blockquote[data-secret=\"'+t.secret+'\"]'),c=new RegExp(\"^https?:$\",\"i\"),i=0;i<o.length;i++)o[i].style.display=\"none\";for(i=0;i<a.length;i++)s=a[i],e.source===s.contentWindow&&(s.removeAttribute(\"style\"),\"height\"===t.message?(1e3<(r=parseInt(t.value,10))?r=1e3:~~r<200&&(r=200),s.height=r):\"link\"===t.message&&(r=new URL(s.getAttribute(\"src\")),n=new URL(t.value),c.test(n.protocol))&&n.host===r.host&&l.activeElement===s&&(d.top.location.href=t.value))}},d.addEventListener(\"message\",d.wp.receiveEmbedMessage,!1),l.addEventListener(\"DOMContentLoaded\",function(){for(var e,t,s=l.querySelectorAll(\"iframe.wp-embedded-content\"),r=0;r<s.length;r++)(t=(e=s[r]).getAttribute(\"data-secret\"))||(t=Math.random().toString(36).substring(2,12),e.src+=\"#?secret=\"+t,e.setAttribute(\"data-secret\",t)),e.contentWindow.postMessage({message:\"ready\",secret:t},\"*\")},!1)))}(window,document);\n\/\/# sourceURL=https:\/\/turcon.es\/wp\/wp-includes\/js\/wp-embed.min.js\n<\/script>\n","description":"En la tarde noche del jueves 30 de noviembre de 2017 se present\u00f3 en el Centro Municipal de Cultura de Arucas en libro \u00abVENTAYGA. El enigma del nemeth\u00bb, de Jos\u00e9 Manuel Espi\u00f1o Meil\u00e1n. Durante algo m\u00e1s de una hora se desarroll\u00f3 un ameno acto en el que el poeta Julio P\u00e9rez, haciendo las labores de [&hellip;]","thumbnail_url":"https:\/\/turcon.es\/wp\/wp-content\/uploads\/2009\/01\/logo-eco-lp1-3.jpg"}

En Arucas el "Ventayga" de Espiño - Colectivo Ecologista Turcon

<blockquote class="wp-embedded-content" data-secret="BJdEVEshXb"><a href="https://turcon.es/wp/en-arucas-el-ventayga-de-espino/">En Arucas el «Ventayga» de Espiño</a></blockquote><iframe sandbox="allow-scripts" security="restricted" src="https://turcon.es/wp/en-arucas-el-ventayga-de-espino/embed/#?secret=BJdEVEshXb" width="600" height="338" title="«En Arucas el «Ventayga» de Espiño» — Colectivo Ecologista Turcon" data-secret="BJdEVEshXb" frameborder="0" marginwidth="0" marginheight="0" scrolling="no" class="wp-embedded-content"></iframe><script>
/*! This file is auto-generated */
!function(d,l){"use strict";l.querySelector&&d.addEventListener&&"undefined"!=typeof URL&&(d.wp=d.wp||{},d.wp.receiveEmbedMessage||(d.wp.receiveEmbedMessage=function(e){var t=e.data;if((t||t.secret||t.message||t.value)&&!/[^a-zA-Z0-9]/.test(t.secret)){for(var s,r,n,a=l.querySelectorAll('iframe[data-secret="'+t.secret+'"]'),o=l.querySelectorAll('blockquote[data-secret="'+t.secret+'"]'),c=new RegExp("^https?:$","i"),i=0;i<o.length;i++)o[i].style.display="none";for(i=0;i<a.length;i++)s=a[i],e.source===s.contentWindow&&(s.removeAttribute("style"),"height"===t.message?(1e3<(r=parseInt(t.value,10))?r=1e3:~~r<200&&(r=200),s.height=r):"link"===t.message&&(r=new URL(s.getAttribute("src")),n=new URL(t.value),c.test(n.protocol))&&n.host===r.host&&l.activeElement===s&&(d.top.location.href=t.value))}},d.addEventListener("message",d.wp.receiveEmbedMessage,!1),l.addEventListener("DOMContentLoaded",function(){for(var e,t,s=l.querySelectorAll("iframe.wp-embedded-content"),r=0;r<s.length;r++)(t=(e=s[r]).getAttribute("data-secret"))||(t=Math.random().toString(36).substring(2,12),e.src+="#?secret="+t,e.setAttribute("data-secret",t)),e.contentWindow.postMessage({message:"ready",secret:t},"*")},!1)))}(window,document);
//# sourceURL=https://turcon.es/wp/wp-includes/js/wp-embed.min.js
</script>

En la tarde noche del jueves 30 de noviembre de 2017 se presentó en el Centro Municipal de Cultura de Arucas en libro «VENTAYGA. El enigma del nemeth», de José Manuel Espiño Meilán. Durante algo más de una hora se desarrolló un ameno acto en el que el poeta Julio Pérez, haciendo las labores de [&hellip;]
