{"version":"1.0","provider_name":"Colectivo Ecologista Turcon","provider_url":"https:\/\/turcon.es\/wp","author_name":"Laura Fernandez","author_url":"https:\/\/turcon.es\/wp\/author\/admturcon\/","title":"Encuentro de Movimientos Sociales de Canarias - Colectivo Ecologista Turcon","type":"rich","width":600,"height":338,"html":"<blockquote class=\"wp-embedded-content\" data-secret=\"8aTeaD4PDj\"><a href=\"https:\/\/turcon.es\/wp\/encuentro-de-movimientos-sociales-de-canarias\/\">Encuentro de Movimientos Sociales de Canarias<\/a><\/blockquote><iframe sandbox=\"allow-scripts\" security=\"restricted\" src=\"https:\/\/turcon.es\/wp\/encuentro-de-movimientos-sociales-de-canarias\/embed\/#?secret=8aTeaD4PDj\" width=\"600\" height=\"338\" title=\"\u00abEncuentro de Movimientos Sociales de Canarias\u00bb \u2014 Colectivo Ecologista Turcon\" data-secret=\"8aTeaD4PDj\" frameborder=\"0\" marginwidth=\"0\" marginheight=\"0\" scrolling=\"no\" class=\"wp-embedded-content\"><\/iframe><script>\n\/*! This file is auto-generated *\/\n!function(d,l){\"use strict\";l.querySelector&&d.addEventListener&&\"undefined\"!=typeof URL&&(d.wp=d.wp||{},d.wp.receiveEmbedMessage||(d.wp.receiveEmbedMessage=function(e){var t=e.data;if((t||t.secret||t.message||t.value)&&!\/[^a-zA-Z0-9]\/.test(t.secret)){for(var s,r,n,a=l.querySelectorAll('iframe[data-secret=\"'+t.secret+'\"]'),o=l.querySelectorAll('blockquote[data-secret=\"'+t.secret+'\"]'),c=new RegExp(\"^https?:$\",\"i\"),i=0;i<o.length;i++)o[i].style.display=\"none\";for(i=0;i<a.length;i++)s=a[i],e.source===s.contentWindow&&(s.removeAttribute(\"style\"),\"height\"===t.message?(1e3<(r=parseInt(t.value,10))?r=1e3:~~r<200&&(r=200),s.height=r):\"link\"===t.message&&(r=new URL(s.getAttribute(\"src\")),n=new URL(t.value),c.test(n.protocol))&&n.host===r.host&&l.activeElement===s&&(d.top.location.href=t.value))}},d.addEventListener(\"message\",d.wp.receiveEmbedMessage,!1),l.addEventListener(\"DOMContentLoaded\",function(){for(var e,t,s=l.querySelectorAll(\"iframe.wp-embedded-content\"),r=0;r<s.length;r++)(t=(e=s[r]).getAttribute(\"data-secret\"))||(t=Math.random().toString(36).substring(2,12),e.src+=\"#?secret=\"+t,e.setAttribute(\"data-secret\",t)),e.contentWindow.postMessage({message:\"ready\",secret:t},\"*\")},!1)))}(window,document);\n\/\/# sourceURL=https:\/\/turcon.es\/wp\/wp-includes\/js\/wp-embed.min.js\n<\/script>\n","description":"Las fechas del encuentro 17, 18,\u00a019 de\u00a0Diciembre de 2010 en Las Palmas de Gran Canaria Pulsa sobre los enlaces para m\u00e1s informaci\u00f3n. Programa Inscripci\u00f3n Declaraci\u00f3n de Geneto Sitemap Esp\u00edritu de Geneto: El millo plantado El pasado 29 de Mayo, v\u00edspera de D\u00eda de Canarias, varios colectivos sociales nos auto convocamos en Geneto, t\u00e9rmino municipal de [&hellip;]","thumbnail_url":"https:\/\/turcon.es\/wp\/wp-content\/uploads\/2010\/12\/geneto-1.jpg","thumbnail_width":200,"thumbnail_height":150}

Las fechas del encuentro 17, 18, 19 de Diciembre de 2010 en Las Palmas de Gran Canaria Pulsa sobre los enlaces para más información. Programa Inscripción Declaración de Geneto Sitemap Espíritu de Geneto: El millo plantado El pasado 29 de Mayo, víspera de Día de Canarias, varios colectivos sociales nos auto convocamos en Geneto, término municipal de [&hellip;]
