{"version":"1.0","provider_name":"Colectivo Ecologista Turcon","provider_url":"https:\/\/turcon.es\/wp","author_name":"Laura Fernandez","author_url":"https:\/\/turcon.es\/wp\/author\/admturcon\/","title":"Entretenida ruta a Los Sitios - Colectivo Ecologista Turcon","type":"rich","width":600,"height":338,"html":"<blockquote class=\"wp-embedded-content\" data-secret=\"1SRQbWHgYL\"><a href=\"https:\/\/turcon.es\/wp\/entretenida-ruta-a-los-sitios\/\">Entretenida ruta a Los Sitios<\/a><\/blockquote><iframe sandbox=\"allow-scripts\" security=\"restricted\" src=\"https:\/\/turcon.es\/wp\/entretenida-ruta-a-los-sitios\/embed\/#?secret=1SRQbWHgYL\" width=\"600\" height=\"338\" title=\"\u00abEntretenida ruta a Los Sitios\u00bb \u2014 Colectivo Ecologista Turcon\" data-secret=\"1SRQbWHgYL\" frameborder=\"0\" marginwidth=\"0\" marginheight=\"0\" scrolling=\"no\" class=\"wp-embedded-content\"><\/iframe><script>\n\/*! This file is auto-generated *\/\n!function(d,l){\"use strict\";l.querySelector&&d.addEventListener&&\"undefined\"!=typeof URL&&(d.wp=d.wp||{},d.wp.receiveEmbedMessage||(d.wp.receiveEmbedMessage=function(e){var t=e.data;if((t||t.secret||t.message||t.value)&&!\/[^a-zA-Z0-9]\/.test(t.secret)){for(var s,r,n,a=l.querySelectorAll('iframe[data-secret=\"'+t.secret+'\"]'),o=l.querySelectorAll('blockquote[data-secret=\"'+t.secret+'\"]'),c=new RegExp(\"^https?:$\",\"i\"),i=0;i<o.length;i++)o[i].style.display=\"none\";for(i=0;i<a.length;i++)s=a[i],e.source===s.contentWindow&&(s.removeAttribute(\"style\"),\"height\"===t.message?(1e3<(r=parseInt(t.value,10))?r=1e3:~~r<200&&(r=200),s.height=r):\"link\"===t.message&&(r=new URL(s.getAttribute(\"src\")),n=new URL(t.value),c.test(n.protocol))&&n.host===r.host&&l.activeElement===s&&(d.top.location.href=t.value))}},d.addEventListener(\"message\",d.wp.receiveEmbedMessage,!1),l.addEventListener(\"DOMContentLoaded\",function(){for(var e,t,s=l.querySelectorAll(\"iframe.wp-embedded-content\"),r=0;r<s.length;r++)(t=(e=s[r]).getAttribute(\"data-secret\"))||(t=Math.random().toString(36).substring(2,12),e.src+=\"#?secret=\"+t,e.setAttribute(\"data-secret\",t)),e.contentWindow.postMessage({message:\"ready\",secret:t},\"*\")},!1)))}(window,document);\n\/\/# sourceURL=https:\/\/turcon.es\/wp\/wp-includes\/js\/wp-embed.min.js\n<\/script>\n","description":"Buena participaci\u00f3n en una ruta por uno de los lugares m\u00e1s rec\u00f3nditos de Las Tirajanas. Apenas 8 km de longitud y con un calor que se mitigaba con una brisa fresca. Cada km par\u00e1bamos en la sombra por lo que la excursi\u00f3n se hizo muy c\u00f3moda. Al finalizar visitamos el Centro de Interpretaci\u00f3n de La [&hellip;]","thumbnail_url":"https:\/\/turcon.es\/wp\/wp-content\/uploads\/2015\/05\/p1190292-scaled.jpg","thumbnail_width":2560,"thumbnail_height":1920}

Buena participación en una ruta por uno de los lugares más recónditos de Las Tirajanas. Apenas 8 km de longitud y con un calor que se mitigaba con una brisa fresca. Cada km parábamos en la sombra por lo que la excursión se hizo muy cómoda. Al finalizar visitamos el Centro de Interpretación de La [&hellip;]
