{"version":"1.0","provider_name":"Colectivo Ecologista Turcon","provider_url":"https:\/\/turcon.es\/wp","author_name":"Laura Fernandez","author_url":"https:\/\/turcon.es\/wp\/author\/admturcon\/","title":"Espa\u00f1a se quema entre recortes - Colectivo Ecologista Turcon","type":"rich","width":600,"height":338,"html":"<blockquote class=\"wp-embedded-content\" data-secret=\"0gwbvHu03l\"><a href=\"https:\/\/turcon.es\/wp\/espana-se-quema-entre-recortes\/\">Espa\u00f1a se quema entre recortes<\/a><\/blockquote><iframe sandbox=\"allow-scripts\" security=\"restricted\" src=\"https:\/\/turcon.es\/wp\/espana-se-quema-entre-recortes\/embed\/#?secret=0gwbvHu03l\" width=\"600\" height=\"338\" title=\"\u00abEspa\u00f1a se quema entre recortes\u00bb \u2014 Colectivo Ecologista Turcon\" data-secret=\"0gwbvHu03l\" frameborder=\"0\" marginwidth=\"0\" marginheight=\"0\" scrolling=\"no\" class=\"wp-embedded-content\"><\/iframe><script>\n\/*! This file is auto-generated *\/\n!function(d,l){\"use strict\";l.querySelector&&d.addEventListener&&\"undefined\"!=typeof URL&&(d.wp=d.wp||{},d.wp.receiveEmbedMessage||(d.wp.receiveEmbedMessage=function(e){var t=e.data;if((t||t.secret||t.message||t.value)&&!\/[^a-zA-Z0-9]\/.test(t.secret)){for(var s,r,n,a=l.querySelectorAll('iframe[data-secret=\"'+t.secret+'\"]'),o=l.querySelectorAll('blockquote[data-secret=\"'+t.secret+'\"]'),c=new RegExp(\"^https?:$\",\"i\"),i=0;i<o.length;i++)o[i].style.display=\"none\";for(i=0;i<a.length;i++)s=a[i],e.source===s.contentWindow&&(s.removeAttribute(\"style\"),\"height\"===t.message?(1e3<(r=parseInt(t.value,10))?r=1e3:~~r<200&&(r=200),s.height=r):\"link\"===t.message&&(r=new URL(s.getAttribute(\"src\")),n=new URL(t.value),c.test(n.protocol))&&n.host===r.host&&l.activeElement===s&&(d.top.location.href=t.value))}},d.addEventListener(\"message\",d.wp.receiveEmbedMessage,!1),l.addEventListener(\"DOMContentLoaded\",function(){for(var e,t,s=l.querySelectorAll(\"iframe.wp-embedded-content\"),r=0;r<s.length;r++)(t=(e=s[r]).getAttribute(\"data-secret\"))||(t=Math.random().toString(36).substring(2,12),e.src+=\"#?secret=\"+t,e.setAttribute(\"data-secret\",t)),e.contentWindow.postMessage({message:\"ready\",secret:t},\"*\")},!1)))}(window,document);\n\/\/# sourceURL=https:\/\/turcon.es\/wp\/wp-includes\/js\/wp-embed.min.js\n<\/script>\n","description":"EL PEOR A\u00d1O DE INCENDIOS COINCIDE CON EL DE MENOS EFECTIVOS CONTRA EL\u00a0 FUEGO Fuente:\u00a0 El Pa\u00eds\u00a0 &#8211;\u00a0 Recopilatorio de noticias El peor verano del \u00faltimo decenio, con m\u00e1s de 132.000 hect\u00e1reas de superficie forestal calcinadas, m\u00e1s del triple que en el mismo periodo de 2011, coincide con un a\u00f1o de calor extremo y de [&hellip;]","thumbnail_url":"https:\/\/turcon.es\/wp\/wp-content\/uploads\/2012\/08\/la-gomera.jpg","thumbnail_width":815,"thumbnail_height":544}

España se quema entre recortes - Colectivo Ecologista Turcon

<blockquote class="wp-embedded-content" data-secret="0gwbvHu03l"><a href="https://turcon.es/wp/espana-se-quema-entre-recortes/">España se quema entre recortes</a></blockquote><iframe sandbox="allow-scripts" security="restricted" src="https://turcon.es/wp/espana-se-quema-entre-recortes/embed/#?secret=0gwbvHu03l" width="600" height="338" title="«España se quema entre recortes» — Colectivo Ecologista Turcon" data-secret="0gwbvHu03l" frameborder="0" marginwidth="0" marginheight="0" scrolling="no" class="wp-embedded-content"></iframe><script>
/*! This file is auto-generated */
!function(d,l){"use strict";l.querySelector&&d.addEventListener&&"undefined"!=typeof URL&&(d.wp=d.wp||{},d.wp.receiveEmbedMessage||(d.wp.receiveEmbedMessage=function(e){var t=e.data;if((t||t.secret||t.message||t.value)&&!/[^a-zA-Z0-9]/.test(t.secret)){for(var s,r,n,a=l.querySelectorAll('iframe[data-secret="'+t.secret+'"]'),o=l.querySelectorAll('blockquote[data-secret="'+t.secret+'"]'),c=new RegExp("^https?:$","i"),i=0;i<o.length;i++)o[i].style.display="none";for(i=0;i<a.length;i++)s=a[i],e.source===s.contentWindow&&(s.removeAttribute("style"),"height"===t.message?(1e3<(r=parseInt(t.value,10))?r=1e3:~~r<200&&(r=200),s.height=r):"link"===t.message&&(r=new URL(s.getAttribute("src")),n=new URL(t.value),c.test(n.protocol))&&n.host===r.host&&l.activeElement===s&&(d.top.location.href=t.value))}},d.addEventListener("message",d.wp.receiveEmbedMessage,!1),l.addEventListener("DOMContentLoaded",function(){for(var e,t,s=l.querySelectorAll("iframe.wp-embedded-content"),r=0;r<s.length;r++)(t=(e=s[r]).getAttribute("data-secret"))||(t=Math.random().toString(36).substring(2,12),e.src+="#?secret="+t,e.setAttribute("data-secret",t)),e.contentWindow.postMessage({message:"ready",secret:t},"*")},!1)))}(window,document);
//# sourceURL=https://turcon.es/wp/wp-includes/js/wp-embed.min.js
</script>

EL PEOR AÑO DE INCENDIOS COINCIDE CON EL DE MENOS EFECTIVOS CONTRA EL  FUEGO Fuente:  El País  &#8211;  Recopilatorio de noticias El peor verano del último decenio, con más de 132.000 hectáreas de superficie forestal calcinadas, más del triple que en el mismo periodo de 2011, coincide con un año de calor extremo y de [&hellip;]
