{"version":"1.0","provider_name":"Colectivo Ecologista Turcon","provider_url":"https:\/\/turcon.es\/wp","author_name":"Laura Fernandez","author_url":"https:\/\/turcon.es\/wp\/author\/admturcon\/","title":"Especial energia nuclear en revista El Ecologista - Colectivo Ecologista Turcon","type":"rich","width":600,"height":338,"html":"<blockquote class=\"wp-embedded-content\" data-secret=\"XLR2MEavMf\"><a href=\"https:\/\/turcon.es\/wp\/especial-energia-nuclear-en-revista-el-ecologista\/\">Especial energia nuclear en revista El Ecologista<\/a><\/blockquote><iframe sandbox=\"allow-scripts\" security=\"restricted\" src=\"https:\/\/turcon.es\/wp\/especial-energia-nuclear-en-revista-el-ecologista\/embed\/#?secret=XLR2MEavMf\" width=\"600\" height=\"338\" title=\"\u00abEspecial energia nuclear en revista El Ecologista\u00bb \u2014 Colectivo Ecologista Turcon\" data-secret=\"XLR2MEavMf\" frameborder=\"0\" marginwidth=\"0\" marginheight=\"0\" scrolling=\"no\" class=\"wp-embedded-content\"><\/iframe><script>\n\/*! This file is auto-generated *\/\n!function(d,l){\"use strict\";l.querySelector&&d.addEventListener&&\"undefined\"!=typeof URL&&(d.wp=d.wp||{},d.wp.receiveEmbedMessage||(d.wp.receiveEmbedMessage=function(e){var t=e.data;if((t||t.secret||t.message||t.value)&&!\/[^a-zA-Z0-9]\/.test(t.secret)){for(var s,r,n,a=l.querySelectorAll('iframe[data-secret=\"'+t.secret+'\"]'),o=l.querySelectorAll('blockquote[data-secret=\"'+t.secret+'\"]'),c=new RegExp(\"^https?:$\",\"i\"),i=0;i<o.length;i++)o[i].style.display=\"none\";for(i=0;i<a.length;i++)s=a[i],e.source===s.contentWindow&&(s.removeAttribute(\"style\"),\"height\"===t.message?(1e3<(r=parseInt(t.value,10))?r=1e3:~~r<200&&(r=200),s.height=r):\"link\"===t.message&&(r=new URL(s.getAttribute(\"src\")),n=new URL(t.value),c.test(n.protocol))&&n.host===r.host&&l.activeElement===s&&(d.top.location.href=t.value))}},d.addEventListener(\"message\",d.wp.receiveEmbedMessage,!1),l.addEventListener(\"DOMContentLoaded\",function(){for(var e,t,s=l.querySelectorAll(\"iframe.wp-embedded-content\"),r=0;r<s.length;r++)(t=(e=s[r]).getAttribute(\"data-secret\"))||(t=Math.random().toString(36).substring(2,12),e.src+=\"#?secret=\"+t,e.setAttribute(\"data-secret\",t)),e.contentWindow.postMessage({message:\"ready\",secret:t},\"*\")},!1)))}(window,document);\n\/\/# sourceURL=https:\/\/turcon.es\/wp\/wp-includes\/js\/wp-embed.min.js\n<\/script>\n","description":"El desastre de Fukushima ha puesto de forma dram\u00e1tica sobre el tapete un debate nuclear que hab\u00eda perdido cierta fuerza en la sociedad. En los \u00faltimos a\u00f1os parec\u00eda que el discurso de la incuestionable seguridad de las centrales nucleares en los pa\u00edses m\u00e1s ricos y con m\u00e1s poder tecnol\u00f3gico hab\u00eda venido calando en muchos sectores [&hellip;]","thumbnail_url":"https:\/\/turcon.es\/wp\/wp-content\/uploads\/2011\/06\/revista_especial_antinuclear-1-scaled.jpg","thumbnail_width":2560,"thumbnail_height":1219}

El desastre de Fukushima ha puesto de forma dramática sobre el tapete un debate nuclear que había perdido cierta fuerza en la sociedad. En los últimos años parecía que el discurso de la incuestionable seguridad de las centrales nucleares en los países más ricos y con más poder tecnológico había venido calando en muchos sectores [&hellip;]
