{"version":"1.0","provider_name":"Colectivo Ecologista Turcon","provider_url":"https:\/\/turcon.es\/wp","author_name":"Laura Fernandez","author_url":"https:\/\/turcon.es\/wp\/author\/admturcon\/","title":"Exposici\u00f3n fotogr\u00e1fica \"Horizontes\" - Colectivo Ecologista Turcon","type":"rich","width":600,"height":338,"html":"<blockquote class=\"wp-embedded-content\" data-secret=\"h02fpKFDte\"><a href=\"https:\/\/turcon.es\/wp\/exposicion-fotografica-horizontes\/\">Exposici\u00f3n fotogr\u00e1fica \u00abHorizontes\u00bb<\/a><\/blockquote><iframe sandbox=\"allow-scripts\" security=\"restricted\" src=\"https:\/\/turcon.es\/wp\/exposicion-fotografica-horizontes\/embed\/#?secret=h02fpKFDte\" width=\"600\" height=\"338\" title=\"\u00abExposici\u00f3n fotogr\u00e1fica \u00abHorizontes\u00bb\u00bb \u2014 Colectivo Ecologista Turcon\" data-secret=\"h02fpKFDte\" frameborder=\"0\" marginwidth=\"0\" marginheight=\"0\" scrolling=\"no\" class=\"wp-embedded-content\"><\/iframe><script>\n\/*! This file is auto-generated *\/\n!function(d,l){\"use strict\";l.querySelector&&d.addEventListener&&\"undefined\"!=typeof URL&&(d.wp=d.wp||{},d.wp.receiveEmbedMessage||(d.wp.receiveEmbedMessage=function(e){var t=e.data;if((t||t.secret||t.message||t.value)&&!\/[^a-zA-Z0-9]\/.test(t.secret)){for(var s,r,n,a=l.querySelectorAll('iframe[data-secret=\"'+t.secret+'\"]'),o=l.querySelectorAll('blockquote[data-secret=\"'+t.secret+'\"]'),c=new RegExp(\"^https?:$\",\"i\"),i=0;i<o.length;i++)o[i].style.display=\"none\";for(i=0;i<a.length;i++)s=a[i],e.source===s.contentWindow&&(s.removeAttribute(\"style\"),\"height\"===t.message?(1e3<(r=parseInt(t.value,10))?r=1e3:~~r<200&&(r=200),s.height=r):\"link\"===t.message&&(r=new URL(s.getAttribute(\"src\")),n=new URL(t.value),c.test(n.protocol))&&n.host===r.host&&l.activeElement===s&&(d.top.location.href=t.value))}},d.addEventListener(\"message\",d.wp.receiveEmbedMessage,!1),l.addEventListener(\"DOMContentLoaded\",function(){for(var e,t,s=l.querySelectorAll(\"iframe.wp-embedded-content\"),r=0;r<s.length;r++)(t=(e=s[r]).getAttribute(\"data-secret\"))||(t=Math.random().toString(36).substring(2,12),e.src+=\"#?secret=\"+t,e.setAttribute(\"data-secret\",t)),e.contentWindow.postMessage({message:\"ready\",secret:t},\"*\")},!1)))}(window,document);\n\/\/# sourceURL=https:\/\/turcon.es\/wp\/wp-includes\/js\/wp-embed.min.js\n<\/script>\n","description":"El fot\u00f3grafo Marcos Mart\u00edn inaugura su exposici\u00f3n el pr\u00f3ximo jueves, d\u00eda 18 de octubre, a las 19:00 horas, en la Casa Museo Le\u00f3n y Castillo de Telde. Ser\u00e1 una exposici\u00f3n de sus mejores fotograf\u00edas en el contexto de las VIII Jornadas de Cultura del Agua que todos los a\u00f1os se desarrollan por estas fechas. Cuentan [&hellip;]","thumbnail_url":"https:\/\/turcon.es\/wp\/wp-content\/uploads\/2009\/09\/molino175-3.jpg","thumbnail_width":158,"thumbnail_height":109}

Exposición fotográfica "Horizontes" - Colectivo Ecologista Turcon

<blockquote class="wp-embedded-content" data-secret="h02fpKFDte"><a href="https://turcon.es/wp/exposicion-fotografica-horizontes/">Exposición fotográfica «Horizontes»</a></blockquote><iframe sandbox="allow-scripts" security="restricted" src="https://turcon.es/wp/exposicion-fotografica-horizontes/embed/#?secret=h02fpKFDte" width="600" height="338" title="«Exposición fotográfica «Horizontes»» — Colectivo Ecologista Turcon" data-secret="h02fpKFDte" frameborder="0" marginwidth="0" marginheight="0" scrolling="no" class="wp-embedded-content"></iframe><script>
/*! This file is auto-generated */
!function(d,l){"use strict";l.querySelector&&d.addEventListener&&"undefined"!=typeof URL&&(d.wp=d.wp||{},d.wp.receiveEmbedMessage||(d.wp.receiveEmbedMessage=function(e){var t=e.data;if((t||t.secret||t.message||t.value)&&!/[^a-zA-Z0-9]/.test(t.secret)){for(var s,r,n,a=l.querySelectorAll('iframe[data-secret="'+t.secret+'"]'),o=l.querySelectorAll('blockquote[data-secret="'+t.secret+'"]'),c=new RegExp("^https?:$","i"),i=0;i<o.length;i++)o[i].style.display="none";for(i=0;i<a.length;i++)s=a[i],e.source===s.contentWindow&&(s.removeAttribute("style"),"height"===t.message?(1e3<(r=parseInt(t.value,10))?r=1e3:~~r<200&&(r=200),s.height=r):"link"===t.message&&(r=new URL(s.getAttribute("src")),n=new URL(t.value),c.test(n.protocol))&&n.host===r.host&&l.activeElement===s&&(d.top.location.href=t.value))}},d.addEventListener("message",d.wp.receiveEmbedMessage,!1),l.addEventListener("DOMContentLoaded",function(){for(var e,t,s=l.querySelectorAll("iframe.wp-embedded-content"),r=0;r<s.length;r++)(t=(e=s[r]).getAttribute("data-secret"))||(t=Math.random().toString(36).substring(2,12),e.src+="#?secret="+t,e.setAttribute("data-secret",t)),e.contentWindow.postMessage({message:"ready",secret:t},"*")},!1)))}(window,document);
//# sourceURL=https://turcon.es/wp/wp-includes/js/wp-embed.min.js
</script>

El fotógrafo Marcos Martín inaugura su exposición el próximo jueves, día 18 de octubre, a las 19:00 horas, en la Casa Museo León y Castillo de Telde. Será una exposición de sus mejores fotografías en el contexto de las VIII Jornadas de Cultura del Agua que todos los años se desarrollan por estas fechas. Cuentan [&hellip;]
