{"version":"1.0","provider_name":"Colectivo Ecologista Turcon","provider_url":"https:\/\/turcon.es\/wp","author_name":"Laura Fernandez","author_url":"https:\/\/turcon.es\/wp\/author\/admturcon\/","title":"Foro de Agroecolog\u00eda y Biodiversidad en Canarias - Colectivo Ecologista Turcon","type":"rich","width":600,"height":338,"html":"<blockquote class=\"wp-embedded-content\" data-secret=\"YQqbPR1wjG\"><a href=\"https:\/\/turcon.es\/wp\/foro-de-agroecologia-y-biodiversidad-en-canarias\/\">Foro de Agroecolog\u00eda y Biodiversidad en Canarias<\/a><\/blockquote><iframe sandbox=\"allow-scripts\" security=\"restricted\" src=\"https:\/\/turcon.es\/wp\/foro-de-agroecologia-y-biodiversidad-en-canarias\/embed\/#?secret=YQqbPR1wjG\" width=\"600\" height=\"338\" title=\"\u00abForo de Agroecolog\u00eda y Biodiversidad en Canarias\u00bb \u2014 Colectivo Ecologista Turcon\" data-secret=\"YQqbPR1wjG\" frameborder=\"0\" marginwidth=\"0\" marginheight=\"0\" scrolling=\"no\" class=\"wp-embedded-content\"><\/iframe><script>\n\/*! This file is auto-generated *\/\n!function(d,l){\"use strict\";l.querySelector&&d.addEventListener&&\"undefined\"!=typeof URL&&(d.wp=d.wp||{},d.wp.receiveEmbedMessage||(d.wp.receiveEmbedMessage=function(e){var t=e.data;if((t||t.secret||t.message||t.value)&&!\/[^a-zA-Z0-9]\/.test(t.secret)){for(var s,r,n,a=l.querySelectorAll('iframe[data-secret=\"'+t.secret+'\"]'),o=l.querySelectorAll('blockquote[data-secret=\"'+t.secret+'\"]'),c=new RegExp(\"^https?:$\",\"i\"),i=0;i<o.length;i++)o[i].style.display=\"none\";for(i=0;i<a.length;i++)s=a[i],e.source===s.contentWindow&&(s.removeAttribute(\"style\"),\"height\"===t.message?(1e3<(r=parseInt(t.value,10))?r=1e3:~~r<200&&(r=200),s.height=r):\"link\"===t.message&&(r=new URL(s.getAttribute(\"src\")),n=new URL(t.value),c.test(n.protocol))&&n.host===r.host&&l.activeElement===s&&(d.top.location.href=t.value))}},d.addEventListener(\"message\",d.wp.receiveEmbedMessage,!1),l.addEventListener(\"DOMContentLoaded\",function(){for(var e,t,s=l.querySelectorAll(\"iframe.wp-embedded-content\"),r=0;r<s.length;r++)(t=(e=s[r]).getAttribute(\"data-secret\"))||(t=Math.random().toString(36).substring(2,12),e.src+=\"#?secret=\"+t,e.setAttribute(\"data-secret\",t)),e.contentWindow.postMessage({message:\"ready\",secret:t},\"*\")},!1)))}(window,document);\n\/\/# sourceURL=https:\/\/turcon.es\/wp\/wp-includes\/js\/wp-embed.min.js\n<\/script>\n","description":"Transcurridos 2 a\u00f1os desde la puesta en marcha del Plan de actuaci\u00f3n bianual 2011-2012 para el desarrollo de la producci\u00f3n ecol\u00f3gica en Canarias, llega el momento de hacer balance sobre el recorrido realizado, por ello el Instituto Canario de Calidad Agroalimentaria en colaboraci\u00f3n con el Cabildo de Gran Canaria, la Direcci\u00f3n General de Agricultura del [&hellip;]","thumbnail_url":"https:\/\/turcon.es\/wp\/wp-content\/uploads\/2012\/10\/noticias_ambientales20wince.png","thumbnail_width":240,"thumbnail_height":200}

Foro de Agroecología y Biodiversidad en Canarias - Colectivo Ecologista Turcon

<blockquote class="wp-embedded-content" data-secret="YQqbPR1wjG"><a href="https://turcon.es/wp/foro-de-agroecologia-y-biodiversidad-en-canarias/">Foro de Agroecología y Biodiversidad en Canarias</a></blockquote><iframe sandbox="allow-scripts" security="restricted" src="https://turcon.es/wp/foro-de-agroecologia-y-biodiversidad-en-canarias/embed/#?secret=YQqbPR1wjG" width="600" height="338" title="«Foro de Agroecología y Biodiversidad en Canarias» — Colectivo Ecologista Turcon" data-secret="YQqbPR1wjG" frameborder="0" marginwidth="0" marginheight="0" scrolling="no" class="wp-embedded-content"></iframe><script>
/*! This file is auto-generated */
!function(d,l){"use strict";l.querySelector&&d.addEventListener&&"undefined"!=typeof URL&&(d.wp=d.wp||{},d.wp.receiveEmbedMessage||(d.wp.receiveEmbedMessage=function(e){var t=e.data;if((t||t.secret||t.message||t.value)&&!/[^a-zA-Z0-9]/.test(t.secret)){for(var s,r,n,a=l.querySelectorAll('iframe[data-secret="'+t.secret+'"]'),o=l.querySelectorAll('blockquote[data-secret="'+t.secret+'"]'),c=new RegExp("^https?:$","i"),i=0;i<o.length;i++)o[i].style.display="none";for(i=0;i<a.length;i++)s=a[i],e.source===s.contentWindow&&(s.removeAttribute("style"),"height"===t.message?(1e3<(r=parseInt(t.value,10))?r=1e3:~~r<200&&(r=200),s.height=r):"link"===t.message&&(r=new URL(s.getAttribute("src")),n=new URL(t.value),c.test(n.protocol))&&n.host===r.host&&l.activeElement===s&&(d.top.location.href=t.value))}},d.addEventListener("message",d.wp.receiveEmbedMessage,!1),l.addEventListener("DOMContentLoaded",function(){for(var e,t,s=l.querySelectorAll("iframe.wp-embedded-content"),r=0;r<s.length;r++)(t=(e=s[r]).getAttribute("data-secret"))||(t=Math.random().toString(36).substring(2,12),e.src+="#?secret="+t,e.setAttribute("data-secret",t)),e.contentWindow.postMessage({message:"ready",secret:t},"*")},!1)))}(window,document);
//# sourceURL=https://turcon.es/wp/wp-includes/js/wp-embed.min.js
</script>

Transcurridos 2 años desde la puesta en marcha del Plan de actuación bianual 2011-2012 para el desarrollo de la producción ecológica en Canarias, llega el momento de hacer balance sobre el recorrido realizado, por ello el Instituto Canario de Calidad Agroalimentaria en colaboración con el Cabildo de Gran Canaria, la Dirección General de Agricultura del [&hellip;]
