{"version":"1.0","provider_name":"Colectivo Ecologista Turcon","provider_url":"https:\/\/turcon.es\/wp","author_name":"Laura Fernandez","author_url":"https:\/\/turcon.es\/wp\/author\/admturcon\/","title":"Fuerteventura, el para\u00edso natural de los desiertos - Colectivo Ecologista Turcon","type":"rich","width":600,"height":338,"html":"<blockquote class=\"wp-embedded-content\" data-secret=\"E8k2vISP21\"><a href=\"https:\/\/turcon.es\/wp\/fuerteventura-el-paraiso-natural-de-los-desiertos\/\">Fuerteventura, el para\u00edso natural de los desiertos<\/a><\/blockquote><iframe sandbox=\"allow-scripts\" security=\"restricted\" src=\"https:\/\/turcon.es\/wp\/fuerteventura-el-paraiso-natural-de-los-desiertos\/embed\/#?secret=E8k2vISP21\" width=\"600\" height=\"338\" title=\"\u00abFuerteventura, el para\u00edso natural de los desiertos\u00bb \u2014 Colectivo Ecologista Turcon\" data-secret=\"E8k2vISP21\" frameborder=\"0\" marginwidth=\"0\" marginheight=\"0\" scrolling=\"no\" class=\"wp-embedded-content\"><\/iframe><script>\n\/*! This file is auto-generated *\/\n!function(d,l){\"use strict\";l.querySelector&&d.addEventListener&&\"undefined\"!=typeof URL&&(d.wp=d.wp||{},d.wp.receiveEmbedMessage||(d.wp.receiveEmbedMessage=function(e){var t=e.data;if((t||t.secret||t.message||t.value)&&!\/[^a-zA-Z0-9]\/.test(t.secret)){for(var s,r,n,a=l.querySelectorAll('iframe[data-secret=\"'+t.secret+'\"]'),o=l.querySelectorAll('blockquote[data-secret=\"'+t.secret+'\"]'),c=new RegExp(\"^https?:$\",\"i\"),i=0;i<o.length;i++)o[i].style.display=\"none\";for(i=0;i<a.length;i++)s=a[i],e.source===s.contentWindow&&(s.removeAttribute(\"style\"),\"height\"===t.message?(1e3<(r=parseInt(t.value,10))?r=1e3:~~r<200&&(r=200),s.height=r):\"link\"===t.message&&(r=new URL(s.getAttribute(\"src\")),n=new URL(t.value),c.test(n.protocol))&&n.host===r.host&&l.activeElement===s&&(d.top.location.href=t.value))}},d.addEventListener(\"message\",d.wp.receiveEmbedMessage,!1),l.addEventListener(\"DOMContentLoaded\",function(){for(var e,t,s=l.querySelectorAll(\"iframe.wp-embedded-content\"),r=0;r<s.length;r++)(t=(e=s[r]).getAttribute(\"data-secret\"))||(t=Math.random().toString(36).substring(2,12),e.src+=\"#?secret=\"+t,e.setAttribute(\"data-secret\",t)),e.contentWindow.postMessage({message:\"ready\",secret:t},\"*\")},!1)))}(window,document);\n\/\/# sourceURL=https:\/\/turcon.es\/wp\/wp-includes\/js\/wp-embed.min.js\n<\/script>\n","description":"Terra Espa\u00f1a, 20-6-2008 Es un desierto tan duro como el vecino del S\u00e1hara, pero est\u00e1 muy vivo. La isla de Fuerteventura, la segunda m\u00e1s extensa de Canarias, la m\u00e1s despoblada y la m\u00e1s cercana al continente africano, es tambi\u00e9n uno de los territorios con mayor biodiversidad de toda Europa. M\u00e1s de un mill\u00f3n de turistas [&hellip;]","thumbnail_url":"https:\/\/turcon.es\/wp\/wp-content\/uploads\/2008\/07\/vacasclonadas.jpg","thumbnail_width":300,"thumbnail_height":328}

Fuerteventura, el paraíso natural de los desiertos - Colectivo Ecologista Turcon

<blockquote class="wp-embedded-content" data-secret="E8k2vISP21"><a href="https://turcon.es/wp/fuerteventura-el-paraiso-natural-de-los-desiertos/">Fuerteventura, el paraíso natural de los desiertos</a></blockquote><iframe sandbox="allow-scripts" security="restricted" src="https://turcon.es/wp/fuerteventura-el-paraiso-natural-de-los-desiertos/embed/#?secret=E8k2vISP21" width="600" height="338" title="«Fuerteventura, el paraíso natural de los desiertos» — Colectivo Ecologista Turcon" data-secret="E8k2vISP21" frameborder="0" marginwidth="0" marginheight="0" scrolling="no" class="wp-embedded-content"></iframe><script>
/*! This file is auto-generated */
!function(d,l){"use strict";l.querySelector&&d.addEventListener&&"undefined"!=typeof URL&&(d.wp=d.wp||{},d.wp.receiveEmbedMessage||(d.wp.receiveEmbedMessage=function(e){var t=e.data;if((t||t.secret||t.message||t.value)&&!/[^a-zA-Z0-9]/.test(t.secret)){for(var s,r,n,a=l.querySelectorAll('iframe[data-secret="'+t.secret+'"]'),o=l.querySelectorAll('blockquote[data-secret="'+t.secret+'"]'),c=new RegExp("^https?:$","i"),i=0;i<o.length;i++)o[i].style.display="none";for(i=0;i<a.length;i++)s=a[i],e.source===s.contentWindow&&(s.removeAttribute("style"),"height"===t.message?(1e3<(r=parseInt(t.value,10))?r=1e3:~~r<200&&(r=200),s.height=r):"link"===t.message&&(r=new URL(s.getAttribute("src")),n=new URL(t.value),c.test(n.protocol))&&n.host===r.host&&l.activeElement===s&&(d.top.location.href=t.value))}},d.addEventListener("message",d.wp.receiveEmbedMessage,!1),l.addEventListener("DOMContentLoaded",function(){for(var e,t,s=l.querySelectorAll("iframe.wp-embedded-content"),r=0;r<s.length;r++)(t=(e=s[r]).getAttribute("data-secret"))||(t=Math.random().toString(36).substring(2,12),e.src+="#?secret="+t,e.setAttribute("data-secret",t)),e.contentWindow.postMessage({message:"ready",secret:t},"*")},!1)))}(window,document);
//# sourceURL=https://turcon.es/wp/wp-includes/js/wp-embed.min.js
</script>

Terra España, 20-6-2008 Es un desierto tan duro como el vecino del Sáhara, pero está muy vivo. La isla de Fuerteventura, la segunda más extensa de Canarias, la más despoblada y la más cercana al continente africano, es también uno de los territorios con mayor biodiversidad de toda Europa. Más de un millón de turistas [&hellip;]
