{"version":"1.0","provider_name":"Colectivo Ecologista Turcon","provider_url":"https:\/\/turcon.es\/wp","author_name":"Laura Fernandez","author_url":"https:\/\/turcon.es\/wp\/author\/admturcon\/","title":"Gran Cadena Humana - Santa Cruz de Tenerife 28N - Colectivo Ecologista Turcon","type":"rich","width":600,"height":338,"html":"<blockquote class=\"wp-embedded-content\" data-secret=\"3WG8a8DDFw\"><a href=\"https:\/\/turcon.es\/wp\/gran-cadena-humana-santa-cruz-de-tenerife-28n\/\">Gran Cadena Humana &#8211; Santa Cruz de Tenerife 28N<\/a><\/blockquote><iframe sandbox=\"allow-scripts\" security=\"restricted\" src=\"https:\/\/turcon.es\/wp\/gran-cadena-humana-santa-cruz-de-tenerife-28n\/embed\/#?secret=3WG8a8DDFw\" width=\"600\" height=\"338\" title=\"\u00abGran Cadena Humana &#8211; Santa Cruz de Tenerife 28N\u00bb \u2014 Colectivo Ecologista Turcon\" data-secret=\"3WG8a8DDFw\" frameborder=\"0\" marginwidth=\"0\" marginheight=\"0\" scrolling=\"no\" class=\"wp-embedded-content\"><\/iframe><script>\n\/*! This file is auto-generated *\/\n!function(d,l){\"use strict\";l.querySelector&&d.addEventListener&&\"undefined\"!=typeof URL&&(d.wp=d.wp||{},d.wp.receiveEmbedMessage||(d.wp.receiveEmbedMessage=function(e){var t=e.data;if((t||t.secret||t.message||t.value)&&!\/[^a-zA-Z0-9]\/.test(t.secret)){for(var s,r,n,a=l.querySelectorAll('iframe[data-secret=\"'+t.secret+'\"]'),o=l.querySelectorAll('blockquote[data-secret=\"'+t.secret+'\"]'),c=new RegExp(\"^https?:$\",\"i\"),i=0;i<o.length;i++)o[i].style.display=\"none\";for(i=0;i<a.length;i++)s=a[i],e.source===s.contentWindow&&(s.removeAttribute(\"style\"),\"height\"===t.message?(1e3<(r=parseInt(t.value,10))?r=1e3:~~r<200&&(r=200),s.height=r):\"link\"===t.message&&(r=new URL(s.getAttribute(\"src\")),n=new URL(t.value),c.test(n.protocol))&&n.host===r.host&&l.activeElement===s&&(d.top.location.href=t.value))}},d.addEventListener(\"message\",d.wp.receiveEmbedMessage,!1),l.addEventListener(\"DOMContentLoaded\",function(){for(var e,t,s=l.querySelectorAll(\"iframe.wp-embedded-content\"),r=0;r<s.length;r++)(t=(e=s[r]).getAttribute(\"data-secret\"))||(t=Math.random().toString(36).substring(2,12),e.src+=\"#?secret=\"+t,e.setAttribute(\"data-secret\",t)),e.contentWindow.postMessage({message:\"ready\",secret:t},\"*\")},!1)))}(window,document);\n\/\/# sourceURL=https:\/\/turcon.es\/wp\/wp-includes\/js\/wp-embed.min.js\n<\/script>\n","description":"No dejes de ver este fenomenal documento grafico sobre la Gran Cadena Humana en Santa Cruz de Tenerife. Gran Cadena Humana celebrada el pasado 28 de noviembre en los alrededores del Parlamento de\u00a0 Canarias, en contra de la propuesta de Coalici\u00f3n Canaria para un nuevo cat\u00e1logo de especies amenazadas. Este reducir\u00eda dr\u00e1sticamente el n\u00famero de [&hellip;]"}

No dejes de ver este fenomenal documento grafico sobre la Gran Cadena Humana en Santa Cruz de Tenerife. Gran Cadena Humana celebrada el pasado 28 de noviembre en los alrededores del Parlamento de  Canarias, en contra de la propuesta de Coalición Canaria para un nuevo catálogo de especies amenazadas. Este reduciría drásticamente el número de [&hellip;]
