{"version":"1.0","provider_name":"Colectivo Ecologista Turcon","provider_url":"https:\/\/turcon.es\/wp","author_name":"Laura Fernandez","author_url":"https:\/\/turcon.es\/wp\/author\/admturcon\/","title":"Gran haza\u00f1a de todos los participantes - Colectivo Ecologista Turcon","type":"rich","width":600,"height":338,"html":"<blockquote class=\"wp-embedded-content\" data-secret=\"ylGGy6Pafh\"><a href=\"https:\/\/turcon.es\/wp\/gran-hazana-de-todos-los-participantes\/\">Gran haza\u00f1a de todos los participantes<\/a><\/blockquote><iframe sandbox=\"allow-scripts\" security=\"restricted\" src=\"https:\/\/turcon.es\/wp\/gran-hazana-de-todos-los-participantes\/embed\/#?secret=ylGGy6Pafh\" width=\"600\" height=\"338\" title=\"\u00abGran haza\u00f1a de todos los participantes\u00bb \u2014 Colectivo Ecologista Turcon\" data-secret=\"ylGGy6Pafh\" frameborder=\"0\" marginwidth=\"0\" marginheight=\"0\" scrolling=\"no\" class=\"wp-embedded-content\"><\/iframe><script>\n\/*! This file is auto-generated *\/\n!function(d,l){\"use strict\";l.querySelector&&d.addEventListener&&\"undefined\"!=typeof URL&&(d.wp=d.wp||{},d.wp.receiveEmbedMessage||(d.wp.receiveEmbedMessage=function(e){var t=e.data;if((t||t.secret||t.message||t.value)&&!\/[^a-zA-Z0-9]\/.test(t.secret)){for(var s,r,n,a=l.querySelectorAll('iframe[data-secret=\"'+t.secret+'\"]'),o=l.querySelectorAll('blockquote[data-secret=\"'+t.secret+'\"]'),c=new RegExp(\"^https?:$\",\"i\"),i=0;i<o.length;i++)o[i].style.display=\"none\";for(i=0;i<a.length;i++)s=a[i],e.source===s.contentWindow&&(s.removeAttribute(\"style\"),\"height\"===t.message?(1e3<(r=parseInt(t.value,10))?r=1e3:~~r<200&&(r=200),s.height=r):\"link\"===t.message&&(r=new URL(s.getAttribute(\"src\")),n=new URL(t.value),c.test(n.protocol))&&n.host===r.host&&l.activeElement===s&&(d.top.location.href=t.value))}},d.addEventListener(\"message\",d.wp.receiveEmbedMessage,!1),l.addEventListener(\"DOMContentLoaded\",function(){for(var e,t,s=l.querySelectorAll(\"iframe.wp-embedded-content\"),r=0;r<s.length;r++)(t=(e=s[r]).getAttribute(\"data-secret\"))||(t=Math.random().toString(36).substring(2,12),e.src+=\"#?secret=\"+t,e.setAttribute(\"data-secret\",t)),e.contentWindow.postMessage({message:\"ready\",secret:t},\"*\")},!1)))}(window,document);\n\/\/# sourceURL=https:\/\/turcon.es\/wp\/wp-includes\/js\/wp-embed.min.js\n<\/script>\n","description":"46 personas realizaron ayer s\u00e1bado la ruta propuesta por el Colectivo Turc\u00f3n. Un perfil aut\u00e9nticamente pirenaico. Una distancia de locura. El tradicional calor del Macizo del Suroeste, unos caminos en perfecto estado que sub\u00edan y bajaban \u201cculebreando\u201d las monta\u00f1as\u2026 pero un paisaje de ensue\u00f1o, unos verdes palmerales y, lo m\u00e1s importante, unas playas\u00a0paradis\u00edacas. Un d\u00eda [&hellip;]","thumbnail_url":"https:\/\/turcon.es\/wp\/wp-content\/uploads\/2012\/05\/img_4815-1.jpg","thumbnail_width":1600,"thumbnail_height":1200}

Gran hazaña de todos los participantes - Colectivo Ecologista Turcon

<blockquote class="wp-embedded-content" data-secret="ylGGy6Pafh"><a href="https://turcon.es/wp/gran-hazana-de-todos-los-participantes/">Gran hazaña de todos los participantes</a></blockquote><iframe sandbox="allow-scripts" security="restricted" src="https://turcon.es/wp/gran-hazana-de-todos-los-participantes/embed/#?secret=ylGGy6Pafh" width="600" height="338" title="«Gran hazaña de todos los participantes» — Colectivo Ecologista Turcon" data-secret="ylGGy6Pafh" frameborder="0" marginwidth="0" marginheight="0" scrolling="no" class="wp-embedded-content"></iframe><script>
/*! This file is auto-generated */
!function(d,l){"use strict";l.querySelector&&d.addEventListener&&"undefined"!=typeof URL&&(d.wp=d.wp||{},d.wp.receiveEmbedMessage||(d.wp.receiveEmbedMessage=function(e){var t=e.data;if((t||t.secret||t.message||t.value)&&!/[^a-zA-Z0-9]/.test(t.secret)){for(var s,r,n,a=l.querySelectorAll('iframe[data-secret="'+t.secret+'"]'),o=l.querySelectorAll('blockquote[data-secret="'+t.secret+'"]'),c=new RegExp("^https?:$","i"),i=0;i<o.length;i++)o[i].style.display="none";for(i=0;i<a.length;i++)s=a[i],e.source===s.contentWindow&&(s.removeAttribute("style"),"height"===t.message?(1e3<(r=parseInt(t.value,10))?r=1e3:~~r<200&&(r=200),s.height=r):"link"===t.message&&(r=new URL(s.getAttribute("src")),n=new URL(t.value),c.test(n.protocol))&&n.host===r.host&&l.activeElement===s&&(d.top.location.href=t.value))}},d.addEventListener("message",d.wp.receiveEmbedMessage,!1),l.addEventListener("DOMContentLoaded",function(){for(var e,t,s=l.querySelectorAll("iframe.wp-embedded-content"),r=0;r<s.length;r++)(t=(e=s[r]).getAttribute("data-secret"))||(t=Math.random().toString(36).substring(2,12),e.src+="#?secret="+t,e.setAttribute("data-secret",t)),e.contentWindow.postMessage({message:"ready",secret:t},"*")},!1)))}(window,document);
//# sourceURL=https://turcon.es/wp/wp-includes/js/wp-embed.min.js
</script>

46 personas realizaron ayer sábado la ruta propuesta por el Colectivo Turcón. Un perfil auténticamente pirenaico. Una distancia de locura. El tradicional calor del Macizo del Suroeste, unos caminos en perfecto estado que subían y bajaban “culebreando” las montañas… pero un paisaje de ensueño, unos verdes palmerales y, lo más importante, unas playas paradisíacas. Un día [&hellip;]
