{"version":"1.0","provider_name":"Colectivo Ecologista Turcon","provider_url":"https:\/\/turcon.es\/wp","author_name":"Laura Fernandez","author_url":"https:\/\/turcon.es\/wp\/author\/admturcon\/","title":"GreenPeace ha denunciado - Colectivo Ecologista Turcon","type":"rich","width":600,"height":338,"html":"<blockquote class=\"wp-embedded-content\" data-secret=\"dw0H3OWd6x\"><a href=\"https:\/\/turcon.es\/wp\/greenpeace-ha-denunciado\/\">GreenPeace ha denunciado<\/a><\/blockquote><iframe sandbox=\"allow-scripts\" security=\"restricted\" src=\"https:\/\/turcon.es\/wp\/greenpeace-ha-denunciado\/embed\/#?secret=dw0H3OWd6x\" width=\"600\" height=\"338\" title=\"\u00abGreenPeace ha denunciado\u00bb \u2014 Colectivo Ecologista Turcon\" data-secret=\"dw0H3OWd6x\" frameborder=\"0\" marginwidth=\"0\" marginheight=\"0\" scrolling=\"no\" class=\"wp-embedded-content\"><\/iframe><script>\n\/*! This file is auto-generated *\/\n!function(d,l){\"use strict\";l.querySelector&&d.addEventListener&&\"undefined\"!=typeof URL&&(d.wp=d.wp||{},d.wp.receiveEmbedMessage||(d.wp.receiveEmbedMessage=function(e){var t=e.data;if((t||t.secret||t.message||t.value)&&!\/[^a-zA-Z0-9]\/.test(t.secret)){for(var s,r,n,a=l.querySelectorAll('iframe[data-secret=\"'+t.secret+'\"]'),o=l.querySelectorAll('blockquote[data-secret=\"'+t.secret+'\"]'),c=new RegExp(\"^https?:$\",\"i\"),i=0;i<o.length;i++)o[i].style.display=\"none\";for(i=0;i<a.length;i++)s=a[i],e.source===s.contentWindow&&(s.removeAttribute(\"style\"),\"height\"===t.message?(1e3<(r=parseInt(t.value,10))?r=1e3:~~r<200&&(r=200),s.height=r):\"link\"===t.message&&(r=new URL(s.getAttribute(\"src\")),n=new URL(t.value),c.test(n.protocol))&&n.host===r.host&&l.activeElement===s&&(d.top.location.href=t.value))}},d.addEventListener(\"message\",d.wp.receiveEmbedMessage,!1),l.addEventListener(\"DOMContentLoaded\",function(){for(var e,t,s=l.querySelectorAll(\"iframe.wp-embedded-content\"),r=0;r<s.length;r++)(t=(e=s[r]).getAttribute(\"data-secret\"))||(t=Math.random().toString(36).substring(2,12),e.src+=\"#?secret=\"+t,e.setAttribute(\"data-secret\",t)),e.contentWindow.postMessage({message:\"ready\",secret:t},\"*\")},!1)))}(window,document);\n\/\/# sourceURL=https:\/\/turcon.es\/wp\/wp-includes\/js\/wp-embed.min.js\n<\/script>\n","description":"UNESA gestiona en nombre de Espa\u00f1a la actualizaci\u00f3n de las normas de contaminaci\u00f3n del aire. En el d\u00eda de hoy GreenPeace ha denunciado ante los medios de prensa un hecho muy preocupante que est\u00e1 sucediendo en estos momentos en el marco europeo de la mano de las compa\u00f1\u00edas el\u00e9ctricas y permitido por el Gobierno. En [&hellip;]","thumbnail_url":"https:\/\/turcon.es\/wp\/wp-content\/uploads\/2012\/09\/greenpeacelogo.jpg","thumbnail_width":271,"thumbnail_height":186}

UNESA gestiona en nombre de España la actualización de las normas de contaminación del aire. En el día de hoy GreenPeace ha denunciado ante los medios de prensa un hecho muy preocupante que está sucediendo en estos momentos en el marco europeo de la mano de las compañías eléctricas y permitido por el Gobierno. En [&hellip;]
