{"version":"1.0","provider_name":"Colectivo Ecologista Turcon","provider_url":"https:\/\/turcon.es\/wp","author_name":"Laura Fernandez","author_url":"https:\/\/turcon.es\/wp\/author\/admturcon\/","title":"Guayadeque: ocupaci\u00f3n de cauce p\u00fablico - Colectivo Ecologista Turcon","type":"rich","width":600,"height":338,"html":"<blockquote class=\"wp-embedded-content\" data-secret=\"DQ2AUWN1AL\"><a href=\"https:\/\/turcon.es\/wp\/guayadeque-ocupacion-de-cauce-publico\/\">Guayadeque: ocupaci\u00f3n de cauce p\u00fablico<\/a><\/blockquote><iframe sandbox=\"allow-scripts\" security=\"restricted\" src=\"https:\/\/turcon.es\/wp\/guayadeque-ocupacion-de-cauce-publico\/embed\/#?secret=DQ2AUWN1AL\" width=\"600\" height=\"338\" title=\"\u00abGuayadeque: ocupaci\u00f3n de cauce p\u00fablico\u00bb \u2014 Colectivo Ecologista Turcon\" data-secret=\"DQ2AUWN1AL\" frameborder=\"0\" marginwidth=\"0\" marginheight=\"0\" scrolling=\"no\" class=\"wp-embedded-content\"><\/iframe><script>\n\/*! This file is auto-generated *\/\n!function(d,l){\"use strict\";l.querySelector&&d.addEventListener&&\"undefined\"!=typeof URL&&(d.wp=d.wp||{},d.wp.receiveEmbedMessage||(d.wp.receiveEmbedMessage=function(e){var t=e.data;if((t||t.secret||t.message||t.value)&&!\/[^a-zA-Z0-9]\/.test(t.secret)){for(var s,r,n,a=l.querySelectorAll('iframe[data-secret=\"'+t.secret+'\"]'),o=l.querySelectorAll('blockquote[data-secret=\"'+t.secret+'\"]'),c=new RegExp(\"^https?:$\",\"i\"),i=0;i<o.length;i++)o[i].style.display=\"none\";for(i=0;i<a.length;i++)s=a[i],e.source===s.contentWindow&&(s.removeAttribute(\"style\"),\"height\"===t.message?(1e3<(r=parseInt(t.value,10))?r=1e3:~~r<200&&(r=200),s.height=r):\"link\"===t.message&&(r=new URL(s.getAttribute(\"src\")),n=new URL(t.value),c.test(n.protocol))&&n.host===r.host&&l.activeElement===s&&(d.top.location.href=t.value))}},d.addEventListener(\"message\",d.wp.receiveEmbedMessage,!1),l.addEventListener(\"DOMContentLoaded\",function(){for(var e,t,s=l.querySelectorAll(\"iframe.wp-embedded-content\"),r=0;r<s.length;r++)(t=(e=s[r]).getAttribute(\"data-secret\"))||(t=Math.random().toString(36).substring(2,12),e.src+=\"#?secret=\"+t,e.setAttribute(\"data-secret\",t)),e.contentWindow.postMessage({message:\"ready\",secret:t},\"*\")},!1)))}(window,document);\n\/\/# sourceURL=https:\/\/turcon.es\/wp\/wp-includes\/js\/wp-embed.min.js\n<\/script>\n","description":"Turc\u00f3n ha presentado alegaciones al proyecto que promueve ocupar el cauce p\u00fablico del Barranco de Guayadeque, muy cerca de su desembocadura. La informaci\u00f3n p\u00fablica sali\u00f3 en el BOP del ANUNCIO de 16 de febrero de 2018, del Consejo Insular de Aguas de Gran Canaria, relativo a la solicitud de concesi\u00f3n administrativa para la ocupaci\u00f3n de [&hellip;]","thumbnail_url":"https:\/\/turcon.es\/wp\/wp-content\/uploads\/2009\/04\/47p25fm025-4.jpg","thumbnail_width":200,"thumbnail_height":184}

Guayadeque: ocupación de cauce público - Colectivo Ecologista Turcon

<blockquote class="wp-embedded-content" data-secret="DQ2AUWN1AL"><a href="https://turcon.es/wp/guayadeque-ocupacion-de-cauce-publico/">Guayadeque: ocupación de cauce público</a></blockquote><iframe sandbox="allow-scripts" security="restricted" src="https://turcon.es/wp/guayadeque-ocupacion-de-cauce-publico/embed/#?secret=DQ2AUWN1AL" width="600" height="338" title="«Guayadeque: ocupación de cauce público» — Colectivo Ecologista Turcon" data-secret="DQ2AUWN1AL" frameborder="0" marginwidth="0" marginheight="0" scrolling="no" class="wp-embedded-content"></iframe><script>
/*! This file is auto-generated */
!function(d,l){"use strict";l.querySelector&&d.addEventListener&&"undefined"!=typeof URL&&(d.wp=d.wp||{},d.wp.receiveEmbedMessage||(d.wp.receiveEmbedMessage=function(e){var t=e.data;if((t||t.secret||t.message||t.value)&&!/[^a-zA-Z0-9]/.test(t.secret)){for(var s,r,n,a=l.querySelectorAll('iframe[data-secret="'+t.secret+'"]'),o=l.querySelectorAll('blockquote[data-secret="'+t.secret+'"]'),c=new RegExp("^https?:$","i"),i=0;i<o.length;i++)o[i].style.display="none";for(i=0;i<a.length;i++)s=a[i],e.source===s.contentWindow&&(s.removeAttribute("style"),"height"===t.message?(1e3<(r=parseInt(t.value,10))?r=1e3:~~r<200&&(r=200),s.height=r):"link"===t.message&&(r=new URL(s.getAttribute("src")),n=new URL(t.value),c.test(n.protocol))&&n.host===r.host&&l.activeElement===s&&(d.top.location.href=t.value))}},d.addEventListener("message",d.wp.receiveEmbedMessage,!1),l.addEventListener("DOMContentLoaded",function(){for(var e,t,s=l.querySelectorAll("iframe.wp-embedded-content"),r=0;r<s.length;r++)(t=(e=s[r]).getAttribute("data-secret"))||(t=Math.random().toString(36).substring(2,12),e.src+="#?secret="+t,e.setAttribute("data-secret",t)),e.contentWindow.postMessage({message:"ready",secret:t},"*")},!1)))}(window,document);
//# sourceURL=https://turcon.es/wp/wp-includes/js/wp-embed.min.js
</script>

Turcón ha presentado alegaciones al proyecto que promueve ocupar el cauce público del Barranco de Guayadeque, muy cerca de su desembocadura. La información pública salió en el BOP del ANUNCIO de 16 de febrero de 2018, del Consejo Insular de Aguas de Gran Canaria, relativo a la solicitud de concesión administrativa para la ocupación de [&hellip;]
