{"version":"1.0","provider_name":"Colectivo Ecologista Turcon","provider_url":"https:\/\/turcon.es\/wp","author_name":"Laura Fernandez","author_url":"https:\/\/turcon.es\/wp\/author\/admturcon\/","title":"\"Horizontes\", abierto en Telde - Colectivo Ecologista Turcon","type":"rich","width":600,"height":338,"html":"<blockquote class=\"wp-embedded-content\" data-secret=\"KViIIw7UK7\"><a href=\"https:\/\/turcon.es\/wp\/horizontes-abierto-en-telde\/\">\u00abHorizontes\u00bb, abierto en Telde<\/a><\/blockquote><iframe sandbox=\"allow-scripts\" security=\"restricted\" src=\"https:\/\/turcon.es\/wp\/horizontes-abierto-en-telde\/embed\/#?secret=KViIIw7UK7\" width=\"600\" height=\"338\" title=\"\u00ab\u00abHorizontes\u00bb, abierto en Telde\u00bb \u2014 Colectivo Ecologista Turcon\" data-secret=\"KViIIw7UK7\" frameborder=\"0\" marginwidth=\"0\" marginheight=\"0\" scrolling=\"no\" class=\"wp-embedded-content\"><\/iframe><script>\n\/*! This file is auto-generated *\/\n!function(d,l){\"use strict\";l.querySelector&&d.addEventListener&&\"undefined\"!=typeof URL&&(d.wp=d.wp||{},d.wp.receiveEmbedMessage||(d.wp.receiveEmbedMessage=function(e){var t=e.data;if((t||t.secret||t.message||t.value)&&!\/[^a-zA-Z0-9]\/.test(t.secret)){for(var s,r,n,a=l.querySelectorAll('iframe[data-secret=\"'+t.secret+'\"]'),o=l.querySelectorAll('blockquote[data-secret=\"'+t.secret+'\"]'),c=new RegExp(\"^https?:$\",\"i\"),i=0;i<o.length;i++)o[i].style.display=\"none\";for(i=0;i<a.length;i++)s=a[i],e.source===s.contentWindow&&(s.removeAttribute(\"style\"),\"height\"===t.message?(1e3<(r=parseInt(t.value,10))?r=1e3:~~r<200&&(r=200),s.height=r):\"link\"===t.message&&(r=new URL(s.getAttribute(\"src\")),n=new URL(t.value),c.test(n.protocol))&&n.host===r.host&&l.activeElement===s&&(d.top.location.href=t.value))}},d.addEventListener(\"message\",d.wp.receiveEmbedMessage,!1),l.addEventListener(\"DOMContentLoaded\",function(){for(var e,t,s=l.querySelectorAll(\"iframe.wp-embedded-content\"),r=0;r<s.length;r++)(t=(e=s[r]).getAttribute(\"data-secret\"))||(t=Math.random().toString(36).substring(2,12),e.src+=\"#?secret=\"+t,e.setAttribute(\"data-secret\",t)),e.contentWindow.postMessage({message:\"ready\",secret:t},\"*\")},!1)))}(window,document);\n\/\/# sourceURL=https:\/\/turcon.es\/wp\/wp-includes\/js\/wp-embed.min.js\n<\/script>\n","description":"Esta noche qued\u00f3 inaugurada la exposici\u00f3n del fot\u00f3grafo medioambientalista, Marcos Mart\u00edn. Fue en la Casa Museo Le\u00f3n y Castillo de Telde y estar\u00e1 expuesta en\u00a0las VIII Jornadas de Cultura del Agua que todos los a\u00f1os se desarrollan por estas fechas. Una veintena de personas acompa\u00f1aron en su inauguraci\u00f3n. Cuentan con el apoyo de varias instituciones [&hellip;]","thumbnail_url":"https:\/\/turcon.es\/wp\/wp-content\/uploads\/2009\/09\/cen-2.jpg"}

Esta noche quedó inaugurada la exposición del fotógrafo medioambientalista, Marcos Martín. Fue en la Casa Museo León y Castillo de Telde y estará expuesta en las VIII Jornadas de Cultura del Agua que todos los años se desarrollan por estas fechas. Una veintena de personas acompañaron en su inauguración. Cuentan con el apoyo de varias instituciones [&hellip;]
