{"version":"1.0","provider_name":"Colectivo Ecologista Turcon","provider_url":"https:\/\/turcon.es\/wp","author_name":"Laura Fernandez","author_url":"https:\/\/turcon.es\/wp\/author\/admturcon\/","title":"II-Ecotaller de Caminos, servidumbres y servent\u00edas - Colectivo Ecologista Turcon","type":"rich","width":600,"height":338,"html":"<blockquote class=\"wp-embedded-content\" data-secret=\"AsO5WrFAU8\"><a href=\"https:\/\/turcon.es\/wp\/ii-ecotaller-de-caminos-servidumbres-y-serventias\/\">II-Ecotaller de Caminos, servidumbres y servent\u00edas<\/a><\/blockquote><iframe sandbox=\"allow-scripts\" security=\"restricted\" src=\"https:\/\/turcon.es\/wp\/ii-ecotaller-de-caminos-servidumbres-y-serventias\/embed\/#?secret=AsO5WrFAU8\" width=\"600\" height=\"338\" title=\"\u00abII-Ecotaller de Caminos, servidumbres y servent\u00edas\u00bb \u2014 Colectivo Ecologista Turcon\" data-secret=\"AsO5WrFAU8\" frameborder=\"0\" marginwidth=\"0\" marginheight=\"0\" scrolling=\"no\" class=\"wp-embedded-content\"><\/iframe><script>\n\/*! This file is auto-generated *\/\n!function(d,l){\"use strict\";l.querySelector&&d.addEventListener&&\"undefined\"!=typeof URL&&(d.wp=d.wp||{},d.wp.receiveEmbedMessage||(d.wp.receiveEmbedMessage=function(e){var t=e.data;if((t||t.secret||t.message||t.value)&&!\/[^a-zA-Z0-9]\/.test(t.secret)){for(var s,r,n,a=l.querySelectorAll('iframe[data-secret=\"'+t.secret+'\"]'),o=l.querySelectorAll('blockquote[data-secret=\"'+t.secret+'\"]'),c=new RegExp(\"^https?:$\",\"i\"),i=0;i<o.length;i++)o[i].style.display=\"none\";for(i=0;i<a.length;i++)s=a[i],e.source===s.contentWindow&&(s.removeAttribute(\"style\"),\"height\"===t.message?(1e3<(r=parseInt(t.value,10))?r=1e3:~~r<200&&(r=200),s.height=r):\"link\"===t.message&&(r=new URL(s.getAttribute(\"src\")),n=new URL(t.value),c.test(n.protocol))&&n.host===r.host&&l.activeElement===s&&(d.top.location.href=t.value))}},d.addEventListener(\"message\",d.wp.receiveEmbedMessage,!1),l.addEventListener(\"DOMContentLoaded\",function(){for(var e,t,s=l.querySelectorAll(\"iframe.wp-embedded-content\"),r=0;r<s.length;r++)(t=(e=s[r]).getAttribute(\"data-secret\"))||(t=Math.random().toString(36).substring(2,12),e.src+=\"#?secret=\"+t,e.setAttribute(\"data-secret\",t)),e.contentWindow.postMessage({message:\"ready\",secret:t},\"*\")},!1)))}(window,document);\n\/\/# sourceURL=https:\/\/turcon.es\/wp\/wp-includes\/js\/wp-embed.min.js\n<\/script>\n","description":"Este viernes, 01 de marzo, de 19 a 21 horas, el Colectivo Turc\u00f3n-Ecologistas en Acci\u00f3n realizar\u00e1 la segunda sesi\u00f3n, en su sede social de San Gregorio, Telde. \u00a0Una problem\u00e1tica en auge. Debido al inter\u00e9s despertado por la tem\u00e1tica tratada, Turc\u00f3n quiere seguir profundizando y explicando, poniendo ejemplos y, entre todos, conocer algunos casos pr\u00e1cticos llevados [&hellip;]"}

II-Ecotaller de Caminos, servidumbres y serventías - Colectivo Ecologista Turcon

<blockquote class="wp-embedded-content" data-secret="AsO5WrFAU8"><a href="https://turcon.es/wp/ii-ecotaller-de-caminos-servidumbres-y-serventias/">II-Ecotaller de Caminos, servidumbres y serventías</a></blockquote><iframe sandbox="allow-scripts" security="restricted" src="https://turcon.es/wp/ii-ecotaller-de-caminos-servidumbres-y-serventias/embed/#?secret=AsO5WrFAU8" width="600" height="338" title="«II-Ecotaller de Caminos, servidumbres y serventías» — Colectivo Ecologista Turcon" data-secret="AsO5WrFAU8" frameborder="0" marginwidth="0" marginheight="0" scrolling="no" class="wp-embedded-content"></iframe><script>
/*! This file is auto-generated */
!function(d,l){"use strict";l.querySelector&&d.addEventListener&&"undefined"!=typeof URL&&(d.wp=d.wp||{},d.wp.receiveEmbedMessage||(d.wp.receiveEmbedMessage=function(e){var t=e.data;if((t||t.secret||t.message||t.value)&&!/[^a-zA-Z0-9]/.test(t.secret)){for(var s,r,n,a=l.querySelectorAll('iframe[data-secret="'+t.secret+'"]'),o=l.querySelectorAll('blockquote[data-secret="'+t.secret+'"]'),c=new RegExp("^https?:$","i"),i=0;i<o.length;i++)o[i].style.display="none";for(i=0;i<a.length;i++)s=a[i],e.source===s.contentWindow&&(s.removeAttribute("style"),"height"===t.message?(1e3<(r=parseInt(t.value,10))?r=1e3:~~r<200&&(r=200),s.height=r):"link"===t.message&&(r=new URL(s.getAttribute("src")),n=new URL(t.value),c.test(n.protocol))&&n.host===r.host&&l.activeElement===s&&(d.top.location.href=t.value))}},d.addEventListener("message",d.wp.receiveEmbedMessage,!1),l.addEventListener("DOMContentLoaded",function(){for(var e,t,s=l.querySelectorAll("iframe.wp-embedded-content"),r=0;r<s.length;r++)(t=(e=s[r]).getAttribute("data-secret"))||(t=Math.random().toString(36).substring(2,12),e.src+="#?secret="+t,e.setAttribute("data-secret",t)),e.contentWindow.postMessage({message:"ready",secret:t},"*")},!1)))}(window,document);
//# sourceURL=https://turcon.es/wp/wp-includes/js/wp-embed.min.js
</script>

Este viernes, 01 de marzo, de 19 a 21 horas, el Colectivo Turcón-Ecologistas en Acción realizará la segunda sesión, en su sede social de San Gregorio, Telde.  Una problemática en auge. Debido al interés despertado por la temática tratada, Turcón quiere seguir profundizando y explicando, poniendo ejemplos y, entre todos, conocer algunos casos prácticos llevados [&hellip;]
