{"version":"1.0","provider_name":"Colectivo Ecologista Turcon","provider_url":"https:\/\/turcon.es\/wp","author_name":"Laura Fernandez","author_url":"https:\/\/turcon.es\/wp\/author\/admturcon\/","title":"Kedada formativa. AMURGA, refugio de la vida silvestre - Colectivo Ecologista Turcon","type":"rich","width":600,"height":338,"html":"<blockquote class=\"wp-embedded-content\" data-secret=\"v3i9huvx2t\"><a href=\"https:\/\/turcon.es\/wp\/kedada-formativa-amurga-refugio-de-la-vida-silvestre\/\">Kedada formativa. AMURGA, refugio de la vida silvestre<\/a><\/blockquote><iframe sandbox=\"allow-scripts\" security=\"restricted\" src=\"https:\/\/turcon.es\/wp\/kedada-formativa-amurga-refugio-de-la-vida-silvestre\/embed\/#?secret=v3i9huvx2t\" width=\"600\" height=\"338\" title=\"\u00abKedada formativa. AMURGA, refugio de la vida silvestre\u00bb \u2014 Colectivo Ecologista Turcon\" data-secret=\"v3i9huvx2t\" frameborder=\"0\" marginwidth=\"0\" marginheight=\"0\" scrolling=\"no\" class=\"wp-embedded-content\"><\/iframe><script>\n\/*! This file is auto-generated *\/\n!function(d,l){\"use strict\";l.querySelector&&d.addEventListener&&\"undefined\"!=typeof URL&&(d.wp=d.wp||{},d.wp.receiveEmbedMessage||(d.wp.receiveEmbedMessage=function(e){var t=e.data;if((t||t.secret||t.message||t.value)&&!\/[^a-zA-Z0-9]\/.test(t.secret)){for(var s,r,n,a=l.querySelectorAll('iframe[data-secret=\"'+t.secret+'\"]'),o=l.querySelectorAll('blockquote[data-secret=\"'+t.secret+'\"]'),c=new RegExp(\"^https?:$\",\"i\"),i=0;i<o.length;i++)o[i].style.display=\"none\";for(i=0;i<a.length;i++)s=a[i],e.source===s.contentWindow&&(s.removeAttribute(\"style\"),\"height\"===t.message?(1e3<(r=parseInt(t.value,10))?r=1e3:~~r<200&&(r=200),s.height=r):\"link\"===t.message&&(r=new URL(s.getAttribute(\"src\")),n=new URL(t.value),c.test(n.protocol))&&n.host===r.host&&l.activeElement===s&&(d.top.location.href=t.value))}},d.addEventListener(\"message\",d.wp.receiveEmbedMessage,!1),l.addEventListener(\"DOMContentLoaded\",function(){for(var e,t,s=l.querySelectorAll(\"iframe.wp-embedded-content\"),r=0;r<s.length;r++)(t=(e=s[r]).getAttribute(\"data-secret\"))||(t=Math.random().toString(36).substring(2,12),e.src+=\"#?secret=\"+t,e.setAttribute(\"data-secret\",t)),e.contentWindow.postMessage({message:\"ready\",secret:t},\"*\")},!1)))}(window,document);\n\/\/# sourceURL=https:\/\/turcon.es\/wp\/wp-includes\/js\/wp-embed.min.js\n<\/script>\n","description":"Jornada de trabajo y formaci\u00f3n sobre las instalaciones fotovoltaica en suelo r\u00fastico de especial protecci\u00f3n natural y paisaj\u00edstica. Amurga, refugio de la vida silvestre. Amurga est\u00e1 propuesta por el Plan Insular de Ordenaci\u00f3n de Gran Canaria como Parque Natural. Amurga es un remoto lugar del sur grancanario, con m\u00e1s de 5.810 h\u00e9ctareas, es una org\u00eda [&hellip;]","thumbnail_url":"https:\/\/turcon.es\/wp\/wp-content\/uploads\/2023\/11\/kedada-formativa-amurga-refugio-de-vida-silvestre.jpg","thumbnail_width":1600,"thumbnail_height":899}

Jornada de trabajo y formación sobre las instalaciones fotovoltaica en suelo rústico de especial protección natural y paisajística. Amurga, refugio de la vida silvestre. Amurga está propuesta por el Plan Insular de Ordenación de Gran Canaria como Parque Natural. Amurga es un remoto lugar del sur grancanario, con más de 5.810 héctareas, es una orgía [&hellip;]
