{"version":"1.0","provider_name":"Colectivo Ecologista Turcon","provider_url":"https:\/\/turcon.es\/wp","author_name":"Laura Fernandez","author_url":"https:\/\/turcon.es\/wp\/author\/admturcon\/","title":"La basura nos devora. - Colectivo Ecologista Turcon","type":"rich","width":600,"height":338,"html":"<blockquote class=\"wp-embedded-content\" data-secret=\"wRCbsiUvuC\"><a href=\"https:\/\/turcon.es\/wp\/la-basura-nos-devora\/\">La basura nos devora.<\/a><\/blockquote><iframe sandbox=\"allow-scripts\" security=\"restricted\" src=\"https:\/\/turcon.es\/wp\/la-basura-nos-devora\/embed\/#?secret=wRCbsiUvuC\" width=\"600\" height=\"338\" title=\"\u00abLa basura nos devora.\u00bb \u2014 Colectivo Ecologista Turcon\" data-secret=\"wRCbsiUvuC\" frameborder=\"0\" marginwidth=\"0\" marginheight=\"0\" scrolling=\"no\" class=\"wp-embedded-content\"><\/iframe><script>\n\/*! This file is auto-generated *\/\n!function(d,l){\"use strict\";l.querySelector&&d.addEventListener&&\"undefined\"!=typeof URL&&(d.wp=d.wp||{},d.wp.receiveEmbedMessage||(d.wp.receiveEmbedMessage=function(e){var t=e.data;if((t||t.secret||t.message||t.value)&&!\/[^a-zA-Z0-9]\/.test(t.secret)){for(var s,r,n,a=l.querySelectorAll('iframe[data-secret=\"'+t.secret+'\"]'),o=l.querySelectorAll('blockquote[data-secret=\"'+t.secret+'\"]'),c=new RegExp(\"^https?:$\",\"i\"),i=0;i<o.length;i++)o[i].style.display=\"none\";for(i=0;i<a.length;i++)s=a[i],e.source===s.contentWindow&&(s.removeAttribute(\"style\"),\"height\"===t.message?(1e3<(r=parseInt(t.value,10))?r=1e3:~~r<200&&(r=200),s.height=r):\"link\"===t.message&&(r=new URL(s.getAttribute(\"src\")),n=new URL(t.value),c.test(n.protocol))&&n.host===r.host&&l.activeElement===s&&(d.top.location.href=t.value))}},d.addEventListener(\"message\",d.wp.receiveEmbedMessage,!1),l.addEventListener(\"DOMContentLoaded\",function(){for(var e,t,s=l.querySelectorAll(\"iframe.wp-embedded-content\"),r=0;r<s.length;r++)(t=(e=s[r]).getAttribute(\"data-secret\"))||(t=Math.random().toString(36).substring(2,12),e.src+=\"#?secret=\"+t,e.setAttribute(\"data-secret\",t)),e.contentWindow.postMessage({message:\"ready\",secret:t},\"*\")},!1)))}(window,document);\n\/\/# sourceURL=https:\/\/turcon.es\/wp\/wp-includes\/js\/wp-embed.min.js\n<\/script>\n","description":"La pol\u00edtica de usar y tirar es insostenible en nuestro archipi\u00e9lago. EL COLECTIVO TURC\u00d3N-ECOLOGISTAS EN ACCI\u00d3N PARTICIPA EN EL PLAN INTEGRAL DE RESIDUOS DE CANARIAS (PIRCAN), en su fase inicial de aportaciones. El pasado mes le hizo llegar tanto, al Gobierno de Canarias como a la empresa que realiza el Plan, un an\u00e1lisis del problema [&hellip;]","thumbnail_url":"https:\/\/turcon.es\/wp\/wp-content\/uploads\/2008\/11\/activ29-1.gif","thumbnail_width":161,"thumbnail_height":145}

La política de usar y tirar es insostenible en nuestro archipiélago. EL COLECTIVO TURCÓN-ECOLOGISTAS EN ACCIÓN PARTICIPA EN EL PLAN INTEGRAL DE RESIDUOS DE CANARIAS (PIRCAN), en su fase inicial de aportaciones. El pasado mes le hizo llegar tanto, al Gobierno de Canarias como a la empresa que realiza el Plan, un análisis del problema [&hellip;]
