{"version":"1.0","provider_name":"Colectivo Ecologista Turcon","provider_url":"https:\/\/turcon.es\/wp","author_name":"Laura Fernandez","author_url":"https:\/\/turcon.es\/wp\/author\/admturcon\/","title":"LA BIODIVERSIDAD EN ESPA\u00d1A M\u00c1S AMENAZADA QUE NUNCA - Colectivo Ecologista Turcon","type":"rich","width":600,"height":338,"html":"<blockquote class=\"wp-embedded-content\" data-secret=\"wYf2tIGCvL\"><a href=\"https:\/\/turcon.es\/wp\/la-biodiversidad-en-espana-mas-amenazada-que-nunca\/\">LA BIODIVERSIDAD EN ESPA\u00d1A M\u00c1S AMENAZADA QUE NUNCA<\/a><\/blockquote><iframe sandbox=\"allow-scripts\" security=\"restricted\" src=\"https:\/\/turcon.es\/wp\/la-biodiversidad-en-espana-mas-amenazada-que-nunca\/embed\/#?secret=wYf2tIGCvL\" width=\"600\" height=\"338\" title=\"\u00abLA BIODIVERSIDAD EN ESPA\u00d1A M\u00c1S AMENAZADA QUE NUNCA\u00bb \u2014 Colectivo Ecologista Turcon\" data-secret=\"wYf2tIGCvL\" frameborder=\"0\" marginwidth=\"0\" marginheight=\"0\" scrolling=\"no\" class=\"wp-embedded-content\"><\/iframe><script>\n\/*! This file is auto-generated *\/\n!function(d,l){\"use strict\";l.querySelector&&d.addEventListener&&\"undefined\"!=typeof URL&&(d.wp=d.wp||{},d.wp.receiveEmbedMessage||(d.wp.receiveEmbedMessage=function(e){var t=e.data;if((t||t.secret||t.message||t.value)&&!\/[^a-zA-Z0-9]\/.test(t.secret)){for(var s,r,n,a=l.querySelectorAll('iframe[data-secret=\"'+t.secret+'\"]'),o=l.querySelectorAll('blockquote[data-secret=\"'+t.secret+'\"]'),c=new RegExp(\"^https?:$\",\"i\"),i=0;i<o.length;i++)o[i].style.display=\"none\";for(i=0;i<a.length;i++)s=a[i],e.source===s.contentWindow&&(s.removeAttribute(\"style\"),\"height\"===t.message?(1e3<(r=parseInt(t.value,10))?r=1e3:~~r<200&&(r=200),s.height=r):\"link\"===t.message&&(r=new URL(s.getAttribute(\"src\")),n=new URL(t.value),c.test(n.protocol))&&n.host===r.host&&l.activeElement===s&&(d.top.location.href=t.value))}},d.addEventListener(\"message\",d.wp.receiveEmbedMessage,!1),l.addEventListener(\"DOMContentLoaded\",function(){for(var e,t,s=l.querySelectorAll(\"iframe.wp-embedded-content\"),r=0;r<s.length;r++)(t=(e=s[r]).getAttribute(\"data-secret\"))||(t=Math.random().toString(36).substring(2,12),e.src+=\"#?secret=\"+t,e.setAttribute(\"data-secret\",t)),e.contentWindow.postMessage({message:\"ready\",secret:t},\"*\")},!1)))}(window,document);\n\/\/# sourceURL=https:\/\/turcon.es\/wp\/wp-includes\/js\/wp-embed.min.js\n<\/script>\n","description":"21 de mayo de 2010 D\u00eda Internacional de la Biodiversidad. art\u00edculo de opini\u00f3n. Con motivo del D\u00eda Internacional de la Biodiversidad, que se celebra el 22 de mayo, Ecologistas en Acci\u00f3n advierte que pese a que cada vez las administraciones ambientales dedican m\u00e1s esfuerzos a las pol\u00edticas de especies silvestres y espacios naturales, la naturaleza [&hellip;]","thumbnail_url":"https:\/\/turcon.es\/wp\/wp-content\/uploads\/2010\/05\/829771-1p-1.jpg","thumbnail_width":200,"thumbnail_height":305}

LA BIODIVERSIDAD EN ESPAÑA MÁS AMENAZADA QUE NUNCA - Colectivo Ecologista Turcon

<blockquote class="wp-embedded-content" data-secret="wYf2tIGCvL"><a href="https://turcon.es/wp/la-biodiversidad-en-espana-mas-amenazada-que-nunca/">LA BIODIVERSIDAD EN ESPAÑA MÁS AMENAZADA QUE NUNCA</a></blockquote><iframe sandbox="allow-scripts" security="restricted" src="https://turcon.es/wp/la-biodiversidad-en-espana-mas-amenazada-que-nunca/embed/#?secret=wYf2tIGCvL" width="600" height="338" title="«LA BIODIVERSIDAD EN ESPAÑA MÁS AMENAZADA QUE NUNCA» — Colectivo Ecologista Turcon" data-secret="wYf2tIGCvL" frameborder="0" marginwidth="0" marginheight="0" scrolling="no" class="wp-embedded-content"></iframe><script>
/*! This file is auto-generated */
!function(d,l){"use strict";l.querySelector&&d.addEventListener&&"undefined"!=typeof URL&&(d.wp=d.wp||{},d.wp.receiveEmbedMessage||(d.wp.receiveEmbedMessage=function(e){var t=e.data;if((t||t.secret||t.message||t.value)&&!/[^a-zA-Z0-9]/.test(t.secret)){for(var s,r,n,a=l.querySelectorAll('iframe[data-secret="'+t.secret+'"]'),o=l.querySelectorAll('blockquote[data-secret="'+t.secret+'"]'),c=new RegExp("^https?:$","i"),i=0;i<o.length;i++)o[i].style.display="none";for(i=0;i<a.length;i++)s=a[i],e.source===s.contentWindow&&(s.removeAttribute("style"),"height"===t.message?(1e3<(r=parseInt(t.value,10))?r=1e3:~~r<200&&(r=200),s.height=r):"link"===t.message&&(r=new URL(s.getAttribute("src")),n=new URL(t.value),c.test(n.protocol))&&n.host===r.host&&l.activeElement===s&&(d.top.location.href=t.value))}},d.addEventListener("message",d.wp.receiveEmbedMessage,!1),l.addEventListener("DOMContentLoaded",function(){for(var e,t,s=l.querySelectorAll("iframe.wp-embedded-content"),r=0;r<s.length;r++)(t=(e=s[r]).getAttribute("data-secret"))||(t=Math.random().toString(36).substring(2,12),e.src+="#?secret="+t,e.setAttribute("data-secret",t)),e.contentWindow.postMessage({message:"ready",secret:t},"*")},!1)))}(window,document);
//# sourceURL=https://turcon.es/wp/wp-includes/js/wp-embed.min.js
</script>

21 de mayo de 2010 Día Internacional de la Biodiversidad. artículo de opinión. Con motivo del Día Internacional de la Biodiversidad, que se celebra el 22 de mayo, Ecologistas en Acción advierte que pese a que cada vez las administraciones ambientales dedican más esfuerzos a las políticas de especies silvestres y espacios naturales, la naturaleza [&hellip;]
