{"version":"1.0","provider_name":"Colectivo Ecologista Turcon","provider_url":"https:\/\/turcon.es\/wp","author_name":"Laura Fernandez","author_url":"https:\/\/turcon.es\/wp\/author\/admturcon\/","title":"La conciencia ecol\u00f3gica de Canarias - Colectivo Ecologista Turcon","type":"rich","width":600,"height":338,"html":"<blockquote class=\"wp-embedded-content\" data-secret=\"iVO0MO2eeV\"><a href=\"https:\/\/turcon.es\/wp\/la-conciencia-ecologica-de-canarias\/\">La conciencia ecol\u00f3gica de Canarias<\/a><\/blockquote><iframe sandbox=\"allow-scripts\" security=\"restricted\" src=\"https:\/\/turcon.es\/wp\/la-conciencia-ecologica-de-canarias\/embed\/#?secret=iVO0MO2eeV\" width=\"600\" height=\"338\" title=\"\u00abLa conciencia ecol\u00f3gica de Canarias\u00bb \u2014 Colectivo Ecologista Turcon\" data-secret=\"iVO0MO2eeV\" frameborder=\"0\" marginwidth=\"0\" marginheight=\"0\" scrolling=\"no\" class=\"wp-embedded-content\"><\/iframe><script>\n\/*! This file is auto-generated *\/\n!function(d,l){\"use strict\";l.querySelector&&d.addEventListener&&\"undefined\"!=typeof URL&&(d.wp=d.wp||{},d.wp.receiveEmbedMessage||(d.wp.receiveEmbedMessage=function(e){var t=e.data;if((t||t.secret||t.message||t.value)&&!\/[^a-zA-Z0-9]\/.test(t.secret)){for(var s,r,n,a=l.querySelectorAll('iframe[data-secret=\"'+t.secret+'\"]'),o=l.querySelectorAll('blockquote[data-secret=\"'+t.secret+'\"]'),c=new RegExp(\"^https?:$\",\"i\"),i=0;i<o.length;i++)o[i].style.display=\"none\";for(i=0;i<a.length;i++)s=a[i],e.source===s.contentWindow&&(s.removeAttribute(\"style\"),\"height\"===t.message?(1e3<(r=parseInt(t.value,10))?r=1e3:~~r<200&&(r=200),s.height=r):\"link\"===t.message&&(r=new URL(s.getAttribute(\"src\")),n=new URL(t.value),c.test(n.protocol))&&n.host===r.host&&l.activeElement===s&&(d.top.location.href=t.value))}},d.addEventListener(\"message\",d.wp.receiveEmbedMessage,!1),l.addEventListener(\"DOMContentLoaded\",function(){for(var e,t,s=l.querySelectorAll(\"iframe.wp-embedded-content\"),r=0;r<s.length;r++)(t=(e=s[r]).getAttribute(\"data-secret\"))||(t=Math.random().toString(36).substring(2,12),e.src+=\"#?secret=\"+t,e.setAttribute(\"data-secret\",t)),e.contentWindow.postMessage({message:\"ready\",secret:t},\"*\")},!1)))}(window,document);\n\/\/# sourceURL=https:\/\/turcon.es\/wp\/wp-includes\/js\/wp-embed.min.js\n<\/script>\n","description":"La isla de Lanzarote conmemora hoy la muerte de su artista m\u00e1s universal, C\u00e9sar Manrique, que fallec\u00eda en un tr\u00e1gico accidente de tr\u00e1fico el 25 de septiembre de 1992. Una ofrenda floral en el cementerio de Har\u00eda volver\u00e1 a recordar al hombre que luch\u00f3 con todas sus fuerzas para evitar la destrucci\u00f3n no s\u00f3lo de [&hellip;]","thumbnail_url":"https:\/\/turcon.es\/wp\/wp-content\/uploads\/2009\/05\/el-guincho-ecologistas-en-accion.jpg","thumbnail_width":169,"thumbnail_height":150}

La conciencia ecológica de Canarias - Colectivo Ecologista Turcon

<blockquote class="wp-embedded-content" data-secret="iVO0MO2eeV"><a href="https://turcon.es/wp/la-conciencia-ecologica-de-canarias/">La conciencia ecológica de Canarias</a></blockquote><iframe sandbox="allow-scripts" security="restricted" src="https://turcon.es/wp/la-conciencia-ecologica-de-canarias/embed/#?secret=iVO0MO2eeV" width="600" height="338" title="«La conciencia ecológica de Canarias» — Colectivo Ecologista Turcon" data-secret="iVO0MO2eeV" frameborder="0" marginwidth="0" marginheight="0" scrolling="no" class="wp-embedded-content"></iframe><script>
/*! This file is auto-generated */
!function(d,l){"use strict";l.querySelector&&d.addEventListener&&"undefined"!=typeof URL&&(d.wp=d.wp||{},d.wp.receiveEmbedMessage||(d.wp.receiveEmbedMessage=function(e){var t=e.data;if((t||t.secret||t.message||t.value)&&!/[^a-zA-Z0-9]/.test(t.secret)){for(var s,r,n,a=l.querySelectorAll('iframe[data-secret="'+t.secret+'"]'),o=l.querySelectorAll('blockquote[data-secret="'+t.secret+'"]'),c=new RegExp("^https?:$","i"),i=0;i<o.length;i++)o[i].style.display="none";for(i=0;i<a.length;i++)s=a[i],e.source===s.contentWindow&&(s.removeAttribute("style"),"height"===t.message?(1e3<(r=parseInt(t.value,10))?r=1e3:~~r<200&&(r=200),s.height=r):"link"===t.message&&(r=new URL(s.getAttribute("src")),n=new URL(t.value),c.test(n.protocol))&&n.host===r.host&&l.activeElement===s&&(d.top.location.href=t.value))}},d.addEventListener("message",d.wp.receiveEmbedMessage,!1),l.addEventListener("DOMContentLoaded",function(){for(var e,t,s=l.querySelectorAll("iframe.wp-embedded-content"),r=0;r<s.length;r++)(t=(e=s[r]).getAttribute("data-secret"))||(t=Math.random().toString(36).substring(2,12),e.src+="#?secret="+t,e.setAttribute("data-secret",t)),e.contentWindow.postMessage({message:"ready",secret:t},"*")},!1)))}(window,document);
//# sourceURL=https://turcon.es/wp/wp-includes/js/wp-embed.min.js
</script>

La isla de Lanzarote conmemora hoy la muerte de su artista más universal, César Manrique, que fallecía en un trágico accidente de tráfico el 25 de septiembre de 1992. Una ofrenda floral en el cementerio de Haría volverá a recordar al hombre que luchó con todas sus fuerzas para evitar la destrucción no sólo de [&hellip;]
