{"version":"1.0","provider_name":"Colectivo Ecologista Turcon","provider_url":"https:\/\/turcon.es\/wp","author_name":"Laura Fernandez","author_url":"https:\/\/turcon.es\/wp\/author\/admturcon\/","title":"La crisis de los mam\u00edferos - Colectivo Ecologista Turcon","type":"rich","width":600,"height":338,"html":"<blockquote class=\"wp-embedded-content\" data-secret=\"hcylH8TkIL\"><a href=\"https:\/\/turcon.es\/wp\/la-crisis-de-los-mamiferos\/\">La crisis de los mam\u00edferos<\/a><\/blockquote><iframe sandbox=\"allow-scripts\" security=\"restricted\" src=\"https:\/\/turcon.es\/wp\/la-crisis-de-los-mamiferos\/embed\/#?secret=hcylH8TkIL\" width=\"600\" height=\"338\" title=\"\u00abLa crisis de los mam\u00edferos\u00bb \u2014 Colectivo Ecologista Turcon\" data-secret=\"hcylH8TkIL\" frameborder=\"0\" marginwidth=\"0\" marginheight=\"0\" scrolling=\"no\" class=\"wp-embedded-content\"><\/iframe><script>\n\/*! This file is auto-generated *\/\n!function(d,l){\"use strict\";l.querySelector&&d.addEventListener&&\"undefined\"!=typeof URL&&(d.wp=d.wp||{},d.wp.receiveEmbedMessage||(d.wp.receiveEmbedMessage=function(e){var t=e.data;if((t||t.secret||t.message||t.value)&&!\/[^a-zA-Z0-9]\/.test(t.secret)){for(var s,r,n,a=l.querySelectorAll('iframe[data-secret=\"'+t.secret+'\"]'),o=l.querySelectorAll('blockquote[data-secret=\"'+t.secret+'\"]'),c=new RegExp(\"^https?:$\",\"i\"),i=0;i<o.length;i++)o[i].style.display=\"none\";for(i=0;i<a.length;i++)s=a[i],e.source===s.contentWindow&&(s.removeAttribute(\"style\"),\"height\"===t.message?(1e3<(r=parseInt(t.value,10))?r=1e3:~~r<200&&(r=200),s.height=r):\"link\"===t.message&&(r=new URL(s.getAttribute(\"src\")),n=new URL(t.value),c.test(n.protocol))&&n.host===r.host&&l.activeElement===s&&(d.top.location.href=t.value))}},d.addEventListener(\"message\",d.wp.receiveEmbedMessage,!1),l.addEventListener(\"DOMContentLoaded\",function(){for(var e,t,s=l.querySelectorAll(\"iframe.wp-embedded-content\"),r=0;r<s.length;r++)(t=(e=s[r]).getAttribute(\"data-secret\"))||(t=Math.random().toString(36).substring(2,12),e.src+=\"#?secret=\"+t,e.setAttribute(\"data-secret\",t)),e.contentWindow.postMessage({message:\"ready\",secret:t},\"*\")},!1)))}(window,document);\n\/\/# sourceURL=https:\/\/turcon.es\/wp\/wp-includes\/js\/wp-embed.min.js\n<\/script>\n","description":"MIGUEL G. CORRAL El Mundo, 7-9-2008 MADRID.- \u00abS\u00f3lo en el peque\u00f1o periodo de tiempo que ocupar\u00e1 la vida de cualquiera de nosotros se podr\u00edan perder para siempre cientos de especies como resultado de nuestras acciones\u00bb, ha asegurado Julia Marton-Lafevre, directora general de la Uni\u00f3n Mundial para la Conservaci\u00f3n de la Naturaleza (IUCN, por sus siglas [&hellip;]","thumbnail_url":"https:\/\/turcon.es\/wp\/wp-content\/uploads\/2009\/06\/mandala150.jpg","thumbnail_width":150,"thumbnail_height":61}

La crisis de los mamíferos - Colectivo Ecologista Turcon

<blockquote class="wp-embedded-content" data-secret="hcylH8TkIL"><a href="https://turcon.es/wp/la-crisis-de-los-mamiferos/">La crisis de los mamíferos</a></blockquote><iframe sandbox="allow-scripts" security="restricted" src="https://turcon.es/wp/la-crisis-de-los-mamiferos/embed/#?secret=hcylH8TkIL" width="600" height="338" title="«La crisis de los mamíferos» — Colectivo Ecologista Turcon" data-secret="hcylH8TkIL" frameborder="0" marginwidth="0" marginheight="0" scrolling="no" class="wp-embedded-content"></iframe><script>
/*! This file is auto-generated */
!function(d,l){"use strict";l.querySelector&&d.addEventListener&&"undefined"!=typeof URL&&(d.wp=d.wp||{},d.wp.receiveEmbedMessage||(d.wp.receiveEmbedMessage=function(e){var t=e.data;if((t||t.secret||t.message||t.value)&&!/[^a-zA-Z0-9]/.test(t.secret)){for(var s,r,n,a=l.querySelectorAll('iframe[data-secret="'+t.secret+'"]'),o=l.querySelectorAll('blockquote[data-secret="'+t.secret+'"]'),c=new RegExp("^https?:$","i"),i=0;i<o.length;i++)o[i].style.display="none";for(i=0;i<a.length;i++)s=a[i],e.source===s.contentWindow&&(s.removeAttribute("style"),"height"===t.message?(1e3<(r=parseInt(t.value,10))?r=1e3:~~r<200&&(r=200),s.height=r):"link"===t.message&&(r=new URL(s.getAttribute("src")),n=new URL(t.value),c.test(n.protocol))&&n.host===r.host&&l.activeElement===s&&(d.top.location.href=t.value))}},d.addEventListener("message",d.wp.receiveEmbedMessage,!1),l.addEventListener("DOMContentLoaded",function(){for(var e,t,s=l.querySelectorAll("iframe.wp-embedded-content"),r=0;r<s.length;r++)(t=(e=s[r]).getAttribute("data-secret"))||(t=Math.random().toString(36).substring(2,12),e.src+="#?secret="+t,e.setAttribute("data-secret",t)),e.contentWindow.postMessage({message:"ready",secret:t},"*")},!1)))}(window,document);
//# sourceURL=https://turcon.es/wp/wp-includes/js/wp-embed.min.js
</script>

MIGUEL G. CORRAL El Mundo, 7-9-2008 MADRID.- «Sólo en el pequeño periodo de tiempo que ocupará la vida de cualquiera de nosotros se podrían perder para siempre cientos de especies como resultado de nuestras acciones», ha asegurado Julia Marton-Lafevre, directora general de la Unión Mundial para la Conservación de la Naturaleza (IUCN, por sus siglas [&hellip;]
