{"version":"1.0","provider_name":"Colectivo Ecologista Turcon","provider_url":"https:\/\/turcon.es\/wp","author_name":"Laura Fernandez","author_url":"https:\/\/turcon.es\/wp\/author\/admturcon\/","title":"La defensora de La Mina - Colectivo Ecologista Turcon","type":"rich","width":600,"height":338,"html":"<blockquote class=\"wp-embedded-content\" data-secret=\"rXMVcShNcD\"><a href=\"https:\/\/turcon.es\/wp\/la-defensora-de-la-mina\/\">La defensora de La Mina<\/a><\/blockquote><iframe sandbox=\"allow-scripts\" security=\"restricted\" src=\"https:\/\/turcon.es\/wp\/la-defensora-de-la-mina\/embed\/#?secret=rXMVcShNcD\" width=\"600\" height=\"338\" title=\"\u00abLa defensora de La Mina\u00bb \u2014 Colectivo Ecologista Turcon\" data-secret=\"rXMVcShNcD\" frameborder=\"0\" marginwidth=\"0\" marginheight=\"0\" scrolling=\"no\" class=\"wp-embedded-content\"><\/iframe><script>\n\/*! This file is auto-generated *\/\n!function(d,l){\"use strict\";l.querySelector&&d.addEventListener&&\"undefined\"!=typeof URL&&(d.wp=d.wp||{},d.wp.receiveEmbedMessage||(d.wp.receiveEmbedMessage=function(e){var t=e.data;if((t||t.secret||t.message||t.value)&&!\/[^a-zA-Z0-9]\/.test(t.secret)){for(var s,r,n,a=l.querySelectorAll('iframe[data-secret=\"'+t.secret+'\"]'),o=l.querySelectorAll('blockquote[data-secret=\"'+t.secret+'\"]'),c=new RegExp(\"^https?:$\",\"i\"),i=0;i<o.length;i++)o[i].style.display=\"none\";for(i=0;i<a.length;i++)s=a[i],e.source===s.contentWindow&&(s.removeAttribute(\"style\"),\"height\"===t.message?(1e3<(r=parseInt(t.value,10))?r=1e3:~~r<200&&(r=200),s.height=r):\"link\"===t.message&&(r=new URL(s.getAttribute(\"src\")),n=new URL(t.value),c.test(n.protocol))&&n.host===r.host&&l.activeElement===s&&(d.top.location.href=t.value))}},d.addEventListener(\"message\",d.wp.receiveEmbedMessage,!1),l.addEventListener(\"DOMContentLoaded\",function(){for(var e,t,s=l.querySelectorAll(\"iframe.wp-embedded-content\"),r=0;r<s.length;r++)(t=(e=s[r]).getAttribute(\"data-secret\"))||(t=Math.random().toString(36).substring(2,12),e.src+=\"#?secret=\"+t,e.setAttribute(\"data-secret\",t)),e.contentWindow.postMessage({message:\"ready\",secret:t},\"*\")},!1)))}(window,document);\n\/\/# sourceURL=https:\/\/turcon.es\/wp\/wp-includes\/js\/wp-embed.min.js\n<\/script>\n","description":"Art\u00edculo de opini\u00f3n de Pedro Socorro Santana. Pino D\u00e9niz Henr\u00edquez, maestra de Utiaca, luch\u00f3 en 1932 contra el entubamiento del barranco y se reconocieron los derechos hist\u00f3ricos de la saca de agua para el abastecimiento p\u00fablico. Este s\u00e1bado se celebraba en el pago veguero de Utiaca (San Mateo) una manifestaci\u00f3n para protestar por el entubamiento [&hellip;]","thumbnail_url":"https:\/\/turcon.es\/wp\/wp-content\/uploads\/2009\/05\/ecologistas-en-accion.jpg","thumbnail_width":200,"thumbnail_height":50}

Artículo de opinión de Pedro Socorro Santana. Pino Déniz Henríquez, maestra de Utiaca, luchó en 1932 contra el entubamiento del barranco y se reconocieron los derechos históricos de la saca de agua para el abastecimiento público. Este sábado se celebraba en el pago veguero de Utiaca (San Mateo) una manifestación para protestar por el entubamiento [&hellip;]
